(9928,13,NULL,'Mikrotik Router Up','✅ Hi Kazungu, your mikrotik router - La Zungu is back online.',0,'2025-09-07 11:56:20','2025-09-07 11:56:20'),(9929,13,NULL,'Mikrotik Router Up','✅ Hi Kazungu, your mikrotik router - La Zungu is back online.',0,'2025-09-07 11:57:20','2025-09-07 11:57:20'),(9930,13,NULL,'Mikrotik Router Up','✅ Hi Kazungu, your mikrotik router - La Zungu is back online.',0,'2025-09-07 11:58:20','2025-09-07 11:58:20'),(9931,13,NULL,'Mikrotik Router Up','✅ Hi Kazungu, your mikrotik router - La Zungu is back online.',0,'2025-09-07 11:59:20','2025-09-07 11:59:20'),(9932,13,NULL,'Mikrotik Router Up','✅ Hi Kazungu, your mikrotik router - La Zungu is back online.',0,'2025-09-07 12:00:20','2025-09-07 12:00:20'),(9933,13,NULL,'Mikrotik Router Up','✅ Hi Kazungu, your mikrotik router - La Zungu is back online.',0,'2025-09-07 12:01:20','2025-09-07 12:01:20'),(9934,13,NULL,'Mikrotik Router Up','✅ Hi Kazungu, your mikrotik router - La Zungu is back online.',0,'2025-09-07 12:02:20','2025-09-07 12:02:20'),(9935,13,NULL,'Mikrotik Router Up','✅ Hi Kazungu, your mikrotik router - La Zungu is back online.',0,'2025-09-07 12:03:20','2025-09-07 12:03:20'),(9936,13,NULL,'Mikrotik Router Up','✅ Hi Kazungu, your mikrotik router - La Zungu is back online.',0,'2025-09-07 12:04:20','2025-09-07 12:04:20'),(9937,13,NULL,'Mikrotik Router Up','✅ Hi Kazungu, your mikrotik router - La Zungu is back online.',0,'2025-09-07 12:05:20','2025-09-07 12:05:20'),(9938,13,NULL,'Mikrotik Router Up','✅ Hi Kazungu, your mikrotik router - La Zungu is back online.',0,'2025-09-07 12:06:20','2025-09-07 12:06:20'),(9939,13,NULL,'Mikrotik Router Up','✅ Hi Kazungu, your mikrotik router - La Zungu is back online.',0,'2025-09-07 12:07:20','2025-09-07 12:07:20'),(9940,13,NULL,'Mikrotik Router Up','✅ Hi Kazungu, your mikrotik router - La Zungu is back online.',0,'2025-09-07 12:08:20','2025-09-07 12:08:20'),(9941,13,NULL,'Mikrotik Router Up','✅ Hi Kazungu, your mikrotik router - La Zungu is back online.',0,'2025-09-07 12:09:21','2025-09-07 12:09:21'),(9942,13,NULL,'Mikrotik Router Up','✅ Hi Kazungu, your mikrotik router - La Zungu is back online.',0,'2025-09-07 12:10:20','2025-09-07 12:10:20'),(9943,13,NULL,'Mikrotik Router Up','✅ Hi Kazungu, your mikrotik router - La Zungu is back online.',0,'2025-09-07 12:11:20','2025-09-07 12:11:20'),(9944,13,NULL,'Mikrotik Router Up','✅ Hi Kazungu, your mikrotik router - La Zungu is back online.',0,'2025-09-07 12:12:20','2025-09-07 12:12:20'),(9945,13,NULL,'Mikrotik Router Up','✅ Hi Kazungu, your mikrotik router - La Zungu is back online.',0,'2025-09-07 12:13:20','2025-09-07 12:13:20'),(9946,13,NULL,'Mikrotik Router Up','✅ Hi Kazungu, your mikrotik router - La Zungu is back online.',0,'2025-09-07 12:14:20','2025-09-07 12:14:20'),(9947,13,NULL,'Mikrotik Router Up','✅ Hi Kazungu, your mikrotik router - La Zungu is back online.',0,'2025-09-07 12:15:20','2025-09-07 12:15:20'),(9948,13,NULL,'Mikrotik Router Up','✅ Hi Kazungu, your mikrotik router - La Zungu is back online.',0,'2025-09-07 12:16:20','2025-09-07 12:16:20'),(9949,13,NULL,'Mikrotik Router Up','✅ Hi Kazungu, your mikrotik router - La Zungu is back online.',0,'2025-09-07 12:17:22','2025-09-07 12:17:22'),(9950,13,NULL,'Mikrotik Router Up','✅ Hi Kazungu, your mikrotik router - La Zungu is back online.',0,'2025-09-07 12:18:20','2025-09-07 12:18:20'),(9951,13,NULL,'Mikrotik Router Up','✅ Hi Kazungu, your mikrotik router - La Zungu is back online.',0,'2025-09-07 12:19:19','2025-09-07 12:19:19'),(9952,13,NULL,'Mikrotik Router Up','✅ Hi Kazungu, your mikrotik router - La Zungu is back online.',0,'2025-09-07 12:20:21','2025-09-07 12:20:21'),(9953,13,NULL,'Mikrotik Router Up','✅ Hi Kazungu, your mikrotik router - La Zungu is back online.',0,'2025-09-07 12:21:19','2025-09-07 12:21:19'),(9954,13,NULL,'Mikrotik Router Up','✅ Hi Kazungu, your mikrotik router - La Zungu is back online.',0,'2025-09-07 12:22:19','2025-09-07 12:22:19'),(9955,13,NULL,'Mikrotik Router Up','✅ Hi Kazungu, your mikrotik router - La Zungu is back online.',0,'2025-09-07 12:23:20','2025-09-07 12:23:20'),(9956,13,NULL,'Mikrotik Router Up','✅ Hi Kazungu, your mikrotik router - La Zungu is back online.',0,'2025-09-07 12:24:20','2025-09-07 12:24:20'),(9957,13,NULL,'Mikrotik Router Up','✅ Hi Kazungu, your mikrotik router - La Zungu is back online.',0,'2025-09-07 12:25:20','2025-09-07 12:25:20'),(9958,13,NULL,'Mikrotik Router Up','✅ Hi Kazungu, your mikrotik router - La Zungu is back online.',0,'2025-09-07 12:26:20','2025-09-07 12:26:20'),(9959,13,NULL,'Mikrotik Router Up','✅ Hi Kazungu, your mikrotik router - La Zungu is back online.',0,'2025-09-07 12:27:21','2025-09-07 12:27:21'),(9960,13,NULL,'Mikrotik Router Up','✅ Hi Kazungu, your mikrotik router - La Zungu is back online.',0,'2025-09-07 12:28:20','2025-09-07 12:28:20'),(9961,13,NULL,'Mikrotik Router Up','✅ Hi Kazungu, your mikrotik router - La Zungu is back online.',0,'2025-09-07 12:29:20','2025-09-07 12:29:20'),(9962,13,NULL,'Mikrotik Router Up','✅ Hi Kazungu, your mikrotik router - La Zungu is back online.',0,'2025-09-07 12:30:21','2025-09-07 12:30:21'),(9963,13,NULL,'Mikrotik Router Up','✅ Hi Kazungu, your mikrotik router - La Zungu is back online.',0,'2025-09-07 12:31:20','2025-09-07 12:31:20'),(9964,13,NULL,'Mikrotik Router Up','✅ Hi Kazungu, your mikrotik router - La Zungu is back online.',0,'2025-09-07 12:32:20','2025-09-07 12:32:20'),(9965,13,NULL,'Mikrotik Router Up','✅ Hi Kazungu, your mikrotik router - La Zungu is back online.',0,'2025-09-07 12:33:20','2025-09-07 12:33:20'),(9966,13,NULL,'Mikrotik Router Up','✅ Hi Kazungu, your mikrotik router - La Zungu is back online.',0,'2025-09-07 12:34:20','2025-09-07 12:34:20'),(9967,13,NULL,'Mikrotik Router Up','✅ Hi Kazungu, your mikrotik router - La Zungu is back online.',0,'2025-09-07 12:35:20','2025-09-07 12:35:20'),(9968,13,NULL,'Mikrotik Router Up','✅ Hi Kazungu, your mikrotik router - La Zungu is back online.',0,'2025-09-07 12:36:20','2025-09-07 12:36:20'),(9969,13,NULL,'Mikrotik Router Up','✅ Hi Kazungu, your mikrotik router - La Zungu is back online.',0,'2025-09-07 12:37:20','2025-09-07 12:37:20'),(9970,13,NULL,'Mikrotik Router Up','✅ Hi Kazungu, your mikrotik router - La Zungu is back online.',0,'2025-09-07 12:38:20','2025-09-07 12:38:20'),(9971,13,NULL,'Mikrotik Router Up','✅ Hi Kazungu, your mikrotik router - La Zungu is back online.',0,'2025-09-07 12:39:22','2025-09-07 12:39:22'),(9972,13,NULL,'Mikrotik Router Up','✅ Hi Kazungu, your mikrotik router - La Zungu is back online.',0,'2025-09-07 12:40:22','2025-09-07 12:40:22'),(9973,13,NULL,'Mikrotik Router Up','✅ Hi Kazungu, your mikrotik router - La Zungu is back online.',0,'2025-09-07 12:41:22','2025-09-07 12:41:22'),(9974,13,NULL,'Mikrotik Router Up','✅ Hi Kazungu, your mikrotik router - La Zungu is back online.',0,'2025-09-07 12:42:22','2025-09-07 12:42:22'),(9975,13,NULL,'Mikrotik Router Up','✅ Hi Kazungu, your mikrotik router - La Zungu is back online.',0,'2025-09-07 12:43:22','2025-09-07 12:43:22'),(9976,13,NULL,'Mikrotik Router Up','✅ Hi Kazungu, your mikrotik router - La Zungu is back online.',0,'2025-09-07 12:44:26','2025-09-07 12:44:26'),(9977,13,NULL,'Mikrotik Router Up','✅ Hi Kazungu, your mikrotik router - La Zungu is back online.',0,'2025-09-07 12:45:22','2025-09-07 12:45:22'),(9978,13,NULL,'Mikrotik Router Up','✅ Hi Kazungu, your mikrotik router - La Zungu is back online.',0,'2025-09-07 12:46:22','2025-09-07 12:46:22'),(9979,13,NULL,'Mikrotik Router Up','✅ Hi Kazungu, your mikrotik router - La Zungu is back online.',0,'2025-09-07 12:47:21','2025-09-07 12:47:21'),(9980,13,NULL,'Mikrotik Router Up','✅ Hi Kazungu, your mikrotik router - La Zungu is back online.',0,'2025-09-07 12:48:22','2025-09-07 12:48:22'),(9981,13,NULL,'Mikrotik Router Up','✅ Hi Kazungu, your mikrotik router - La Zungu is back online.',0,'2025-09-07 12:49:22','2025-09-07 12:49:22'),(9982,13,NULL,'Mikrotik Router Up','✅ Hi Kazungu, your mikrotik router - La Zungu is back online.',0,'2025-09-07 12:50:22','2025-09-07 12:50:22'),(9983,13,NULL,'Mikrotik Router Up','✅ Hi Kazungu, your mikrotik router - La Zungu is back online.',0,'2025-09-07 12:51:22','2025-09-07 12:51:22'),(9984,13,NULL,'Mikrotik Router Up','✅ Hi Kazungu, your mikrotik router - La Zungu is back online.',0,'2025-09-07 12:52:22','2025-09-07 12:52:22'),(9985,13,NULL,'Mikrotik Router Up','✅ Hi Kazungu, your mikrotik router - La Zungu is back online.',0,'2025-09-07 12:53:22','2025-09-07 12:53:22'),(9986,13,NULL,'Mikrotik Router Up','✅ Hi Kazungu, your mikrotik router - La Zungu is back online.',0,'2025-09-07 12:54:22','2025-09-07 12:54:22'),(9987,13,NULL,'Mikrotik Router Up','✅ Hi Kazungu, your mikrotik router - La Zungu is back online.',0,'2025-09-07 12:55:23','2025-09-07 12:55:23'),(9988,13,NULL,'Mikrotik Router Up','✅ Hi Kazungu, your mikrotik router - La Zungu is back online.',0,'2025-09-07 12:56:22','2025-09-07 12:56:22'),(9989,13,NULL,'Mikrotik Router Up','✅ Hi Kazungu, your mikrotik router - La Zungu is back online.',0,'2025-09-07 12:57:22','2025-09-07 12:57:22'),(9990,13,NULL,'Mikrotik Router Up','✅ Hi Kazungu, your mikrotik router - La Zungu is back online.',0,'2025-09-07 12:58:26','2025-09-07 12:58:26'),(9991,13,NULL,'Mikrotik Router Up','✅ Hi Kazungu, your mikrotik router - La Zungu is back online.',0,'2025-09-07 12:59:22','2025-09-07 12:59:22'),(9992,13,NULL,'Mikrotik Router Up','✅ Hi Kazungu, your mikrotik router - La Zungu is back online.',0,'2025-09-07 13:00:22','2025-09-07 13:00:22'),(9993,13,NULL,'Mikrotik Router Up','✅ Hi Kazungu, your mikrotik router - La Zungu is back online.',0,'2025-09-07 13:01:22','2025-09-07 13:01:22'),(9994,13,NULL,'Mikrotik Router Up','✅ Hi Kazungu, your mikrotik router - La Zungu is back online.',0,'2025-09-07 13:02:22','2025-09-07 13:02:22'),(9995,13,NULL,'Mikrotik Router Up','✅ Hi Kazungu, your mikrotik router - La Zungu is back online.',0,'2025-09-07 13:03:22','2025-09-07 13:03:22'),(9996,13,NULL,'Mikrotik Router Up','✅ Hi Kazungu, your mikrotik router - La Zungu is back online.',0,'2025-09-07 13:04:26','2025-09-07 13:04:26'),(9997,13,NULL,'Mikrotik Router Up','✅ Hi Kazungu, your mikrotik router - La Zungu is back online.',0,'2025-09-07 13:05:22','2025-09-07 13:05:22'),(9998,13,NULL,'Mikrotik Router Up','✅ Hi Kazungu, your mikrotik router - La Zungu is back online.',0,'2025-09-07 13:06:22','2025-09-07 13:06:22'),(9999,13,NULL,'Mikrotik Router Up','✅ Hi Kazungu, your mikrotik router - La Zungu is back online.',0,'2025-09-07 13:07:26','2025-09-07 13:07:26'),(10000,13,NULL,'Mikrotik Router Up','✅ Hi Kazungu, your mikrotik router - La Zungu is back online.',0,'2025-09-07 13:08:22','2025-09-07 13:08:22'),(10001,13,NULL,'Mikrotik Router Up','✅ Hi Kazungu, your mikrotik router - La Zungu is back online.',0,'2025-09-07 13:09:22','2025-09-07 13:09:22'),(10002,13,NULL,'Mikrotik Router Up','✅ Hi Kazungu, your mikrotik router - La Zungu is back online.',0,'2025-09-07 13:10:23','2025-09-07 13:10:23'),(10003,13,NULL,'Mikrotik Router Up','✅ Hi Kazungu, your mikrotik router - La Zungu is back online.',0,'2025-09-07 13:11:22','2025-09-07 13:11:22'),(10004,13,NULL,'Mikrotik Router Up','✅ Hi Kazungu, your mikrotik router - La Zungu is back online.',0,'2025-09-07 13:12:22','2025-09-07 13:12:22'),(10005,13,NULL,'Mikrotik Router Up','✅ Hi Kazungu, your mikrotik router - La Zungu is back online.',0,'2025-09-07 13:13:22','2025-09-07 13:13:22'),(10006,13,NULL,'Mikrotik Router Up','✅ Hi Kazungu, your mikrotik router - La Zungu is back online.',0,'2025-09-07 13:14:22','2025-09-07 13:14:22'),(10007,13,NULL,'Mikrotik Router Up','✅ Hi Kazungu, your mikrotik router - La Zungu is back online.',0,'2025-09-07 13:15:23','2025-09-07 13:15:23'),(10008,13,NULL,'Mikrotik Router Up','✅ Hi Kazungu, your mikrotik router - La Zungu is back online.',0,'2025-09-07 13:16:22','2025-09-07 13:16:22'),(10009,13,NULL,'Mikrotik Router Up','✅ Hi Kazungu, your mikrotik router - La Zungu is back online.',0,'2025-09-07 13:17:24','2025-09-07 13:17:24'),(10010,13,NULL,'Mikrotik Router Up','✅ Hi Kazungu, your mikrotik router - La Zungu is back online.',0,'2025-09-07 13:18:22','2025-09-07 13:18:22'),(10011,13,NULL,'Mikrotik Router Up','✅ Hi Kazungu, your mikrotik router - La Zungu is back online.',0,'2025-09-07 13:19:27','2025-09-07 13:19:27'),(10012,13,NULL,'Mikrotik Router Up','✅ Hi Kazungu, your mikrotik router - La Zungu is back online.',0,'2025-09-07 13:20:22','2025-09-07 13:20:22'),(10013,13,NULL,'Mikrotik Router Up','✅ Hi Kazungu, your mikrotik router - La Zungu is back online.',0,'2025-09-07 13:21:22','2025-09-07 13:21:22'),(10014,13,NULL,'Mikrotik Router Up','✅ Hi Kazungu, your mikrotik router - La Zungu is back online.',0,'2025-09-07 13:22:22','2025-09-07 13:22:22'),(10015,13,NULL,'Mikrotik Router Up','✅ Hi Kazungu, your mikrotik router - La Zungu is back online.',0,'2025-09-07 13:23:22','2025-09-07 13:23:22'),(10016,13,NULL,'Mikrotik Router Up','✅ Hi Kazungu, your mikrotik router - La Zungu is back online.',0,'2025-09-07 13:24:22','2025-09-07 13:24:22'),(10017,13,NULL,'Mikrotik Router Up','✅ Hi Kazungu, your mikrotik router - La Zungu is back online.',0,'2025-09-07 13:25:23','2025-09-07 13:25:23'),(10018,13,NULL,'Mikrotik Router Up','✅ Hi Kazungu, your mikrotik router - La Zungu is back online.',0,'2025-09-07 13:26:22','2025-09-07 13:26:22'),(10019,13,NULL,'Mikrotik Router Up','✅ Hi Kazungu, your mikrotik router - La Zungu is back online.',0,'2025-09-07 13:27:21','2025-09-07 13:27:21'),(10020,13,NULL,'Mikrotik Router Up','✅ Hi Kazungu, your mikrotik router - La Zungu is back online.',0,'2025-09-07 13:28:22','2025-09-07 13:28:22'),(10021,13,NULL,'Mikrotik Router Up','✅ Hi Kazungu, your mikrotik router - La Zungu is back online.',0,'2025-09-07 13:29:22','2025-09-07 13:29:22'),(10022,13,NULL,'Mikrotik Router Up','✅ Hi Kazungu, your mikrotik router - La Zungu is back online.',0,'2025-09-07 13:30:22','2025-09-07 13:30:22'),(10023,13,NULL,'Mikrotik Router Up','✅ Hi Kazungu, your mikrotik router - La Zungu is back online.',0,'2025-09-07 13:31:22','2025-09-07 13:31:22'),(10024,13,NULL,'Mikrotik Router Up','✅ Hi Kazungu, your mikrotik router - La Zungu is back online.',0,'2025-09-07 13:32:22','2025-09-07 13:32:22'),(10025,13,NULL,'Mikrotik Router Up','✅ Hi Kazungu, your mikrotik router - La Zungu is back online.',0,'2025-09-07 13:33:22','2025-09-07 13:33:22'),(10026,13,NULL,'Mikrotik Router Up','✅ Hi Kazungu, your mikrotik router - La Zungu is back online.',0,'2025-09-07 13:34:22','2025-09-07 13:34:22'),(10027,13,NULL,'Mikrotik Router Up','✅ Hi Kazungu, your mikrotik router - La Zungu is back online.',0,'2025-09-07 13:35:23','2025-09-07 13:35:23'),(10028,13,NULL,'Mikrotik Router Up','✅ Hi Kazungu, your mikrotik router - La Zungu is back online.',0,'2025-09-07 13:36:22','2025-09-07 13:36:22'),(10029,13,NULL,'Mikrotik Router Up','✅ Hi Kazungu, your mikrotik router - La Zungu is back online.',0,'2025-09-07 13:37:22','2025-09-07 13:37:22'),(10030,13,NULL,'Mikrotik Router Up','✅ Hi Kazungu, your mikrotik router - La Zungu is back online.',0,'2025-09-07 13:38:22','2025-09-07 13:38:22'),(10031,13,NULL,'Mikrotik Router Up','✅ Hi Kazungu, your mikrotik router - La Zungu is back online.',0,'2025-09-07 13:39:22','2025-09-07 13:39:22'),(10032,13,NULL,'Mikrotik Router Up','✅ Hi Kazungu, your mikrotik router - La Zungu is back online.',0,'2025-09-07 13:40:26','2025-09-07 13:40:26'),(10033,13,NULL,'Mikrotik Router Up','✅ Hi Kazungu, your mikrotik router - La Zungu is back online.',0,'2025-09-07 13:41:21','2025-09-07 13:41:21'),(10034,13,NULL,'Mikrotik Router Up','✅ Hi Kazungu, your mikrotik router - La Zungu is back online.',0,'2025-09-07 13:42:21','2025-09-07 13:42:21'),(10035,13,NULL,'Mikrotik Router Up','✅ Hi Kazungu, your mikrotik router - La Zungu is back online.',0,'2025-09-07 13:43:21','2025-09-07 13:43:21'),(10036,13,NULL,'Mikrotik Router Up','✅ Hi Kazungu, your mikrotik router - La Zungu is back online.',0,'2025-09-07 13:44:22','2025-09-07 13:44:22'),(10037,13,NULL,'Mikrotik Router Up','✅ Hi Kazungu, your mikrotik router - La Zungu is back online.',0,'2025-09-07 13:45:22','2025-09-07 13:45:22'),(10038,13,NULL,'Mikrotik Router Up','✅ Hi Kazungu, your mikrotik router - La Zungu is back online.',0,'2025-09-07 13:46:22','2025-09-07 13:46:22'),(10039,13,NULL,'Mikrotik Router Up','✅ Hi Kazungu, your mikrotik router - La Zungu is back online.',0,'2025-09-07 13:47:22','2025-09-07 13:47:22'),(10040,13,NULL,'Mikrotik Router Up','✅ Hi Kazungu, your mikrotik router - La Zungu is back online.',0,'2025-09-07 13:48:22','2025-09-07 13:48:22'),(10041,13,NULL,'Mikrotik Router Up','✅ Hi Kazungu, your mikrotik router - La Zungu is back online.',0,'2025-09-07 13:49:22','2025-09-07 13:49:22'),(10042,13,NULL,'Mikrotik Router Up','✅ Hi Kazungu, your mikrotik router - La Zungu is back online.',0,'2025-09-07 13:50:22','2025-09-07 13:50:22'),(10043,13,NULL,'Mikrotik Router Up','✅ Hi Kazungu, your mikrotik router - La Zungu is back online.',0,'2025-09-07 13:51:21','2025-09-07 13:51:21'),(10044,13,NULL,'Mikrotik Router Up','✅ Hi Kazungu, your mikrotik router - La Zungu is back online.',0,'2025-09-07 13:52:21','2025-09-07 13:52:21'),(10045,13,NULL,'Mikrotik Router Up','✅ Hi Kazungu, your mikrotik router - La Zungu is back online.',0,'2025-09-07 13:53:22','2025-09-07 13:53:22'),(10046,13,NULL,'Mikrotik Router Up','✅ Hi Kazungu, your mikrotik router - La Zungu is back online.',0,'2025-09-07 13:54:22','2025-09-07 13:54:22'),(10047,13,NULL,'Mikrotik Router Up','✅ Hi Kazungu, your mikrotik router - La Zungu is back online.',0,'2025-09-07 13:55:22','2025-09-07 13:55:22'),(10048,13,NULL,'Mikrotik Router Up','✅ Hi Kazungu, your mikrotik router - La Zungu is back online.',0,'2025-09-07 13:56:22','2025-09-07 13:56:22'),(10049,13,NULL,'Mikrotik Router Up','✅ Hi Kazungu, your mikrotik router - La Zungu is back online.',0,'2025-09-07 13:57:22','2025-09-07 13:57:22'),(10050,13,NULL,'Mikrotik Router Up','✅ Hi Kazungu, your mikrotik router - La Zungu is back online.',0,'2025-09-07 13:58:22','2025-09-07 13:58:22'),(10051,13,NULL,'Mikrotik Router Up','✅ Hi Kazungu, your mikrotik router - La Zungu is back online.',0,'2025-09-07 13:59:22','2025-09-07 13:59:22'),(10052,13,NULL,'Mikrotik Router Up','✅ Hi Kazungu, your mikrotik router - La Zungu is back online.',0,'2025-09-07 14:00:23','2025-09-07 14:00:23'),(10053,13,NULL,'Mikrotik Router Up','✅ Hi Kazungu, your mikrotik router - La Zungu is back online.',0,'2025-09-07 14:01:22','2025-09-07 14:01:22'),(10054,13,NULL,'Mikrotik Router Up','✅ Hi Kazungu, your mikrotik router - La Zungu is back online.',0,'2025-09-07 14:02:22','2025-09-07 14:02:22'),(10055,13,NULL,'Mikrotik Router Up','✅ Hi Kazungu, your mikrotik router - La Zungu is back online.',0,'2025-09-07 14:03:22','2025-09-07 14:03:22'),(10056,13,NULL,'Mikrotik Router Up','✅ Hi Kazungu, your mikrotik router - La Zungu is back online.',0,'2025-09-07 14:04:22','2025-09-07 14:04:22'),(10057,13,NULL,'Mikrotik Router Up','✅ Hi Kazungu, your mikrotik router - La Zungu is back online.',0,'2025-09-07 14:05:22','2025-09-07 14:05:22'),(10058,13,NULL,'Mikrotik Router Up','✅ Hi Kazungu, your mikrotik router - La Zungu is back online.',0,'2025-09-07 14:06:22','2025-09-07 14:06:22'),(10059,13,NULL,'Mikrotik Router Up','✅ Hi Kazungu, your mikrotik router - La Zungu is back online.',0,'2025-09-07 14:07:22','2025-09-07 14:07:22'),(10060,13,NULL,'Mikrotik Router Up','✅ Hi Kazungu, your mikrotik router - La Zungu is back online.',0,'2025-09-07 14:08:23','2025-09-07 14:08:23'),(10061,13,NULL,'Mikrotik Router Up','✅ Hi Kazungu, your mikrotik router - La Zungu is back online.',0,'2025-09-07 14:09:22','2025-09-07 14:09:22'),(10062,13,NULL,'Mikrotik Router Up','✅ Hi Kazungu, your mikrotik router - La Zungu is back online.',0,'2025-09-07 14:10:23','2025-09-07 14:10:23'),(10063,13,NULL,'Mikrotik Router Up','✅ Hi Kazungu, your mikrotik router - La Zungu is back online.',0,'2025-09-07 14:11:22','2025-09-07 14:11:22'),(10064,13,NULL,'Mikrotik Router Up','✅ Hi Kazungu, your mikrotik router - La Zungu is back online.',0,'2025-09-07 14:12:22','2025-09-07 14:12:22'),(10065,13,NULL,'Mikrotik Router Up','✅ Hi Kazungu, your mikrotik router - La Zungu is back online.',0,'2025-09-07 14:13:22','2025-09-07 14:13:22'),(10066,13,NULL,'Mikrotik Router Up','✅ Hi Kazungu, your mikrotik router - La Zungu is back online.',0,'2025-09-07 14:14:22','2025-09-07 14:14:22'),(10067,13,NULL,'Mikrotik Router Up','✅ Hi Kazungu, your mikrotik router - La Zungu is back online.',0,'2025-09-07 14:15:22','2025-09-07 14:15:22'),(10068,13,NULL,'Mikrotik Router Up','✅ Hi Kazungu, your mikrotik router - La Zungu is back online.',0,'2025-09-07 14:16:22','2025-09-07 14:16:22'),(10069,13,NULL,'Mikrotik Router Up','✅ Hi Kazungu, your mikrotik router - La Zungu is back online.',0,'2025-09-07 14:17:24','2025-09-07 14:17:24'),(10070,13,NULL,'Mikrotik Router Up','✅ Hi Kazungu, your mikrotik router - La Zungu is back online.',0,'2025-09-07 14:18:22','2025-09-07 14:18:22'),(10071,13,NULL,'Mikrotik Router Up','✅ Hi Kazungu, your mikrotik router - La Zungu is back online.',0,'2025-09-07 14:19:22','2025-09-07 14:19:22'),(10072,13,NULL,'Mikrotik Router Up','✅ Hi Kazungu, your mikrotik router - La Zungu is back online.',0,'2025-09-07 14:20:22','2025-09-07 14:20:22'),(10073,13,NULL,'Mikrotik Router Up','✅ Hi Kazungu, your mikrotik router - La Zungu is back online.',0,'2025-09-07 14:21:22','2025-09-07 14:21:22'),(10074,13,NULL,'Mikrotik Router Up','✅ Hi Kazungu, your mikrotik router - La Zungu is back online.',0,'2025-09-07 14:22:22','2025-09-07 14:22:22'),(10075,13,NULL,'Mikrotik Router Up','✅ Hi Kazungu, your mikrotik router - La Zungu is back online.',0,'2025-09-07 14:23:22','2025-09-07 14:23:22'),(10076,13,NULL,'Mikrotik Router Up','✅ Hi Kazungu, your mikrotik router - La Zungu is back online.',0,'2025-09-07 14:24:22','2025-09-07 14:24:22'),(10077,13,NULL,'Mikrotik Router Up','✅ Hi Kazungu, your mikrotik router - La Zungu is back online.',0,'2025-09-07 14:25:22','2025-09-07 14:25:22'),(10078,13,NULL,'Mikrotik Router Up','✅ Hi Kazungu, your mikrotik router - La Zungu is back online.',0,'2025-09-07 14:26:22','2025-09-07 14:26:22'),(10079,13,NULL,'Mikrotik Router Up','✅ Hi Kazungu, your mikrotik router - La Zungu is back online.',0,'2025-09-07 14:27:22','2025-09-07 14:27:22'),(10080,13,NULL,'Mikrotik Router Up','✅ Hi Kazungu, your mikrotik router - La Zungu is back online.',0,'2025-09-07 14:28:22','2025-09-07 14:28:22'),(10081,13,NULL,'Mikrotik Router Up','✅ Hi Kazungu, your mikrotik router - La Zungu is back online.',0,'2025-09-07 14:29:22','2025-09-07 14:29:22'),(10082,13,NULL,'Mikrotik Router Up','✅ Hi Kazungu, your mikrotik router - La Zungu is back online.',0,'2025-09-07 14:30:22','2025-09-07 14:30:22'),(10083,13,NULL,'Mikrotik Router Up','✅ Hi Kazungu, your mikrotik router - La Zungu is back online.',0,'2025-09-07 14:31:22','2025-09-07 14:31:22'),(10084,13,NULL,'Mikrotik Router Up','✅ Hi Kazungu, your mikrotik router - La Zungu is back online.',0,'2025-09-07 14:32:22','2025-09-07 14:32:22'),(10085,13,NULL,'Mikrotik Router Up','✅ Hi Kazungu, your mikrotik router - La Zungu is back online.',0,'2025-09-07 14:33:22','2025-09-07 14:33:22'),(10086,13,NULL,'Mikrotik Router Up','✅ Hi Kazungu, your mikrotik router - La Zungu is back online.',0,'2025-09-07 14:34:22','2025-09-07 14:34:22'),(10087,13,NULL,'Mikrotik Router Up','✅ Hi Kazungu, your mikrotik router - La Zungu is back online.',0,'2025-09-07 14:35:22','2025-09-07 14:35:22'),(10088,13,NULL,'Mikrotik Router Up','✅ Hi Kazungu, your mikrotik router - La Zungu is back online.',0,'2025-09-07 14:36:22','2025-09-07 14:36:22'),(10089,13,NULL,'Mikrotik Router Up','✅ Hi Kazungu, your mikrotik router - La Zungu is back online.',0,'2025-09-07 14:37:22','2025-09-07 14:37:22'),(10090,13,NULL,'Mikrotik Router Up','✅ Hi Kazungu, your mikrotik router - La Zungu is back online.',0,'2025-09-07 14:38:22','2025-09-07 14:38:22'),(10091,13,NULL,'Mikrotik Router Up','✅ Hi Kazungu, your mikrotik router - La Zungu is back online.',0,'2025-09-07 14:39:22','2025-09-07 14:39:22'),(10092,13,NULL,'Mikrotik Router Up','✅ Hi Kazungu, your mikrotik router - La Zungu is back online.',0,'2025-09-07 14:40:22','2025-09-07 14:40:22'),(10093,13,NULL,'Mikrotik Router Up','✅ Hi Kazungu, your mikrotik router - La Zungu is back online.',0,'2025-09-07 14:41:22','2025-09-07 14:41:22'),(10094,13,NULL,'Mikrotik Router Up','✅ Hi Kazungu, your mikrotik router - La Zungu is back online.',0,'2025-09-07 14:42:22','2025-09-07 14:42:22'),(10095,13,NULL,'Mikrotik Router Up','✅ Hi Kazungu, your mikrotik router - La Zungu is back online.',0,'2025-09-07 14:43:22','2025-09-07 14:43:22'),(10096,13,NULL,'Mikrotik Router Up','✅ Hi Kazungu, your mikrotik router - La Zungu is back online.',0,'2025-09-07 14:44:22','2025-09-07 14:44:22'),(10097,13,NULL,'Mikrotik Router Up','✅ Hi Kazungu, your mikrotik router - La Zungu is back online.',0,'2025-09-07 14:45:23','2025-09-07 14:45:23'),(10098,13,NULL,'Mikrotik Router Up','✅ Hi Kazungu, your mikrotik router - La Zungu is back online.',0,'2025-09-07 14:46:22','2025-09-07 14:46:22'),(10099,13,NULL,'Mikrotik Router Up','✅ Hi Kazungu, your mikrotik router - La Zungu is back online.',0,'2025-09-07 14:47:22','2025-09-07 14:47:22'),(10100,13,NULL,'Mikrotik Router Up','✅ Hi Kazungu, your mikrotik router - La Zungu is back online.',0,'2025-09-07 14:48:22','2025-09-07 14:48:22'),(10101,13,NULL,'Mikrotik Router Up','✅ Hi Kazungu, your mikrotik router - La Zungu is back online.',0,'2025-09-07 14:49:22','2025-09-07 14:49:22'),(10102,13,NULL,'Mikrotik Router Up','✅ Hi Kazungu, your mikrotik router - La Zungu is back online.',0,'2025-09-07 14:50:22','2025-09-07 14:50:22'),(10103,13,NULL,'Mikrotik Router Up','✅ Hi Kazungu, your mikrotik router - La Zungu is back online.',0,'2025-09-07 14:51:22','2025-09-07 14:51:22'),(10104,13,NULL,'Mikrotik Router Up','✅ Hi Kazungu, your mikrotik router - La Zungu is back online.',0,'2025-09-07 14:52:21','2025-09-07 14:52:21'),(10105,13,NULL,'Mikrotik Router Up','✅ Hi Kazungu, your mikrotik router - La Zungu is back online.',0,'2025-09-07 14:53:22','2025-09-07 14:53:22'),(10106,13,NULL,'Mikrotik Router Up','✅ Hi Kazungu, your mikrotik router - La Zungu is back online.',0,'2025-09-07 14:54:22','2025-09-07 14:54:22'),(10107,13,NULL,'Mikrotik Router Up','✅ Hi Kazungu, your mikrotik router - La Zungu is back online.',0,'2025-09-07 14:55:23','2025-09-07 14:55:23'),(10108,13,NULL,'Mikrotik Router Up','✅ Hi Kazungu, your mikrotik router - La Zungu is back online.',0,'2025-09-07 14:56:22','2025-09-07 14:56:22'),(10109,13,NULL,'Mikrotik Router Up','✅ Hi Kazungu, your mikrotik router - La Zungu is back online.',0,'2025-09-07 14:57:22','2025-09-07 14:57:22'),(10110,13,NULL,'Mikrotik Router Up','✅ Hi Kazungu, your mikrotik router - La Zungu is back online.',0,'2025-09-07 14:58:22','2025-09-07 14:58:22'),(10111,13,NULL,'Mikrotik Router Up','✅ Hi Kazungu, your mikrotik router - La Zungu is back online.',0,'2025-09-07 14:59:22','2025-09-07 14:59:22'),(10112,13,NULL,'Mikrotik Router Up','✅ Hi Kazungu, your mikrotik router - La Zungu is back online.',0,'2025-09-07 15:00:23','2025-09-07 15:00:23'),(10113,13,NULL,'Mikrotik Router Up','✅ Hi Kazungu, your mikrotik router - La Zungu is back online.',0,'2025-09-07 15:01:22','2025-09-07 15:01:22'),(10114,13,NULL,'Mikrotik Router Up','✅ Hi Kazungu, your mikrotik router - La Zungu is back online.',0,'2025-09-07 15:02:22','2025-09-07 15:02:22'),(10115,13,NULL,'Mikrotik Router Up','✅ Hi Kazungu, your mikrotik router - La Zungu is back online.',0,'2025-09-07 15:03:22','2025-09-07 15:03:22'),(10116,13,NULL,'Mikrotik Router Up','✅ Hi Kazungu, your mikrotik router - La Zungu is back online.',0,'2025-09-07 15:04:22','2025-09-07 15:04:22'),(10117,13,NULL,'Mikrotik Router Up','✅ Hi Kazungu, your mikrotik router - La Zungu is back online.',0,'2025-09-07 15:05:23','2025-09-07 15:05:23'),(10118,13,NULL,'Mikrotik Router Up','✅ Hi Kazungu, your mikrotik router - La Zungu is back online.',0,'2025-09-07 15:06:22','2025-09-07 15:06:22'),(10119,13,NULL,'Mikrotik Router Up','✅ Hi Kazungu, your mikrotik router - La Zungu is back online.',0,'2025-09-07 15:07:23','2025-09-07 15:07:23'),(10120,13,NULL,'Mikrotik Router Up','✅ Hi Kazungu, your mikrotik router - La Zungu is back online.',0,'2025-09-07 15:08:22','2025-09-07 15:08:22'),(10121,13,NULL,'Mikrotik Router Up','✅ Hi Kazungu, your mikrotik router - La Zungu is back online.',0,'2025-09-07 15:09:23','2025-09-07 15:09:23'),(10122,13,NULL,'Mikrotik Router Up','✅ Hi Kazungu, your mikrotik router - La Zungu is back online.',0,'2025-09-07 15:10:22','2025-09-07 15:10:22'),(10123,13,NULL,'Mikrotik Router Up','✅ Hi Kazungu, your mikrotik router - La Zungu is back online.',0,'2025-09-07 15:11:22','2025-09-07 15:11:22'),(10124,13,NULL,'Mikrotik Router Up','✅ Hi Kazungu, your mikrotik router - La Zungu is back online.',0,'2025-09-07 15:12:22','2025-09-07 15:12:22'),(10125,8,NULL,'Mikrotik Router Down','⚠️ Hi Erick, your mikrotik router - Ngoni Net 1 is offline. Please check it out.',1,'2025-09-07 15:13:23','2025-09-07 16:06:31'),(10126,8,NULL,'Mikrotik Router Down','⚠️ Hi Erick, your mikrotik router - Ngoni Net 1 is offline. Please check it out.',1,'2025-09-07 15:14:23','2025-09-07 16:06:31'),(10127,13,NULL,'Mikrotik Router Up','✅ Hi Kazungu, your mikrotik router - La Zungu is back online.',0,'2025-09-07 15:15:22','2025-09-07 15:15:22'),(10128,8,NULL,'Mikrotik Router Down','⚠️ Hi Erick, your mikrotik router - Ngoni Net 1 is offline. Please check it out.',1,'2025-09-07 15:16:24','2025-09-07 16:06:31'),(10129,8,NULL,'Mikrotik Router Down','⚠️ Hi Erick, your mikrotik router - Ngoni Net 1 is offline. Please check it out.',1,'2025-09-07 15:17:25','2025-09-07 16:06:31'),(10130,8,NULL,'Mikrotik Router Down','⚠️ Hi Erick, your mikrotik router - Ngoni Net 1 is offline. Please check it out.',1,'2025-09-07 15:18:24','2025-09-07 16:06:31'),(10131,8,NULL,'Mikrotik Router Down','⚠️ Hi Erick, your mikrotik router - Ngoni Net 1 is offline. Please check it out.',1,'2025-09-07 15:19:24','2025-09-07 16:06:31'),(10132,13,NULL,'Mikrotik Router Up','✅ Hi Kazungu, your mikrotik router - La Zungu is back online.',0,'2025-09-07 15:20:22','2025-09-07 15:20:22'),(10133,13,NULL,'Mikrotik Router Up','✅ Hi Kazungu, your mikrotik router - La Zungu is back online.',0,'2025-09-07 15:21:22','2025-09-07 15:21:22'),(10134,13,NULL,'Mikrotik Router Up','✅ Hi Kazungu, your mikrotik router - La Zungu is back online.',0,'2025-09-07 15:22:22','2025-09-07 15:22:22'),(10135,13,NULL,'Mikrotik Router Up','✅ Hi Kazungu, your mikrotik router - La Zungu is back online.',0,'2025-09-07 15:23:22','2025-09-07 15:23:22'),(10136,13,NULL,'Mikrotik Router Up','✅ Hi Kazungu, your mikrotik router - La Zungu is back online.',0,'2025-09-07 15:24:22','2025-09-07 15:24:22'),(10137,13,NULL,'Mikrotik Router Up','✅ Hi Kazungu, your mikrotik router - La Zungu is back online.',0,'2025-09-07 15:26:22','2025-09-07 15:26:22'),(10138,13,NULL,'Mikrotik Router Up','✅ Hi Kazungu, your mikrotik router - La Zungu is back online.',0,'2025-09-07 15:27:22','2025-09-07 15:27:22'),(10139,13,NULL,'Mikrotik Router Up','✅ Hi Kazungu, your mikrotik router - La Zungu is back online.',0,'2025-09-07 15:28:22','2025-09-07 15:28:22'),(10140,8,NULL,'Mikrotik Router Down','⚠️ Hi Erick, your mikrotik router - Ngoni Net 1 is offline. Please check it out.',1,'2025-09-07 15:29:24','2025-09-07 16:06:31'),(10141,8,NULL,'Mikrotik Router Down','⚠️ Hi Erick, your mikrotik router - Ngoni Net 1 is offline. Please check it out.',1,'2025-09-07 15:30:24','2025-09-07 16:06:31'),(10142,13,NULL,'Mikrotik Router Up','✅ Hi Kazungu, your mikrotik router - La Zungu is back online.',0,'2025-09-07 15:31:22','2025-09-07 15:31:22'),(10143,13,NULL,'Mikrotik Router Up','✅ Hi Kazungu, your mikrotik router - La Zungu is back online.',0,'2025-09-07 15:32:22','2025-09-07 15:32:22'),(10144,13,NULL,'Mikrotik Router Up','✅ Hi Kazungu, your mikrotik router - La Zungu is back online.',0,'2025-09-07 15:33:23','2025-09-07 15:33:23'),(10145,13,NULL,'Mikrotik Router Up','✅ Hi Kazungu, your mikrotik router - La Zungu is back online.',0,'2025-09-07 15:34:22','2025-09-07 15:34:22'),(10146,13,NULL,'Mikrotik Router Up','✅ Hi Kazungu, your mikrotik router - La Zungu is back online.',0,'2025-09-07 15:35:22','2025-09-07 15:35:22'),(10147,13,NULL,'Mikrotik Router Up','✅ Hi Kazungu, your mikrotik router - La Zungu is back online.',0,'2025-09-07 15:36:22','2025-09-07 15:36:22'),(10148,13,NULL,'Mikrotik Router Up','✅ Hi Kazungu, your mikrotik router - La Zungu is back online.',0,'2025-09-07 15:37:22','2025-09-07 15:37:22'),(10149,13,NULL,'Mikrotik Router Up','✅ Hi Kazungu, your mikrotik router - La Zungu is back online.',0,'2025-09-07 15:38:22','2025-09-07 15:38:22'),(10150,13,NULL,'Mikrotik Router Up','✅ Hi Kazungu, your mikrotik router - La Zungu is back online.',0,'2025-09-07 15:39:22','2025-09-07 15:39:22'),(10151,13,NULL,'Mikrotik Router Up','✅ Hi Kazungu, your mikrotik router - La Zungu is back online.',0,'2025-09-07 15:40:22','2025-09-07 15:40:22'),(10152,13,NULL,'Mikrotik Router Up','✅ Hi Kazungu, your mikrotik router - La Zungu is back online.',0,'2025-09-07 15:41:21','2025-09-07 15:41:21'),(10153,13,NULL,'Mikrotik Router Up','✅ Hi Kazungu, your mikrotik router - La Zungu is back online.',0,'2025-09-07 15:42:22','2025-09-07 15:42:22'),(10154,13,NULL,'Mikrotik Router Up','✅ Hi Kazungu, your mikrotik router - La Zungu is back online.',0,'2025-09-07 15:43:22','2025-09-07 15:43:22'),(10155,13,NULL,'Mikrotik Router Up','✅ Hi Kazungu, your mikrotik router - La Zungu is back online.',0,'2025-09-07 15:44:22','2025-09-07 15:44:22'),(10156,13,NULL,'Mikrotik Router Up','✅ Hi Kazungu, your mikrotik router - La Zungu is back online.',0,'2025-09-07 15:45:23','2025-09-07 15:45:23'),(10157,13,NULL,'Mikrotik Router Up','✅ Hi Kazungu, your mikrotik router - La Zungu is back online.',0,'2025-09-07 15:46:22','2025-09-07 15:46:22'),(10158,13,NULL,'Mikrotik Router Up','✅ Hi Kazungu, your mikrotik router - La Zungu is back online.',0,'2025-09-07 15:47:22','2025-09-07 15:47:22'),(10159,13,NULL,'Mikrotik Router Up','✅ Hi Kazungu, your mikrotik router - La Zungu is back online.',0,'2025-09-07 15:48:22','2025-09-07 15:48:22'),(10160,13,NULL,'Mikrotik Router Up','✅ Hi Kazungu, your mikrotik router - La Zungu is back online.',0,'2025-09-07 15:49:22','2025-09-07 15:49:22'),(10161,13,NULL,'Mikrotik Router Up','✅ Hi Kazungu, your mikrotik router - La Zungu is back online.',0,'2025-09-07 15:50:22','2025-09-07 15:50:22'),(10162,13,NULL,'Mikrotik Router Up','✅ Hi Kazungu, your mikrotik router - La Zungu is back online.',0,'2025-09-07 15:51:22','2025-09-07 15:51:22'),(10163,13,NULL,'Mikrotik Router Up','✅ Hi Kazungu, your mikrotik router - La Zungu is back online.',0,'2025-09-07 15:52:22','2025-09-07 15:52:22'),(10164,13,NULL,'Mikrotik Router Up','✅ Hi Kazungu, your mikrotik router - La Zungu is back online.',0,'2025-09-07 15:53:22','2025-09-07 15:53:22'),(10165,13,NULL,'Mikrotik Router Up','✅ Hi Kazungu, your mikrotik router - La Zungu is back online.',0,'2025-09-07 15:54:22','2025-09-07 15:54:22'),(10166,13,NULL,'Mikrotik Router Up','✅ Hi Kazungu, your mikrotik router - La Zungu is back online.',0,'2025-09-07 15:55:23','2025-09-07 15:55:23'),(10167,13,NULL,'Mikrotik Router Up','✅ Hi Kazungu, your mikrotik router - La Zungu is back online.',0,'2025-09-07 15:56:22','2025-09-07 15:56:22'),(10168,13,NULL,'Mikrotik Router Up','✅ Hi Kazungu, your mikrotik router - La Zungu is back online.',0,'2025-09-07 15:57:22','2025-09-07 15:57:22'),(10169,13,NULL,'Mikrotik Router Up','✅ Hi Kazungu, your mikrotik router - La Zungu is back online.',0,'2025-09-07 15:58:22','2025-09-07 15:58:22'),(10170,13,NULL,'Mikrotik Router Up','✅ Hi Kazungu, your mikrotik router - La Zungu is back online.',0,'2025-09-07 15:59:22','2025-09-07 15:59:22'),(10171,13,NULL,'Mikrotik Router Up','✅ Hi Kazungu, your mikrotik router - La Zungu is back online.',0,'2025-09-07 16:00:23','2025-09-07 16:00:23'),(10172,13,NULL,'Mikrotik Router Up','✅ Hi Kazungu, your mikrotik router - La Zungu is back online.',0,'2025-09-07 16:01:22','2025-09-07 16:01:22'),(10173,13,NULL,'Mikrotik Router Up','✅ Hi Kazungu, your mikrotik router - La Zungu is back online.',0,'2025-09-07 16:02:22','2025-09-07 16:02:22'),(10174,13,NULL,'Mikrotik Router Up','✅ Hi Kazungu, your mikrotik router - La Zungu is back online.',0,'2025-09-07 16:03:22','2025-09-07 16:03:22'),(10175,13,NULL,'Mikrotik Router Up','✅ Hi Kazungu, your mikrotik router - La Zungu is back online.',0,'2025-09-07 16:04:22','2025-09-07 16:04:22'),(10176,13,NULL,'Mikrotik Router Up','✅ Hi Kazungu, your mikrotik router - La Zungu is back online.',0,'2025-09-07 16:05:23','2025-09-07 16:05:23'),(10177,13,NULL,'Mikrotik Router Up','✅ Hi Kazungu, your mikrotik router - La Zungu is back online.',0,'2025-09-07 16:06:22','2025-09-07 16:06:22'),(10178,13,NULL,'Mikrotik Router Up','✅ Hi Kazungu, your mikrotik router - La Zungu is back online.',0,'2025-09-07 16:07:22','2025-09-07 16:07:22'),(10179,13,NULL,'Mikrotik Router Up','✅ Hi Kazungu, your mikrotik router - La Zungu is back online.',0,'2025-09-07 16:08:22','2025-09-07 16:08:22'),(10180,13,NULL,'Mikrotik Router Up','✅ Hi Kazungu, your mikrotik router - La Zungu is back online.',0,'2025-09-07 16:09:22','2025-09-07 16:09:22'),(10181,13,NULL,'Mikrotik Router Up','✅ Hi Kazungu, your mikrotik router - La Zungu is back online.',0,'2025-09-07 16:10:23','2025-09-07 16:10:23'),(10182,13,NULL,'Mikrotik Router Up','✅ Hi Kazungu, your mikrotik router - La Zungu is back online.',0,'2025-09-07 16:11:23','2025-09-07 16:11:23'),(10183,13,NULL,'Mikrotik Router Up','✅ Hi Kazungu, your mikrotik router - La Zungu is back online.',0,'2025-09-07 16:12:22','2025-09-07 16:12:22'),(10184,13,NULL,'Mikrotik Router Up','✅ Hi Kazungu, your mikrotik router - La Zungu is back online.',0,'2025-09-07 16:13:23','2025-09-07 16:13:23'),(10185,13,NULL,'Mikrotik Router Up','✅ Hi Kazungu, your mikrotik router - La Zungu is back online.',0,'2025-09-07 16:14:22','2025-09-07 16:14:22'),(10186,13,NULL,'Mikrotik Router Up','✅ Hi Kazungu, your mikrotik router - La Zungu is back online.',0,'2025-09-07 16:15:23','2025-09-07 16:15:23'),(10187,13,NULL,'Mikrotik Router Up','✅ Hi Kazungu, your mikrotik router - La Zungu is back online.',0,'2025-09-07 16:16:22','2025-09-07 16:16:22'),(10188,13,NULL,'Mikrotik Router Up','✅ Hi Kazungu, your mikrotik router - La Zungu is back online.',0,'2025-09-07 16:17:24','2025-09-07 16:17:24'),(10189,13,NULL,'Mikrotik Router Up','✅ Hi Kazungu, your mikrotik router - La Zungu is back online.',0,'2025-09-07 16:18:22','2025-09-07 16:18:22'),(10190,13,NULL,'Mikrotik Router Up','✅ Hi Kazungu, your mikrotik router - La Zungu is back online.',0,'2025-09-07 16:19:22','2025-09-07 16:19:22'),(10191,13,NULL,'Mikrotik Router Up','✅ Hi Kazungu, your mikrotik router - La Zungu is back online.',0,'2025-09-07 16:20:22','2025-09-07 16:20:22'),(10192,13,NULL,'Mikrotik Router Up','✅ Hi Kazungu, your mikrotik router - La Zungu is back online.',0,'2025-09-07 16:21:22','2025-09-07 16:21:22'),(10193,13,NULL,'Mikrotik Router Up','✅ Hi Kazungu, your mikrotik router - La Zungu is back online.',0,'2025-09-07 16:22:22','2025-09-07 16:22:22'),(10194,13,NULL,'Mikrotik Router Up','✅ Hi Kazungu, your mikrotik router - La Zungu is back online.',0,'2025-09-07 16:23:22','2025-09-07 16:23:22'),(10195,13,NULL,'Mikrotik Router Up','✅ Hi Kazungu, your mikrotik router - La Zungu is back online.',0,'2025-09-07 16:24:22','2025-09-07 16:24:22'),(10196,13,NULL,'Mikrotik Router Up','✅ Hi Kazungu, your mikrotik router - La Zungu is back online.',0,'2025-09-07 16:25:23','2025-09-07 16:25:23'),(10197,13,NULL,'Mikrotik Router Up','✅ Hi Kazungu, your mikrotik router - La Zungu is back online.',0,'2025-09-07 16:26:22','2025-09-07 16:26:22'),(10198,13,NULL,'Mikrotik Router Up','✅ Hi Kazungu, your mikrotik router - La Zungu is back online.',0,'2025-09-07 16:27:22','2025-09-07 16:27:22'),(10199,13,NULL,'Mikrotik Router Up','✅ Hi Kazungu, your mikrotik router - La Zungu is back online.',0,'2025-09-07 16:28:22','2025-09-07 16:28:22'),(10200,13,NULL,'Mikrotik Router Up','✅ Hi Kazungu, your mikrotik router - La Zungu is back online.',0,'2025-09-07 16:29:22','2025-09-07 16:29:22'),(10201,13,NULL,'Mikrotik Router Up','✅ Hi Kazungu, your mikrotik router - La Zungu is back online.',0,'2025-09-07 16:30:22','2025-09-07 16:30:22'),(10202,13,NULL,'Mikrotik Router Up','✅ Hi Kazungu, your mikrotik router - La Zungu is back online.',0,'2025-09-07 16:31:23','2025-09-07 16:31:23'),(10203,13,NULL,'Mikrotik Router Up','✅ Hi Kazungu, your mikrotik router - La Zungu is back online.',0,'2025-09-07 16:32:22','2025-09-07 16:32:22'),(10204,13,NULL,'Mikrotik Router Up','✅ Hi Kazungu, your mikrotik router - La Zungu is back online.',0,'2025-09-07 16:33:23','2025-09-07 16:33:23'),(10205,13,NULL,'Mikrotik Router Up','✅ Hi Kazungu, your mikrotik router - La Zungu is back online.',0,'2025-09-07 16:34:22','2025-09-07 16:34:22'),(10206,13,NULL,'Mikrotik Router Up','✅ Hi Kazungu, your mikrotik router - La Zungu is back online.',0,'2025-09-07 16:35:23','2025-09-07 16:35:23'),(10207,13,NULL,'Mikrotik Router Up','✅ Hi Kazungu, your mikrotik router - La Zungu is back online.',0,'2025-09-07 16:36:22','2025-09-07 16:36:22'),(10208,13,NULL,'Mikrotik Router Up','✅ Hi Kazungu, your mikrotik router - La Zungu is back online.',0,'2025-09-07 16:37:22','2025-09-07 16:37:22'),(10209,13,NULL,'Mikrotik Router Up','✅ Hi Kazungu, your mikrotik router - La Zungu is back online.',0,'2025-09-07 16:38:22','2025-09-07 16:38:22'),(10210,13,NULL,'Mikrotik Router Up','✅ Hi Kazungu, your mikrotik router - La Zungu is back online.',0,'2025-09-07 16:39:22','2025-09-07 16:39:22'),(10211,13,NULL,'Mikrotik Router Up','✅ Hi Kazungu, your mikrotik router - La Zungu is back online.',0,'2025-09-07 16:40:23','2025-09-07 16:40:23'),(10212,13,NULL,'Mikrotik Router Up','✅ Hi Kazungu, your mikrotik router - La Zungu is back online.',0,'2025-09-07 16:41:22','2025-09-07 16:41:22'),(10213,13,NULL,'Mikrotik Router Up','✅ Hi Kazungu, your mikrotik router - La Zungu is back online.',0,'2025-09-07 16:42:22','2025-09-07 16:42:22'),(10214,13,NULL,'Mikrotik Router Up','✅ Hi Kazungu, your mikrotik router - La Zungu is back online.',0,'2025-09-07 16:43:22','2025-09-07 16:43:22'),(10215,13,NULL,'Mikrotik Router Up','✅ Hi Kazungu, your mikrotik router - La Zungu is back online.',0,'2025-09-07 16:44:22','2025-09-07 16:44:22'),(10216,13,NULL,'Mikrotik Router Up','✅ Hi Kazungu, your mikrotik router - La Zungu is back online.',0,'2025-09-07 16:45:22','2025-09-07 16:45:22'),(10217,13,NULL,'Mikrotik Router Up','✅ Hi Kazungu, your mikrotik router - La Zungu is back online.',0,'2025-09-07 16:46:22','2025-09-07 16:46:22'),(10218,13,NULL,'Mikrotik Router Up','✅ Hi Kazungu, your mikrotik router - La Zungu is back online.',0,'2025-09-07 16:47:22','2025-09-07 16:47:22'),(10219,13,NULL,'Mikrotik Router Up','✅ Hi Kazungu, your mikrotik router - La Zungu is back online.',0,'2025-09-07 16:48:22','2025-09-07 16:48:22'),(10220,13,NULL,'Mikrotik Router Up','✅ Hi Kazungu, your mikrotik router - La Zungu is back online.',0,'2025-09-07 16:49:21','2025-09-07 16:49:21'),(10221,13,NULL,'Mikrotik Router Up','✅ Hi Kazungu, your mikrotik router - La Zungu is back online.',0,'2025-09-07 16:50:22','2025-09-07 16:50:22'),(10222,13,NULL,'Mikrotik Router Up','✅ Hi Kazungu, your mikrotik router - La Zungu is back online.',0,'2025-09-07 16:51:22','2025-09-07 16:51:22'),(10223,13,NULL,'Mikrotik Router Up','✅ Hi Kazungu, your mikrotik router - La Zungu is back online.',0,'2025-09-07 16:52:22','2025-09-07 16:52:22'),(10224,13,NULL,'Mikrotik Router Up','✅ Hi Kazungu, your mikrotik router - La Zungu is back online.',0,'2025-09-07 16:53:22','2025-09-07 16:53:22'),(10225,13,NULL,'Mikrotik Router Up','✅ Hi Kazungu, your mikrotik router - La Zungu is back online.',0,'2025-09-07 16:54:23','2025-09-07 16:54:23'),(10226,13,NULL,'Mikrotik Router Up','✅ Hi Kazungu, your mikrotik router - La Zungu is back online.',0,'2025-09-07 16:55:23','2025-09-07 16:55:23'),(10227,13,NULL,'Mikrotik Router Up','✅ Hi Kazungu, your mikrotik router - La Zungu is back online.',0,'2025-09-07 16:56:22','2025-09-07 16:56:22'),(10228,13,NULL,'Mikrotik Router Up','✅ Hi Kazungu, your mikrotik router - La Zungu is back online.',0,'2025-09-07 16:57:22','2025-09-07 16:57:22'),(10229,13,NULL,'Mikrotik Router Up','✅ Hi Kazungu, your mikrotik router - La Zungu is back online.',0,'2025-09-07 16:58:22','2025-09-07 16:58:22'),(10230,13,NULL,'Mikrotik Router Up','✅ Hi Kazungu, your mikrotik router - La Zungu is back online.',0,'2025-09-07 16:59:22','2025-09-07 16:59:22'),(10231,13,NULL,'Mikrotik Router Up','✅ Hi Kazungu, your mikrotik router - La Zungu is back online.',0,'2025-09-07 17:00:23','2025-09-07 17:00:23'),(10232,13,NULL,'Mikrotik Router Up','✅ Hi Kazungu, your mikrotik router - La Zungu is back online.',0,'2025-09-07 17:01:22','2025-09-07 17:01:22'),(10233,13,NULL,'Mikrotik Router Up','✅ Hi Kazungu, your mikrotik router - La Zungu is back online.',0,'2025-09-07 17:02:22','2025-09-07 17:02:22'),(10234,13,NULL,'Mikrotik Router Up','✅ Hi Kazungu, your mikrotik router - La Zungu is back online.',0,'2025-09-07 17:03:22','2025-09-07 17:03:22'),(10235,13,NULL,'Mikrotik Router Up','✅ Hi Kazungu, your mikrotik router - La Zungu is back online.',0,'2025-09-07 17:04:22','2025-09-07 17:04:22'),(10236,13,NULL,'Mikrotik Router Up','✅ Hi Kazungu, your mikrotik router - La Zungu is back online.',0,'2025-09-07 17:05:22','2025-09-07 17:05:22'),(10237,13,NULL,'Mikrotik Router Up','✅ Hi Kazungu, your mikrotik router - La Zungu is back online.',0,'2025-09-07 17:06:22','2025-09-07 17:06:22'),(10238,13,NULL,'Mikrotik Router Up','✅ Hi Kazungu, your mikrotik router - La Zungu is back online.',0,'2025-09-07 17:07:22','2025-09-07 17:07:22'),(10239,13,NULL,'Mikrotik Router Up','✅ Hi Kazungu, your mikrotik router - La Zungu is back online.',0,'2025-09-07 17:08:23','2025-09-07 17:08:23'),(10240,13,NULL,'Mikrotik Router Up','✅ Hi Kazungu, your mikrotik router - La Zungu is back online.',0,'2025-09-07 17:09:22','2025-09-07 17:09:22'),(10241,13,NULL,'Mikrotik Router Up','✅ Hi Kazungu, your mikrotik router - La Zungu is back online.',0,'2025-09-07 17:10:23','2025-09-07 17:10:23'),(10242,13,NULL,'Mikrotik Router Up','✅ Hi Kazungu, your mikrotik router - La Zungu is back online.',0,'2025-09-07 17:11:22','2025-09-07 17:11:22'),(10243,13,NULL,'Mikrotik Router Up','✅ Hi Kazungu, your mikrotik router - La Zungu is back online.',0,'2025-09-07 17:12:22','2025-09-07 17:12:22'),(10244,13,NULL,'Mikrotik Router Up','✅ Hi Kazungu, your mikrotik router - La Zungu is back online.',0,'2025-09-07 17:13:22','2025-09-07 17:13:22'),(10245,13,NULL,'Mikrotik Router Up','✅ Hi Kazungu, your mikrotik router - La Zungu is back online.',0,'2025-09-07 17:14:22','2025-09-07 17:14:22'),(10246,13,NULL,'Mikrotik Router Up','✅ Hi Kazungu, your mikrotik router - La Zungu is back online.',0,'2025-09-07 17:15:22','2025-09-07 17:15:22'),(10247,13,NULL,'Mikrotik Router Up','✅ Hi Kazungu, your mikrotik router - La Zungu is back online.',0,'2025-09-07 17:16:23','2025-09-07 17:16:23'),(10248,13,NULL,'Mikrotik Router Up','✅ Hi Kazungu, your mikrotik router - La Zungu is back online.',0,'2025-09-07 17:17:24','2025-09-07 17:17:24'),(10249,13,NULL,'Mikrotik Router Up','✅ Hi Kazungu, your mikrotik router - La Zungu is back online.',0,'2025-09-07 17:18:22','2025-09-07 17:18:22'),(10250,13,NULL,'Mikrotik Router Up','✅ Hi Kazungu, your mikrotik router - La Zungu is back online.',0,'2025-09-07 17:19:22','2025-09-07 17:19:22'),(10251,13,NULL,'Mikrotik Router Up','✅ Hi Kazungu, your mikrotik router - La Zungu is back online.',0,'2025-09-07 17:20:22','2025-09-07 17:20:22'),(10252,13,NULL,'Mikrotik Router Up','✅ Hi Kazungu, your mikrotik router - La Zungu is back online.',0,'2025-09-07 17:21:22','2025-09-07 17:21:22'),(10253,13,NULL,'Mikrotik Router Up','✅ Hi Kazungu, your mikrotik router - La Zungu is back online.',0,'2025-09-07 17:22:22','2025-09-07 17:22:22'),(10254,13,NULL,'Mikrotik Router Up','✅ Hi Kazungu, your mikrotik router - La Zungu is back online.',0,'2025-09-07 17:23:22','2025-09-07 17:23:22'),(10255,13,NULL,'Mikrotik Router Up','✅ Hi Kazungu, your mikrotik router - La Zungu is back online.',0,'2025-09-07 17:24:22','2025-09-07 17:24:22'),(10256,13,NULL,'Mikrotik Router Up','✅ Hi Kazungu, your mikrotik router - La Zungu is back online.',0,'2025-09-07 17:25:22','2025-09-07 17:25:22'),(10257,13,NULL,'Mikrotik Router Up','✅ Hi Kazungu, your mikrotik router - La Zungu is back online.',0,'2025-09-07 17:26:22','2025-09-07 17:26:22'),(10258,13,NULL,'Mikrotik Router Up','✅ Hi Kazungu, your mikrotik router - La Zungu is back online.',0,'2025-09-07 17:27:22','2025-09-07 17:27:22'),(10259,13,NULL,'Mikrotik Router Up','✅ Hi Kazungu, your mikrotik router - La Zungu is back online.',0,'2025-09-07 17:28:22','2025-09-07 17:28:22'),(10260,13,NULL,'Mikrotik Router Up','✅ Hi Kazungu, your mikrotik router - La Zungu is back online.',0,'2025-09-07 17:29:22','2025-09-07 17:29:22'),(10261,13,NULL,'Mikrotik Router Up','✅ Hi Kazungu, your mikrotik router - La Zungu is back online.',0,'2025-09-07 17:30:22','2025-09-07 17:30:22'),(10262,13,NULL,'Mikrotik Router Up','✅ Hi Kazungu, your mikrotik router - La Zungu is back online.',0,'2025-09-07 17:31:21','2025-09-07 17:31:21'),(10263,13,NULL,'Mikrotik Router Up','✅ Hi Kazungu, your mikrotik router - La Zungu is back online.',0,'2025-09-07 17:32:22','2025-09-07 17:32:22'),(10264,13,NULL,'Mikrotik Router Up','✅ Hi Kazungu, your mikrotik router - La Zungu is back online.',0,'2025-09-07 17:33:22','2025-09-07 17:33:22'),(10265,13,NULL,'Mikrotik Router Up','✅ Hi Kazungu, your mikrotik router - La Zungu is back online.',0,'2025-09-07 17:34:22','2025-09-07 17:34:22'),(10266,13,NULL,'Mikrotik Router Up','✅ Hi Kazungu, your mikrotik router - La Zungu is back online.',0,'2025-09-07 17:35:23','2025-09-07 17:35:23'),(10267,13,NULL,'Mikrotik Router Up','✅ Hi Kazungu, your mikrotik router - La Zungu is back online.',0,'2025-09-07 17:36:22','2025-09-07 17:36:22'),(10268,13,NULL,'Mikrotik Router Up','✅ Hi Kazungu, your mikrotik router - La Zungu is back online.',0,'2025-09-07 17:37:23','2025-09-07 17:37:23'),(10269,13,NULL,'Mikrotik Router Up','✅ Hi Kazungu, your mikrotik router - La Zungu is back online.',0,'2025-09-07 17:38:22','2025-09-07 17:38:22'),(10270,13,NULL,'Mikrotik Router Up','✅ Hi Kazungu, your mikrotik router - La Zungu is back online.',0,'2025-09-07 17:39:22','2025-09-07 17:39:22'),(10271,13,NULL,'Mikrotik Router Up','✅ Hi Kazungu, your mikrotik router - La Zungu is back online.',0,'2025-09-07 17:40:22','2025-09-07 17:40:22'),(10272,13,NULL,'Mikrotik Router Up','✅ Hi Kazungu, your mikrotik router - La Zungu is back online.',0,'2025-09-07 17:41:22','2025-09-07 17:41:22'),(10273,13,NULL,'Mikrotik Router Up','✅ Hi Kazungu, your mikrotik router - La Zungu is back online.',0,'2025-09-07 17:42:26','2025-09-07 17:42:26'),(10274,13,NULL,'Mikrotik Router Up','✅ Hi Kazungu, your mikrotik router - La Zungu is back online.',0,'2025-09-07 17:43:26','2025-09-07 17:43:26'),(10275,13,NULL,'Mikrotik Router Up','✅ Hi Kazungu, your mikrotik router - La Zungu is back online.',0,'2025-09-07 17:44:22','2025-09-07 17:44:22'),(10276,13,NULL,'Mikrotik Router Up','✅ Hi Kazungu, your mikrotik router - La Zungu is back online.',0,'2025-09-07 17:45:22','2025-09-07 17:45:22'),(10277,13,NULL,'Mikrotik Router Up','✅ Hi Kazungu, your mikrotik router - La Zungu is back online.',0,'2025-09-07 17:46:23','2025-09-07 17:46:23'),(10278,13,NULL,'Mikrotik Router Up','✅ Hi Kazungu, your mikrotik router - La Zungu is back online.',0,'2025-09-07 17:47:22','2025-09-07 17:47:22'),(10279,13,NULL,'Mikrotik Router Up','✅ Hi Kazungu, your mikrotik router - La Zungu is back online.',0,'2025-09-07 17:48:22','2025-09-07 17:48:22'),(10280,13,NULL,'Mikrotik Router Up','✅ Hi Kazungu, your mikrotik router - La Zungu is back online.',0,'2025-09-07 17:49:22','2025-09-07 17:49:22'),(10281,13,NULL,'Mikrotik Router Up','✅ Hi Kazungu, your mikrotik router - La Zungu is back online.',0,'2025-09-07 17:50:22','2025-09-07 17:50:22'),(10282,13,NULL,'Mikrotik Router Up','✅ Hi Kazungu, your mikrotik router - La Zungu is back online.',0,'2025-09-07 17:51:22','2025-09-07 17:51:22'),(10283,13,NULL,'Mikrotik Router Up','✅ Hi Kazungu, your mikrotik router - La Zungu is back online.',0,'2025-09-07 17:52:22','2025-09-07 17:52:22'),(10284,13,NULL,'Mikrotik Router Up','✅ Hi Kazungu, your mikrotik router - La Zungu is back online.',0,'2025-09-07 17:53:22','2025-09-07 17:53:22'),(10285,13,NULL,'Mikrotik Router Up','✅ Hi Kazungu, your mikrotik router - La Zungu is back online.',0,'2025-09-07 17:54:22','2025-09-07 17:54:22'),(10286,13,NULL,'Mikrotik Router Up','✅ Hi Kazungu, your mikrotik router - La Zungu is back online.',0,'2025-09-07 17:55:23','2025-09-07 17:55:23'),(10287,13,NULL,'Mikrotik Router Up','✅ Hi Kazungu, your mikrotik router - La Zungu is back online.',0,'2025-09-07 17:56:22','2025-09-07 17:56:22'),(10288,13,NULL,'Mikrotik Router Up','✅ Hi Kazungu, your mikrotik router - La Zungu is back online.',0,'2025-09-07 17:57:23','2025-09-07 17:57:23'),(10289,13,NULL,'Mikrotik Router Up','✅ Hi Kazungu, your mikrotik router - La Zungu is back online.',0,'2025-09-07 17:58:22','2025-09-07 17:58:22'),(10290,13,NULL,'Mikrotik Router Up','✅ Hi Kazungu, your mikrotik router - La Zungu is back online.',0,'2025-09-07 17:59:22','2025-09-07 17:59:22'),(10291,13,NULL,'Mikrotik Router Up','✅ Hi Kazungu, your mikrotik router - La Zungu is back online.',0,'2025-09-07 18:00:23','2025-09-07 18:00:23'),(10292,13,NULL,'Mikrotik Router Up','✅ Hi Kazungu, your mikrotik router - La Zungu is back online.',0,'2025-09-07 18:01:22','2025-09-07 18:01:22'),(10293,13,NULL,'Mikrotik Router Up','✅ Hi Kazungu, your mikrotik router - La Zungu is back online.',0,'2025-09-07 18:02:22','2025-09-07 18:02:22'),(10294,13,NULL,'Mikrotik Router Up','✅ Hi Kazungu, your mikrotik router - La Zungu is back online.',0,'2025-09-07 18:03:22','2025-09-07 18:03:22'),(10295,13,NULL,'Mikrotik Router Up','✅ Hi Kazungu, your mikrotik router - La Zungu is back online.',0,'2025-09-07 18:04:22','2025-09-07 18:04:22'),(10296,13,NULL,'Mikrotik Router Up','✅ Hi Kazungu, your mikrotik router - La Zungu is back online.',0,'2025-09-07 18:05:22','2025-09-07 18:05:22'),(10297,13,NULL,'Mikrotik Router Up','✅ Hi Kazungu, your mikrotik router - La Zungu is back online.',0,'2025-09-07 18:06:22','2025-09-07 18:06:22'),(10298,13,NULL,'Mikrotik Router Up','✅ Hi Kazungu, your mikrotik router - La Zungu is back online.',0,'2025-09-07 18:07:22','2025-09-07 18:07:22'),(10299,13,NULL,'Mikrotik Router Up','✅ Hi Kazungu, your mikrotik router - La Zungu is back online.',0,'2025-09-07 18:08:22','2025-09-07 18:08:22'),(10300,13,NULL,'Mikrotik Router Up','✅ Hi Kazungu, your mikrotik router - La Zungu is back online.',0,'2025-09-07 18:09:22','2025-09-07 18:09:22'),(10301,13,NULL,'Mikrotik Router Up','✅ Hi Kazungu, your mikrotik router - La Zungu is back online.',0,'2025-09-07 18:10:23','2025-09-07 18:10:23'),(10302,13,NULL,'Mikrotik Router Up','✅ Hi Kazungu, your mikrotik router - La Zungu is back online.',0,'2025-09-07 18:11:22','2025-09-07 18:11:22'),(10303,13,NULL,'Mikrotik Router Up','✅ Hi Kazungu, your mikrotik router - La Zungu is back online.',0,'2025-09-07 18:12:22','2025-09-07 18:12:22'),(10304,13,NULL,'Mikrotik Router Up','✅ Hi Kazungu, your mikrotik router - La Zungu is back online.',0,'2025-09-07 18:13:22','2025-09-07 18:13:22'),(10305,13,NULL,'Mikrotik Router Up','✅ Hi Kazungu, your mikrotik router - La Zungu is back online.',0,'2025-09-07 18:14:22','2025-09-07 18:14:22'),(10306,13,NULL,'Mikrotik Router Up','✅ Hi Kazungu, your mikrotik router - La Zungu is back online.',0,'2025-09-07 18:15:26','2025-09-07 18:15:26'),(10307,13,NULL,'Mikrotik Router Up','✅ Hi Kazungu, your mikrotik router - La Zungu is back online.',0,'2025-09-07 18:16:22','2025-09-07 18:16:22'),(10308,13,NULL,'Mikrotik Router Up','✅ Hi Kazungu, your mikrotik router - La Zungu is back online.',0,'2025-09-07 18:17:24','2025-09-07 18:17:24'),(10309,13,NULL,'Mikrotik Router Up','✅ Hi Kazungu, your mikrotik router - La Zungu is back online.',0,'2025-09-07 18:18:22','2025-09-07 18:18:22'),(10310,13,NULL,'Mikrotik Router Up','✅ Hi Kazungu, your mikrotik router - La Zungu is back online.',0,'2025-09-07 18:19:22','2025-09-07 18:19:22'),(10311,13,NULL,'Mikrotik Router Up','✅ Hi Kazungu, your mikrotik router - La Zungu is back online.',0,'2025-09-07 18:20:23','2025-09-07 18:20:23'),(10312,13,NULL,'Mikrotik Router Up','✅ Hi Kazungu, your mikrotik router - La Zungu is back online.',0,'2025-09-07 18:21:22','2025-09-07 18:21:22'),(10313,13,NULL,'Mikrotik Router Up','✅ Hi Kazungu, your mikrotik router - La Zungu is back online.',0,'2025-09-07 18:22:22','2025-09-07 18:22:22'),(10314,13,NULL,'Mikrotik Router Up','✅ Hi Kazungu, your mikrotik router - La Zungu is back online.',0,'2025-09-07 18:23:22','2025-09-07 18:23:22'),(10315,13,NULL,'Mikrotik Router Up','✅ Hi Kazungu, your mikrotik router - La Zungu is back online.',0,'2025-09-07 18:24:22','2025-09-07 18:24:22'),(10316,13,NULL,'Mikrotik Router Up','✅ Hi Kazungu, your mikrotik router - La Zungu is back online.',0,'2025-09-07 18:25:22','2025-09-07 18:25:22'),(10317,13,NULL,'Mikrotik Router Up','✅ Hi Kazungu, your mikrotik router - La Zungu is back online.',0,'2025-09-07 18:26:22','2025-09-07 18:26:22'),(10318,13,NULL,'Mikrotik Router Up','✅ Hi Kazungu, your mikrotik router - La Zungu is back online.',0,'2025-09-07 18:27:22','2025-09-07 18:27:22'),(10319,13,NULL,'Mikrotik Router Up','✅ Hi Kazungu, your mikrotik router - La Zungu is back online.',0,'2025-09-07 18:28:22','2025-09-07 18:28:22'),(10320,13,NULL,'Mikrotik Router Up','✅ Hi Kazungu, your mikrotik router - La Zungu is back online.',0,'2025-09-07 18:29:22','2025-09-07 18:29:22'),(10321,13,NULL,'Mikrotik Router Up','✅ Hi Kazungu, your mikrotik router - La Zungu is back online.',0,'2025-09-07 18:30:23','2025-09-07 18:30:23'),(10322,13,NULL,'Mikrotik Router Up','✅ Hi Kazungu, your mikrotik router - La Zungu is back online.',0,'2025-09-07 18:31:22','2025-09-07 18:31:22'),(10323,13,NULL,'Mikrotik Router Up','✅ Hi Kazungu, your mikrotik router - La Zungu is back online.',0,'2025-09-07 18:32:22','2025-09-07 18:32:22'),(10324,13,NULL,'Mikrotik Router Up','✅ Hi Kazungu, your mikrotik router - La Zungu is back online.',0,'2025-09-07 18:33:22','2025-09-07 18:33:22'),(10325,13,NULL,'Mikrotik Router Up','✅ Hi Kazungu, your mikrotik router - La Zungu is back online.',0,'2025-09-07 18:34:22','2025-09-07 18:34:22'),(10326,13,NULL,'Mikrotik Router Up','✅ Hi Kazungu, your mikrotik router - La Zungu is back online.',0,'2025-09-07 18:35:22','2025-09-07 18:35:22'),(10327,13,NULL,'Mikrotik Router Up','✅ Hi Kazungu, your mikrotik router - La Zungu is back online.',0,'2025-09-07 18:36:22','2025-09-07 18:36:22'),(10328,13,NULL,'Mikrotik Router Up','✅ Hi Kazungu, your mikrotik router - La Zungu is back online.',0,'2025-09-07 18:37:22','2025-09-07 18:37:22'),(10329,13,NULL,'Mikrotik Router Up','✅ Hi Kazungu, your mikrotik router - La Zungu is back online.',0,'2025-09-07 18:38:22','2025-09-07 18:38:22'),(10330,13,NULL,'Mikrotik Router Up','✅ Hi Kazungu, your mikrotik router - La Zungu is back online.',0,'2025-09-07 18:39:22','2025-09-07 18:39:22'),(10331,13,NULL,'Mikrotik Router Up','✅ Hi Kazungu, your mikrotik router - La Zungu is back online.',0,'2025-09-07 18:40:22','2025-09-07 18:40:22'),(10332,13,NULL,'Mikrotik Router Up','✅ Hi Kazungu, your mikrotik router - La Zungu is back online.',0,'2025-09-07 18:41:22','2025-09-07 18:41:22'),(10333,13,NULL,'Mikrotik Router Up','✅ Hi Kazungu, your mikrotik router - La Zungu is back online.',0,'2025-09-07 18:42:22','2025-09-07 18:42:22'),(10334,13,NULL,'Mikrotik Router Up','✅ Hi Kazungu, your mikrotik router - La Zungu is back online.',0,'2025-09-07 18:43:22','2025-09-07 18:43:22'),(10335,13,NULL,'Mikrotik Router Up','✅ Hi Kazungu, your mikrotik router - La Zungu is back online.',0,'2025-09-07 18:44:22','2025-09-07 18:44:22'),(10336,13,NULL,'Mikrotik Router Up','✅ Hi Kazungu, your mikrotik router - La Zungu is back online.',0,'2025-09-07 18:45:22','2025-09-07 18:45:22'),(10337,13,NULL,'Mikrotik Router Up','✅ Hi Kazungu, your mikrotik router - La Zungu is back online.',0,'2025-09-07 18:46:22','2025-09-07 18:46:22'),(10338,13,NULL,'Mikrotik Router Up','✅ Hi Kazungu, your mikrotik router - La Zungu is back online.',0,'2025-09-07 18:47:23','2025-09-07 18:47:23'),(10339,13,NULL,'Mikrotik Router Up','✅ Hi Kazungu, your mikrotik router - La Zungu is back online.',0,'2025-09-07 18:48:23','2025-09-07 18:48:23'),(10340,13,NULL,'Mikrotik Router Up','✅ Hi Kazungu, your mikrotik router - La Zungu is back online.',0,'2025-09-07 18:49:23','2025-09-07 18:49:23'),(10341,13,NULL,'Mikrotik Router Up','✅ Hi Kazungu, your mikrotik router - La Zungu is back online.',0,'2025-09-07 18:50:23','2025-09-07 18:50:23'),(10342,13,NULL,'Mikrotik Router Up','✅ Hi Kazungu, your mikrotik router - La Zungu is back online.',0,'2025-09-07 18:51:22','2025-09-07 18:51:22'),(10343,13,NULL,'Mikrotik Router Up','✅ Hi Kazungu, your mikrotik router - La Zungu is back online.',0,'2025-09-07 18:52:22','2025-09-07 18:52:22'),(10344,13,NULL,'Mikrotik Router Up','✅ Hi Kazungu, your mikrotik router - La Zungu is back online.',0,'2025-09-07 18:53:22','2025-09-07 18:53:22'),(10345,13,NULL,'Mikrotik Router Up','✅ Hi Kazungu, your mikrotik router - La Zungu is back online.',0,'2025-09-07 18:54:23','2025-09-07 18:54:23'),(10346,13,NULL,'Mikrotik Router Up','✅ Hi Kazungu, your mikrotik router - La Zungu is back online.',0,'2025-09-07 18:55:22','2025-09-07 18:55:22'),(10347,13,NULL,'Mikrotik Router Up','✅ Hi Kazungu, your mikrotik router - La Zungu is back online.',0,'2025-09-07 18:56:22','2025-09-07 18:56:22'),(10348,8,NULL,'Mikrotik Router Down','⚠️ Hi Erick, your mikrotik router - Ngoni Net 1 is offline. Please check it out.',0,'2025-09-07 18:57:23','2025-09-07 18:57:23'),(10349,8,NULL,'Mikrotik Router Down','⚠️ Hi Erick, your mikrotik router - Ngoni Net 1 is offline. Please check it out.',0,'2025-09-07 18:58:24','2025-09-07 18:58:24'),(10350,13,NULL,'Mikrotik Router Up','✅ Hi Kazungu, your mikrotik router - La Zungu is back online.',0,'2025-09-07 18:59:22','2025-09-07 18:59:22'),(10351,13,NULL,'Mikrotik Router Up','✅ Hi Kazungu, your mikrotik router - La Zungu is back online.',0,'2025-09-07 19:00:22','2025-09-07 19:00:22'),(10352,13,NULL,'Mikrotik Router Up','✅ Hi Kazungu, your mikrotik router - La Zungu is back online.',0,'2025-09-07 19:01:23','2025-09-07 19:01:23'),(10353,13,NULL,'Mikrotik Router Up','✅ Hi Kazungu, your mikrotik router - La Zungu is back online.',0,'2025-09-07 19:02:23','2025-09-07 19:02:23'),(10354,13,NULL,'Mikrotik Router Up','✅ Hi Kazungu, your mikrotik router - La Zungu is back online.',0,'2025-09-07 19:03:23','2025-09-07 19:03:23'),(10355,13,NULL,'Mikrotik Router Up','✅ Hi Kazungu, your mikrotik router - La Zungu is back online.',0,'2025-09-07 19:04:22','2025-09-07 19:04:22'),(10356,13,NULL,'Mikrotik Router Up','✅ Hi Kazungu, your mikrotik router - La Zungu is back online.',0,'2025-09-07 19:05:22','2025-09-07 19:05:22'),(10357,13,NULL,'Mikrotik Router Up','✅ Hi Kazungu, your mikrotik router - La Zungu is back online.',0,'2025-09-07 19:06:23','2025-09-07 19:06:23'),(10358,13,NULL,'Mikrotik Router Up','✅ Hi Kazungu, your mikrotik router - La Zungu is back online.',0,'2025-09-07 19:07:22','2025-09-07 19:07:22'),(10359,13,NULL,'Mikrotik Router Up','✅ Hi Kazungu, your mikrotik router - La Zungu is back online.',0,'2025-09-07 19:08:23','2025-09-07 19:08:23'),(10360,13,NULL,'Mikrotik Router Up','✅ Hi Kazungu, your mikrotik router - La Zungu is back online.',0,'2025-09-07 19:09:23','2025-09-07 19:09:23'),(10361,13,NULL,'Mikrotik Router Up','✅ Hi Kazungu, your mikrotik router - La Zungu is back online.',0,'2025-09-07 19:10:22','2025-09-07 19:10:22'),(10362,13,NULL,'Mikrotik Router Up','✅ Hi Kazungu, your mikrotik router - La Zungu is back online.',0,'2025-09-07 19:11:22','2025-09-07 19:11:22'),(10363,13,NULL,'Mikrotik Router Up','✅ Hi Kazungu, your mikrotik router - La Zungu is back online.',0,'2025-09-07 19:12:23','2025-09-07 19:12:23'),(10364,13,NULL,'Mikrotik Router Up','✅ Hi Kazungu, your mikrotik router - La Zungu is back online.',0,'2025-09-07 19:13:22','2025-09-07 19:13:22'),(10365,13,NULL,'Mikrotik Router Up','✅ Hi Kazungu, your mikrotik router - La Zungu is back online.',0,'2025-09-07 19:14:23','2025-09-07 19:14:23'),(10366,13,NULL,'Mikrotik Router Up','✅ Hi Kazungu, your mikrotik router - La Zungu is back online.',0,'2025-09-07 19:15:25','2025-09-07 19:15:25'),(10367,13,NULL,'Mikrotik Router Up','✅ Hi Kazungu, your mikrotik router - La Zungu is back online.',0,'2025-09-07 19:16:22','2025-09-07 19:16:22'),(10368,13,NULL,'Mikrotik Router Up','✅ Hi Kazungu, your mikrotik router - La Zungu is back online.',0,'2025-09-07 19:17:27','2025-09-07 19:17:27'),(10369,13,NULL,'Mikrotik Router Up','✅ Hi Kazungu, your mikrotik router - La Zungu is back online.',0,'2025-09-07 19:18:22','2025-09-07 19:18:22'),(10370,13,NULL,'Mikrotik Router Up','✅ Hi Kazungu, your mikrotik router - La Zungu is back online.',0,'2025-09-07 19:19:22','2025-09-07 19:19:22'),(10371,13,NULL,'Mikrotik Router Up','✅ Hi Kazungu, your mikrotik router - La Zungu is back online.',0,'2025-09-07 19:20:23','2025-09-07 19:20:23'),(10372,13,NULL,'Mikrotik Router Up','✅ Hi Kazungu, your mikrotik router - La Zungu is back online.',0,'2025-09-07 19:21:22','2025-09-07 19:21:22'),(10373,13,NULL,'Mikrotik Router Up','✅ Hi Kazungu, your mikrotik router - La Zungu is back online.',0,'2025-09-07 19:22:26','2025-09-07 19:22:26'),(10374,13,NULL,'Mikrotik Router Up','✅ Hi Kazungu, your mikrotik router - La Zungu is back online.',0,'2025-09-07 19:23:22','2025-09-07 19:23:22'),(10375,13,NULL,'Mikrotik Router Up','✅ Hi Kazungu, your mikrotik router - La Zungu is back online.',0,'2025-09-07 19:24:22','2025-09-07 19:24:22'),(10376,13,NULL,'Mikrotik Router Up','✅ Hi Kazungu, your mikrotik router - La Zungu is back online.',0,'2025-09-07 19:25:23','2025-09-07 19:25:23'),(10377,13,NULL,'Mikrotik Router Up','✅ Hi Kazungu, your mikrotik router - La Zungu is back online.',0,'2025-09-07 19:26:22','2025-09-07 19:26:22'),(10378,13,NULL,'Mikrotik Router Up','✅ Hi Kazungu, your mikrotik router - La Zungu is back online.',0,'2025-09-07 19:27:22','2025-09-07 19:27:22'),(10379,13,NULL,'Mikrotik Router Up','✅ Hi Kazungu, your mikrotik router - La Zungu is back online.',0,'2025-09-07 19:28:22','2025-09-07 19:28:22'),(10380,13,NULL,'Mikrotik Router Up','✅ Hi Kazungu, your mikrotik router - La Zungu is back online.',0,'2025-09-07 19:29:22','2025-09-07 19:29:22'),(10381,13,NULL,'Mikrotik Router Up','✅ Hi Kazungu, your mikrotik router - La Zungu is back online.',0,'2025-09-07 19:30:22','2025-09-07 19:30:22'),(10382,13,NULL,'Mikrotik Router Up','✅ Hi Kazungu, your mikrotik router - La Zungu is back online.',0,'2025-09-07 19:31:22','2025-09-07 19:31:22'),(10383,13,NULL,'Mikrotik Router Up','✅ Hi Kazungu, your mikrotik router - La Zungu is back online.',0,'2025-09-07 19:32:22','2025-09-07 19:32:22'),(10384,13,NULL,'Mikrotik Router Up','✅ Hi Kazungu, your mikrotik router - La Zungu is back online.',0,'2025-09-07 19:33:22','2025-09-07 19:33:22'),(10385,13,NULL,'Mikrotik Router Up','✅ Hi Kazungu, your mikrotik router - La Zungu is back online.',0,'2025-09-07 19:34:22','2025-09-07 19:34:22'),(10386,13,NULL,'Mikrotik Router Up','✅ Hi Kazungu, your mikrotik router - La Zungu is back online.',0,'2025-09-07 19:35:22','2025-09-07 19:35:22'),(10387,13,NULL,'Mikrotik Router Up','✅ Hi Kazungu, your mikrotik router - La Zungu is back online.',0,'2025-09-07 19:36:23','2025-09-07 19:36:23'),(10388,13,NULL,'Mikrotik Router Up','✅ Hi Kazungu, your mikrotik router - La Zungu is back online.',0,'2025-09-07 19:37:22','2025-09-07 19:37:22'),(10389,13,NULL,'Mikrotik Router Up','✅ Hi Kazungu, your mikrotik router - La Zungu is back online.',0,'2025-09-07 19:38:22','2025-09-07 19:38:22'),(10390,13,NULL,'Mikrotik Router Up','✅ Hi Kazungu, your mikrotik router - La Zungu is back online.',0,'2025-09-07 19:39:22','2025-09-07 19:39:22'),(10391,13,NULL,'Mikrotik Router Up','✅ Hi Kazungu, your mikrotik router - La Zungu is back online.',0,'2025-09-07 19:40:22','2025-09-07 19:40:22'),(10392,13,NULL,'Mikrotik Router Up','✅ Hi Kazungu, your mikrotik router - La Zungu is back online.',0,'2025-09-07 19:41:22','2025-09-07 19:41:22'),(10393,13,NULL,'Mikrotik Router Up','✅ Hi Kazungu, your mikrotik router - La Zungu is back online.',0,'2025-09-07 19:42:23','2025-09-07 19:42:23'),(10394,13,NULL,'Mikrotik Router Up','✅ Hi Kazungu, your mikrotik router - La Zungu is back online.',0,'2025-09-07 19:43:23','2025-09-07 19:43:23'),(10395,13,NULL,'Mikrotik Router Up','✅ Hi Kazungu, your mikrotik router - La Zungu is back online.',0,'2025-09-07 19:44:22','2025-09-07 19:44:22'),(10396,13,NULL,'Mikrotik Router Up','✅ Hi Kazungu, your mikrotik router - La Zungu is back online.',0,'2025-09-07 19:45:22','2025-09-07 19:45:22'),(10397,13,NULL,'Mikrotik Router Up','✅ Hi Kazungu, your mikrotik router - La Zungu is back online.',0,'2025-09-07 19:46:22','2025-09-07 19:46:22'),(10398,13,NULL,'Mikrotik Router Up','✅ Hi Kazungu, your mikrotik router - La Zungu is back online.',0,'2025-09-07 19:47:22','2025-09-07 19:47:22'),(10399,13,NULL,'Mikrotik Router Up','✅ Hi Kazungu, your mikrotik router - La Zungu is back online.',0,'2025-09-07 19:48:27','2025-09-07 19:48:27'),(10400,13,NULL,'Mikrotik Router Up','✅ Hi Kazungu, your mikrotik router - La Zungu is back online.',0,'2025-09-07 19:49:23','2025-09-07 19:49:23'),(10401,13,NULL,'Mikrotik Router Up','✅ Hi Kazungu, your mikrotik router - La Zungu is back online.',0,'2025-09-07 19:50:22','2025-09-07 19:50:22'),(10402,13,NULL,'Mikrotik Router Up','✅ Hi Kazungu, your mikrotik router - La Zungu is back online.',0,'2025-09-07 19:51:22','2025-09-07 19:51:22'),(10403,13,NULL,'Mikrotik Router Up','✅ Hi Kazungu, your mikrotik router - La Zungu is back online.',0,'2025-09-07 19:52:23','2025-09-07 19:52:23'),(10404,13,NULL,'Mikrotik Router Up','✅ Hi Kazungu, your mikrotik router - La Zungu is back online.',0,'2025-09-07 19:53:23','2025-09-07 19:53:23'),(10405,13,NULL,'Mikrotik Router Up','✅ Hi Kazungu, your mikrotik router - La Zungu is back online.',0,'2025-09-07 19:54:23','2025-09-07 19:54:23'),(10406,13,NULL,'Mikrotik Router Up','✅ Hi Kazungu, your mikrotik router - La Zungu is back online.',0,'2025-09-07 19:55:24','2025-09-07 19:55:24'),(10407,13,NULL,'Mikrotik Router Up','✅ Hi Kazungu, your mikrotik router - La Zungu is back online.',0,'2025-09-07 19:56:23','2025-09-07 19:56:23'),(10408,13,NULL,'Mikrotik Router Up','✅ Hi Kazungu, your mikrotik router - La Zungu is back online.',0,'2025-09-07 19:57:22','2025-09-07 19:57:22'),(10409,13,NULL,'Mikrotik Router Up','✅ Hi Kazungu, your mikrotik router - La Zungu is back online.',0,'2025-09-07 19:58:22','2025-09-07 19:58:22'),(10410,13,NULL,'Mikrotik Router Up','✅ Hi Kazungu, your mikrotik router - La Zungu is back online.',0,'2025-09-07 19:59:22','2025-09-07 19:59:22'),(10411,13,NULL,'Mikrotik Router Up','✅ Hi Kazungu, your mikrotik router - La Zungu is back online.',0,'2025-09-07 20:00:22','2025-09-07 20:00:22'),(10412,13,NULL,'Mikrotik Router Up','✅ Hi Kazungu, your mikrotik router - La Zungu is back online.',0,'2025-09-07 20:01:22','2025-09-07 20:01:22'),(10413,13,NULL,'Mikrotik Router Up','✅ Hi Kazungu, your mikrotik router - La Zungu is back online.',0,'2025-09-07 20:02:22','2025-09-07 20:02:22'),(10414,13,NULL,'Mikrotik Router Up','✅ Hi Kazungu, your mikrotik router - La Zungu is back online.',0,'2025-09-07 20:03:22','2025-09-07 20:03:22'),(10415,13,NULL,'Mikrotik Router Up','✅ Hi Kazungu, your mikrotik router - La Zungu is back online.',0,'2025-09-07 20:04:22','2025-09-07 20:04:22'),(10416,13,NULL,'Mikrotik Router Up','✅ Hi Kazungu, your mikrotik router - La Zungu is back online.',0,'2025-09-07 20:05:26','2025-09-07 20:05:26'),(10417,13,NULL,'Mikrotik Router Up','✅ Hi Kazungu, your mikrotik router - La Zungu is back online.',0,'2025-09-07 20:06:22','2025-09-07 20:06:22'),(10418,13,NULL,'Mikrotik Router Up','✅ Hi Kazungu, your mikrotik router - La Zungu is back online.',0,'2025-09-07 20:07:22','2025-09-07 20:07:22'),(10419,13,NULL,'Mikrotik Router Up','✅ Hi Kazungu, your mikrotik router - La Zungu is back online.',0,'2025-09-07 20:08:22','2025-09-07 20:08:22'),(10420,13,NULL,'Mikrotik Router Up','✅ Hi Kazungu, your mikrotik router - La Zungu is back online.',0,'2025-09-07 20:09:21','2025-09-07 20:09:21'),(10421,13,NULL,'Mikrotik Router Up','✅ Hi Kazungu, your mikrotik router - La Zungu is back online.',0,'2025-09-07 20:10:22','2025-09-07 20:10:22'),(10422,13,NULL,'Mikrotik Router Up','✅ Hi Kazungu, your mikrotik router - La Zungu is back online.',0,'2025-09-07 20:11:22','2025-09-07 20:11:22'),(10423,13,NULL,'Mikrotik Router Up','✅ Hi Kazungu, your mikrotik router - La Zungu is back online.',0,'2025-09-07 20:12:26','2025-09-07 20:12:26'),(10424,13,NULL,'Mikrotik Router Up','✅ Hi Kazungu, your mikrotik router - La Zungu is back online.',0,'2025-09-07 20:13:22','2025-09-07 20:13:22'),(10425,13,NULL,'Mikrotik Router Up','✅ Hi Kazungu, your mikrotik router - La Zungu is back online.',0,'2025-09-07 20:14:23','2025-09-07 20:14:23'),(10426,13,NULL,'Mikrotik Router Up','✅ Hi Kazungu, your mikrotik router - La Zungu is back online.',0,'2025-09-07 20:15:22','2025-09-07 20:15:22'),(10427,13,NULL,'Mikrotik Router Up','✅ Hi Kazungu, your mikrotik router - La Zungu is back online.',0,'2025-09-07 20:16:22','2025-09-07 20:16:22'),(10428,13,NULL,'Mikrotik Router Up','✅ Hi Kazungu, your mikrotik router - La Zungu is back online.',0,'2025-09-07 20:17:24','2025-09-07 20:17:24'),(10429,13,NULL,'Mikrotik Router Up','✅ Hi Kazungu, your mikrotik router - La Zungu is back online.',0,'2025-09-07 20:18:22','2025-09-07 20:18:22'),(10430,13,NULL,'Mikrotik Router Up','✅ Hi Kazungu, your mikrotik router - La Zungu is back online.',0,'2025-09-07 20:19:26','2025-09-07 20:19:26'),(10431,13,NULL,'Mikrotik Router Up','✅ Hi Kazungu, your mikrotik router - La Zungu is back online.',0,'2025-09-07 20:20:22','2025-09-07 20:20:22'),(10432,13,NULL,'Mikrotik Router Up','✅ Hi Kazungu, your mikrotik router - La Zungu is back online.',0,'2025-09-07 20:21:22','2025-09-07 20:21:22'),(10433,13,NULL,'Mikrotik Router Up','✅ Hi Kazungu, your mikrotik router - La Zungu is back online.',0,'2025-09-07 20:22:22','2025-09-07 20:22:22'),(10434,13,NULL,'Mikrotik Router Up','✅ Hi Kazungu, your mikrotik router - La Zungu is back online.',0,'2025-09-07 20:23:22','2025-09-07 20:23:22'),(10435,13,NULL,'Mikrotik Router Up','✅ Hi Kazungu, your mikrotik router - La Zungu is back online.',0,'2025-09-07 20:24:22','2025-09-07 20:24:22'),(10436,13,NULL,'Mikrotik Router Up','✅ Hi Kazungu, your mikrotik router - La Zungu is back online.',0,'2025-09-07 20:25:22','2025-09-07 20:25:22'),(10437,13,NULL,'Mikrotik Router Up','✅ Hi Kazungu, your mikrotik router - La Zungu is back online.',0,'2025-09-07 20:26:22','2025-09-07 20:26:22'),(10438,13,NULL,'Mikrotik Router Up','✅ Hi Kazungu, your mikrotik router - La Zungu is back online.',0,'2025-09-07 20:27:22','2025-09-07 20:27:22'),(10439,13,NULL,'Mikrotik Router Up','✅ Hi Kazungu, your mikrotik router - La Zungu is back online.',0,'2025-09-07 20:28:22','2025-09-07 20:28:22'),(10440,13,NULL,'Mikrotik Router Up','✅ Hi Kazungu, your mikrotik router - La Zungu is back online.',0,'2025-09-07 20:29:22','2025-09-07 20:29:22'),(10441,13,NULL,'Mikrotik Router Up','✅ Hi Kazungu, your mikrotik router - La Zungu is back online.',0,'2025-09-07 20:30:22','2025-09-07 20:30:22'),(10442,13,NULL,'Mikrotik Router Up','✅ Hi Kazungu, your mikrotik router - La Zungu is back online.',0,'2025-09-07 20:31:22','2025-09-07 20:31:22'),(10443,13,NULL,'Mikrotik Router Up','✅ Hi Kazungu, your mikrotik router - La Zungu is back online.',0,'2025-09-07 20:32:22','2025-09-07 20:32:22'),(10444,13,NULL,'Mikrotik Router Up','✅ Hi Kazungu, your mikrotik router - La Zungu is back online.',0,'2025-09-07 20:33:22','2025-09-07 20:33:22'),(10445,13,NULL,'Mikrotik Router Up','✅ Hi Kazungu, your mikrotik router - La Zungu is back online.',0,'2025-09-07 20:34:22','2025-09-07 20:34:22'),(10446,13,NULL,'Mikrotik Router Up','✅ Hi Kazungu, your mikrotik router - La Zungu is back online.',0,'2025-09-07 20:35:22','2025-09-07 20:35:22'),(10447,13,NULL,'Mikrotik Router Up','✅ Hi Kazungu, your mikrotik router - La Zungu is back online.',0,'2025-09-07 20:36:22','2025-09-07 20:36:22'),(10448,13,NULL,'Mikrotik Router Up','✅ Hi Kazungu, your mikrotik router - La Zungu is back online.',0,'2025-09-07 20:37:22','2025-09-07 20:37:22'),(10449,13,NULL,'Mikrotik Router Up','✅ Hi Kazungu, your mikrotik router - La Zungu is back online.',0,'2025-09-07 20:38:22','2025-09-07 20:38:22'),(10450,13,NULL,'Mikrotik Router Up','✅ Hi Kazungu, your mikrotik router - La Zungu is back online.',0,'2025-09-07 20:39:22','2025-09-07 20:39:22'),(10451,13,NULL,'Mikrotik Router Up','✅ Hi Kazungu, your mikrotik router - La Zungu is back online.',0,'2025-09-07 20:40:22','2025-09-07 20:40:22'),(10452,13,NULL,'Mikrotik Router Up','✅ Hi Kazungu, your mikrotik router - La Zungu is back online.',0,'2025-09-07 20:41:22','2025-09-07 20:41:22'),(10453,13,NULL,'Mikrotik Router Up','✅ Hi Kazungu, your mikrotik router - La Zungu is back online.',0,'2025-09-07 20:42:22','2025-09-07 20:42:22'),(10454,13,NULL,'Mikrotik Router Up','✅ Hi Kazungu, your mikrotik router - La Zungu is back online.',0,'2025-09-07 20:43:22','2025-09-07 20:43:22'),(10455,13,NULL,'Mikrotik Router Up','✅ Hi Kazungu, your mikrotik router - La Zungu is back online.',0,'2025-09-07 20:44:22','2025-09-07 20:44:22'),(10456,13,NULL,'Mikrotik Router Up','✅ Hi Kazungu, your mikrotik router - La Zungu is back online.',0,'2025-09-07 20:45:22','2025-09-07 20:45:22'),(10457,13,NULL,'Mikrotik Router Up','✅ Hi Kazungu, your mikrotik router - La Zungu is back online.',0,'2025-09-07 20:46:22','2025-09-07 20:46:22'),(10458,13,NULL,'Mikrotik Router Up','✅ Hi Kazungu, your mikrotik router - La Zungu is back online.',0,'2025-09-07 20:47:22','2025-09-07 20:47:22'),(10459,13,NULL,'Mikrotik Router Up','✅ Hi Kazungu, your mikrotik router - La Zungu is back online.',0,'2025-09-07 20:48:22','2025-09-07 20:48:22'),(10460,13,NULL,'Mikrotik Router Up','✅ Hi Kazungu, your mikrotik router - La Zungu is back online.',0,'2025-09-07 20:49:22','2025-09-07 20:49:22'),(10461,13,NULL,'Mikrotik Router Up','✅ Hi Kazungu, your mikrotik router - La Zungu is back online.',0,'2025-09-07 20:50:23','2025-09-07 20:50:23'),(10462,13,NULL,'Mikrotik Router Up','✅ Hi Kazungu, your mikrotik router - La Zungu is back online.',0,'2025-09-07 20:51:22','2025-09-07 20:51:22'),(10463,13,NULL,'Mikrotik Router Up','✅ Hi Kazungu, your mikrotik router - La Zungu is back online.',0,'2025-09-07 20:52:22','2025-09-07 20:52:22'),(10464,13,NULL,'Mikrotik Router Up','✅ Hi Kazungu, your mikrotik router - La Zungu is back online.',0,'2025-09-07 20:53:22','2025-09-07 20:53:22'),(10465,13,NULL,'Mikrotik Router Up','✅ Hi Kazungu, your mikrotik router - La Zungu is back online.',0,'2025-09-07 20:54:22','2025-09-07 20:54:22'),(10466,13,NULL,'Mikrotik Router Up','✅ Hi Kazungu, your mikrotik router - La Zungu is back online.',0,'2025-09-07 20:55:22','2025-09-07 20:55:22'),(10467,13,NULL,'Mikrotik Router Up','✅ Hi Kazungu, your mikrotik router - La Zungu is back online.',0,'2025-09-07 20:56:22','2025-09-07 20:56:22'),(10468,13,NULL,'Mikrotik Router Up','✅ Hi Kazungu, your mikrotik router - La Zungu is back online.',0,'2025-09-07 20:57:22','2025-09-07 20:57:22'),(10469,13,NULL,'Mikrotik Router Up','✅ Hi Kazungu, your mikrotik router - La Zungu is back online.',0,'2025-09-07 20:58:22','2025-09-07 20:58:22'),(10470,13,NULL,'Mikrotik Router Up','✅ Hi Kazungu, your mikrotik router - La Zungu is back online.',0,'2025-09-07 20:59:22','2025-09-07 20:59:22'),(10471,13,NULL,'Mikrotik Router Up','✅ Hi Kazungu, your mikrotik router - La Zungu is back online.',0,'2025-09-07 21:00:22','2025-09-07 21:00:22'),(10472,13,NULL,'Mikrotik Router Up','✅ Hi Kazungu, your mikrotik router - La Zungu is back online.',0,'2025-09-07 21:01:21','2025-09-07 21:01:21'),(10473,13,NULL,'Mikrotik Router Up','✅ Hi Kazungu, your mikrotik router - La Zungu is back online.',0,'2025-09-07 21:02:23','2025-09-07 21:02:23'),(10474,13,NULL,'Mikrotik Router Up','✅ Hi Kazungu, your mikrotik router - La Zungu is back online.',0,'2025-09-07 21:03:22','2025-09-07 21:03:22'),(10475,13,NULL,'Mikrotik Router Up','✅ Hi Kazungu, your mikrotik router - La Zungu is back online.',0,'2025-09-07 21:04:21','2025-09-07 21:04:21'),(10476,13,NULL,'Mikrotik Router Up','✅ Hi Kazungu, your mikrotik router - La Zungu is back online.',0,'2025-09-07 21:05:22','2025-09-07 21:05:22'),(10477,13,NULL,'Mikrotik Router Up','✅ Hi Kazungu, your mikrotik router - La Zungu is back online.',0,'2025-09-07 21:06:22','2025-09-07 21:06:22'),(10478,13,NULL,'Mikrotik Router Up','✅ Hi Kazungu, your mikrotik router - La Zungu is back online.',0,'2025-09-07 21:07:21','2025-09-07 21:07:21'),(10479,13,NULL,'Mikrotik Router Up','✅ Hi Kazungu, your mikrotik router - La Zungu is back online.',0,'2025-09-07 21:08:22','2025-09-07 21:08:22'),(10480,13,NULL,'Mikrotik Router Up','✅ Hi Kazungu, your mikrotik router - La Zungu is back online.',0,'2025-09-07 21:09:22','2025-09-07 21:09:22'),(10481,13,NULL,'Mikrotik Router Up','✅ Hi Kazungu, your mikrotik router - La Zungu is back online.',0,'2025-09-07 21:10:22','2025-09-07 21:10:22'),(10482,13,NULL,'Mikrotik Router Up','✅ Hi Kazungu, your mikrotik router - La Zungu is back online.',0,'2025-09-07 21:11:22','2025-09-07 21:11:22'),(10483,13,NULL,'Mikrotik Router Up','✅ Hi Kazungu, your mikrotik router - La Zungu is back online.',0,'2025-09-07 21:12:22','2025-09-07 21:12:22'),(10484,13,NULL,'Mikrotik Router Up','✅ Hi Kazungu, your mikrotik router - La Zungu is back online.',0,'2025-09-07 21:13:22','2025-09-07 21:13:22'),(10485,13,NULL,'Mikrotik Router Up','✅ Hi Kazungu, your mikrotik router - La Zungu is back online.',0,'2025-09-07 21:14:22','2025-09-07 21:14:22'),(10486,13,NULL,'Mikrotik Router Up','✅ Hi Kazungu, your mikrotik router - La Zungu is back online.',0,'2025-09-07 21:15:22','2025-09-07 21:15:22'),(10487,13,NULL,'Mikrotik Router Up','✅ Hi Kazungu, your mikrotik router - La Zungu is back online.',0,'2025-09-07 21:16:22','2025-09-07 21:16:22'),(10488,13,NULL,'Mikrotik Router Up','✅ Hi Kazungu, your mikrotik router - La Zungu is back online.',0,'2025-09-07 21:17:24','2025-09-07 21:17:24'),(10489,13,NULL,'Mikrotik Router Up','✅ Hi Kazungu, your mikrotik router - La Zungu is back online.',0,'2025-09-07 21:18:22','2025-09-07 21:18:22'),(10490,13,NULL,'Mikrotik Router Up','✅ Hi Kazungu, your mikrotik router - La Zungu is back online.',0,'2025-09-07 21:19:22','2025-09-07 21:19:22'),(10491,13,NULL,'Mikrotik Router Up','✅ Hi Kazungu, your mikrotik router - La Zungu is back online.',0,'2025-09-07 21:20:22','2025-09-07 21:20:22'),(10492,13,NULL,'Mikrotik Router Up','✅ Hi Kazungu, your mikrotik router - La Zungu is back online.',0,'2025-09-07 21:21:22','2025-09-07 21:21:22'),(10493,13,NULL,'Mikrotik Router Up','✅ Hi Kazungu, your mikrotik router - La Zungu is back online.',0,'2025-09-07 21:22:23','2025-09-07 21:22:23'),(10494,13,NULL,'Mikrotik Router Up','✅ Hi Kazungu, your mikrotik router - La Zungu is back online.',0,'2025-09-07 21:23:22','2025-09-07 21:23:22'),(10495,13,NULL,'Mikrotik Router Up','✅ Hi Kazungu, your mikrotik router - La Zungu is back online.',0,'2025-09-07 21:24:22','2025-09-07 21:24:22'),(10496,13,NULL,'Mikrotik Router Up','✅ Hi Kazungu, your mikrotik router - La Zungu is back online.',0,'2025-09-07 21:25:22','2025-09-07 21:25:22'),(10497,13,NULL,'Mikrotik Router Up','✅ Hi Kazungu, your mikrotik router - La Zungu is back online.',0,'2025-09-07 21:26:22','2025-09-07 21:26:22'),(10498,13,NULL,'Mikrotik Router Up','✅ Hi Kazungu, your mikrotik router - La Zungu is back online.',0,'2025-09-07 21:27:22','2025-09-07 21:27:22'),(10499,13,NULL,'Mikrotik Router Up','✅ Hi Kazungu, your mikrotik router - La Zungu is back online.',0,'2025-09-07 21:28:22','2025-09-07 21:28:22'),(10500,13,NULL,'Mikrotik Router Up','✅ Hi Kazungu, your mikrotik router - La Zungu is back online.',0,'2025-09-07 21:29:22','2025-09-07 21:29:22'),(10501,13,NULL,'Mikrotik Router Up','✅ Hi Kazungu, your mikrotik router - La Zungu is back online.',0,'2025-09-07 21:30:23','2025-09-07 21:30:23'),(10502,13,NULL,'Mikrotik Router Up','✅ Hi Kazungu, your mikrotik router - La Zungu is back online.',0,'2025-09-07 21:31:22','2025-09-07 21:31:22'),(10503,13,NULL,'Mikrotik Router Up','✅ Hi Kazungu, your mikrotik router - La Zungu is back online.',0,'2025-09-07 21:32:22','2025-09-07 21:32:22'),(10504,13,NULL,'Mikrotik Router Up','✅ Hi Kazungu, your mikrotik router - La Zungu is back online.',0,'2025-09-07 21:33:22','2025-09-07 21:33:22'),(10505,13,NULL,'Mikrotik Router Up','✅ Hi Kazungu, your mikrotik router - La Zungu is back online.',0,'2025-09-07 21:34:22','2025-09-07 21:34:22'),(10506,13,NULL,'Mikrotik Router Up','✅ Hi Kazungu, your mikrotik router - La Zungu is back online.',0,'2025-09-07 21:35:23','2025-09-07 21:35:23'),(10507,13,NULL,'Mikrotik Router Up','✅ Hi Kazungu, your mikrotik router - La Zungu is back online.',0,'2025-09-07 21:36:22','2025-09-07 21:36:22'),(10508,13,NULL,'Mikrotik Router Up','✅ Hi Kazungu, your mikrotik router - La Zungu is back online.',0,'2025-09-07 21:37:22','2025-09-07 21:37:22'),(10509,13,NULL,'Mikrotik Router Up','✅ Hi Kazungu, your mikrotik router - La Zungu is back online.',0,'2025-09-07 21:38:22','2025-09-07 21:38:22'),(10510,13,NULL,'Mikrotik Router Up','✅ Hi Kazungu, your mikrotik router - La Zungu is back online.',0,'2025-09-07 21:39:22','2025-09-07 21:39:22'),(10511,13,NULL,'Mikrotik Router Up','✅ Hi Kazungu, your mikrotik router - La Zungu is back online.',0,'2025-09-07 21:40:22','2025-09-07 21:40:22'),(10512,13,NULL,'Mikrotik Router Up','✅ Hi Kazungu, your mikrotik router - La Zungu is back online.',0,'2025-09-07 21:41:22','2025-09-07 21:41:22'),(10513,13,NULL,'Mikrotik Router Up','✅ Hi Kazungu, your mikrotik router - La Zungu is back online.',0,'2025-09-07 21:42:22','2025-09-07 21:42:22'),(10514,13,NULL,'Mikrotik Router Up','✅ Hi Kazungu, your mikrotik router - La Zungu is back online.',0,'2025-09-07 21:43:22','2025-09-07 21:43:22'),(10515,13,NULL,'Mikrotik Router Up','✅ Hi Kazungu, your mikrotik router - La Zungu is back online.',0,'2025-09-07 21:44:22','2025-09-07 21:44:22'),(10516,13,NULL,'Mikrotik Router Up','✅ Hi Kazungu, your mikrotik router - La Zungu is back online.',0,'2025-09-07 21:45:22','2025-09-07 21:45:22'),(10517,13,NULL,'Mikrotik Router Up','✅ Hi Kazungu, your mikrotik router - La Zungu is back online.',0,'2025-09-07 21:46:22','2025-09-07 21:46:22'),(10518,13,NULL,'Mikrotik Router Up','✅ Hi Kazungu, your mikrotik router - La Zungu is back online.',0,'2025-09-07 21:47:21','2025-09-07 21:47:21'),(10519,13,NULL,'Mikrotik Router Up','✅ Hi Kazungu, your mikrotik router - La Zungu is back online.',0,'2025-09-07 21:48:22','2025-09-07 21:48:22'),(10520,13,NULL,'Mikrotik Router Up','✅ Hi Kazungu, your mikrotik router - La Zungu is back online.',0,'2025-09-07 21:49:22','2025-09-07 21:49:22'),(10521,13,NULL,'Mikrotik Router Up','✅ Hi Kazungu, your mikrotik router - La Zungu is back online.',0,'2025-09-07 21:50:22','2025-09-07 21:50:22'),(10522,13,NULL,'Mikrotik Router Up','✅ Hi Kazungu, your mikrotik router - La Zungu is back online.',0,'2025-09-07 21:51:22','2025-09-07 21:51:22'),(10523,13,NULL,'Mikrotik Router Up','✅ Hi Kazungu, your mikrotik router - La Zungu is back online.',0,'2025-09-07 21:52:22','2025-09-07 21:52:22'),(10524,13,NULL,'Mikrotik Router Up','✅ Hi Kazungu, your mikrotik router - La Zungu is back online.',0,'2025-09-07 21:53:22','2025-09-07 21:53:22'),(10525,13,NULL,'Mikrotik Router Up','✅ Hi Kazungu, your mikrotik router - La Zungu is back online.',0,'2025-09-07 21:54:22','2025-09-07 21:54:22'),(10526,13,NULL,'Mikrotik Router Up','✅ Hi Kazungu, your mikrotik router - La Zungu is back online.',0,'2025-09-07 21:55:23','2025-09-07 21:55:23'),(10527,13,NULL,'Mikrotik Router Up','✅ Hi Kazungu, your mikrotik router - La Zungu is back online.',0,'2025-09-07 21:56:23','2025-09-07 21:56:23'),(10528,13,NULL,'Mikrotik Router Up','✅ Hi Kazungu, your mikrotik router - La Zungu is back online.',0,'2025-09-07 21:57:22','2025-09-07 21:57:22'),(10529,13,NULL,'Mikrotik Router Up','✅ Hi Kazungu, your mikrotik router - La Zungu is back online.',0,'2025-09-07 21:58:22','2025-09-07 21:58:22'),(10530,13,NULL,'Mikrotik Router Up','✅ Hi Kazungu, your mikrotik router - La Zungu is back online.',0,'2025-09-07 21:59:22','2025-09-07 21:59:22'),(10531,13,NULL,'Mikrotik Router Up','✅ Hi Kazungu, your mikrotik router - La Zungu is back online.',0,'2025-09-07 22:00:23','2025-09-07 22:00:23'),(10532,13,NULL,'Mikrotik Router Up','✅ Hi Kazungu, your mikrotik router - La Zungu is back online.',0,'2025-09-07 22:01:23','2025-09-07 22:01:23'),(10533,13,NULL,'Mikrotik Router Up','✅ Hi Kazungu, your mikrotik router - La Zungu is back online.',0,'2025-09-07 22:02:21','2025-09-07 22:02:21'),(10534,13,NULL,'Mikrotik Router Up','✅ Hi Kazungu, your mikrotik router - La Zungu is back online.',0,'2025-09-07 22:03:22','2025-09-07 22:03:22'),(10535,13,NULL,'Mikrotik Router Up','✅ Hi Kazungu, your mikrotik router - La Zungu is back online.',0,'2025-09-07 22:04:22','2025-09-07 22:04:22'),(10536,13,NULL,'Mikrotik Router Up','✅ Hi Kazungu, your mikrotik router - La Zungu is back online.',0,'2025-09-07 22:05:22','2025-09-07 22:05:22'),(10537,13,NULL,'Mikrotik Router Up','✅ Hi Kazungu, your mikrotik router - La Zungu is back online.',0,'2025-09-07 22:06:22','2025-09-07 22:06:22'),(10538,13,NULL,'Mikrotik Router Up','✅ Hi Kazungu, your mikrotik router - La Zungu is back online.',0,'2025-09-07 22:07:22','2025-09-07 22:07:22'),(10539,13,NULL,'Mikrotik Router Up','✅ Hi Kazungu, your mikrotik router - La Zungu is back online.',0,'2025-09-07 22:08:22','2025-09-07 22:08:22'),(10540,13,NULL,'Mikrotik Router Up','✅ Hi Kazungu, your mikrotik router - La Zungu is back online.',0,'2025-09-07 22:09:22','2025-09-07 22:09:22'),(10541,13,NULL,'Mikrotik Router Up','✅ Hi Kazungu, your mikrotik router - La Zungu is back online.',0,'2025-09-07 22:10:22','2025-09-07 22:10:22'),(10542,13,NULL,'Mikrotik Router Up','✅ Hi Kazungu, your mikrotik router - La Zungu is back online.',0,'2025-09-07 22:11:22','2025-09-07 22:11:22'),(10543,13,NULL,'Mikrotik Router Up','✅ Hi Kazungu, your mikrotik router - La Zungu is back online.',0,'2025-09-07 22:12:22','2025-09-07 22:12:22'),(10544,13,NULL,'Mikrotik Router Up','✅ Hi Kazungu, your mikrotik router - La Zungu is back online.',0,'2025-09-07 22:13:22','2025-09-07 22:13:22'),(10545,13,NULL,'Mikrotik Router Up','✅ Hi Kazungu, your mikrotik router - La Zungu is back online.',0,'2025-09-07 22:14:22','2025-09-07 22:14:22'),(10546,13,NULL,'Mikrotik Router Up','✅ Hi Kazungu, your mikrotik router - La Zungu is back online.',0,'2025-09-07 22:15:22','2025-09-07 22:15:22'),(10547,13,NULL,'Mikrotik Router Up','✅ Hi Kazungu, your mikrotik router - La Zungu is back online.',0,'2025-09-07 22:16:22','2025-09-07 22:16:22'),(10548,13,NULL,'Mikrotik Router Up','✅ Hi Kazungu, your mikrotik router - La Zungu is back online.',0,'2025-09-07 22:17:24','2025-09-07 22:17:24'),(10549,13,NULL,'Mikrotik Router Up','✅ Hi Kazungu, your mikrotik router - La Zungu is back online.',0,'2025-09-07 22:18:22','2025-09-07 22:18:22'),(10550,13,NULL,'Mikrotik Router Up','✅ Hi Kazungu, your mikrotik router - La Zungu is back online.',0,'2025-09-07 22:19:22','2025-09-07 22:19:22'),(10551,13,NULL,'Mikrotik Router Up','✅ Hi Kazungu, your mikrotik router - La Zungu is back online.',0,'2025-09-07 22:20:26','2025-09-07 22:20:26'),(10552,13,NULL,'Mikrotik Router Up','✅ Hi Kazungu, your mikrotik router - La Zungu is back online.',0,'2025-09-07 22:21:22','2025-09-07 22:21:22'),(10553,13,NULL,'Mikrotik Router Up','✅ Hi Kazungu, your mikrotik router - La Zungu is back online.',0,'2025-09-07 22:22:22','2025-09-07 22:22:22'),(10554,13,NULL,'Mikrotik Router Up','✅ Hi Kazungu, your mikrotik router - La Zungu is back online.',0,'2025-09-07 22:23:22','2025-09-07 22:23:22'),(10555,13,NULL,'Mikrotik Router Up','✅ Hi Kazungu, your mikrotik router - La Zungu is back online.',0,'2025-09-07 22:24:22','2025-09-07 22:24:22'),(10556,13,NULL,'Mikrotik Router Up','✅ Hi Kazungu, your mikrotik router - La Zungu is back online.',0,'2025-09-07 22:25:22','2025-09-07 22:25:22'),(10557,13,NULL,'Mikrotik Router Up','✅ Hi Kazungu, your mikrotik router - La Zungu is back online.',0,'2025-09-07 22:26:22','2025-09-07 22:26:22'),(10558,13,NULL,'Mikrotik Router Up','✅ Hi Kazungu, your mikrotik router - La Zungu is back online.',0,'2025-09-07 22:27:22','2025-09-07 22:27:22'),(10559,13,NULL,'Mikrotik Router Up','✅ Hi Kazungu, your mikrotik router - La Zungu is back online.',0,'2025-09-07 22:28:22','2025-09-07 22:28:22'),(10560,13,NULL,'Mikrotik Router Up','✅ Hi Kazungu, your mikrotik router - La Zungu is back online.',0,'2025-09-07 22:29:22','2025-09-07 22:29:22'),(10561,13,NULL,'Mikrotik Router Up','✅ Hi Kazungu, your mikrotik router - La Zungu is back online.',0,'2025-09-07 22:30:22','2025-09-07 22:30:22');

--
-- Table structure for table `out_messages`
--

CREATE TABLE `out_messages` (
  `id` bigint unsigned NOT NULL AUTO_INCREMENT,
  `message_mode_id` bigint unsigned NOT NULL,
  `phone` varchar(191) COLLATE utf8mb4_unicode_ci DEFAULT NULL,
  `email` varchar(191) COLLATE utf8mb4_unicode_ci DEFAULT NULL,
  `title` varchar(191) COLLATE utf8mb4_unicode_ci DEFAULT NULL,
  `content` longtext COLLATE utf8mb4_unicode_ci NOT NULL,
  `filename` varchar(191) COLLATE utf8mb4_unicode_ci DEFAULT NULL,
  `created_at` timestamp NULL DEFAULT NULL,
  `updated_at` timestamp NULL DEFAULT NULL,
  PRIMARY KEY (`id`),
  KEY `out_messages_message_mode_id_foreign` (`message_mode_id`),
  CONSTRAINT `out_messages_message_mode_id_foreign` FOREIGN KEY (`message_mode_id`) REFERENCES `message_modes` (`id`) ON DELETE CASCADE
) ENGINE=InnoDB DEFAULT CHARSET=utf8mb4 COLLATE=utf8mb4_unicode_ci;

--
-- Dumping data for table `out_messages`
--


--
-- Table structure for table `outgoing_transaction_entities`
--

CREATE TABLE `outgoing_transaction_entities` (
  `id` bigint unsigned NOT NULL AUTO_INCREMENT,
  `outgoing_transaction_id` int NOT NULL,
  `company_grouped_transaction_id` int NOT NULL,
  `amount` decimal(8,2) NOT NULL DEFAULT '0.00',
  `created_at` timestamp NULL DEFAULT NULL,
  `updated_at` timestamp NULL DEFAULT NULL,
  `deleted_at` timestamp NULL DEFAULT NULL,
  PRIMARY KEY (`id`)
) ENGINE=InnoDB AUTO_INCREMENT=13 DEFAULT CHARSET=utf8mb4 COLLATE=utf8mb4_unicode_ci;

--
-- Dumping data for table `outgoing_transaction_entities`
--

INSERT INTO `outgoing_transaction_entities` VALUES (1,1,3,210.00,'2025-08-05 19:03:36','2025-08-05 19:03:36',NULL),(2,2,4,210.00,'2025-08-06 20:02:48','2025-08-06 20:02:48',NULL),(3,3,5,1000.00,'2025-08-07 18:53:54','2025-08-07 18:53:54',NULL),(4,4,6,500.00,'2025-08-08 15:56:03','2025-08-08 15:56:03',NULL),(5,5,7,1000.00,'2025-08-09 11:05:18','2025-08-09 11:05:18',NULL),(6,6,8,500.00,'2025-08-09 13:37:14','2025-08-09 13:37:14',NULL),(7,7,9,1000.00,'2025-08-09 15:21:56','2025-08-09 15:21:56',NULL),(8,8,10,1000.00,'2025-08-10 19:09:47','2025-08-10 19:09:47',NULL),(9,9,11,1000.00,'2025-08-11 18:56:22','2025-08-11 18:56:22',NULL),(10,10,12,1000.00,'2025-08-11 19:33:37','2025-08-11 19:33:37',NULL),(11,11,13,210.00,'2025-08-14 20:20:46','2025-08-14 20:20:46',NULL),(12,12,14,1000.00,'2025-08-16 06:35:15','2025-08-16 06:35:15',NULL);

--
-- Table structure for table `outgoing_transactions`
--

CREATE TABLE `outgoing_transactions` (
  `id` bigint unsigned NOT NULL AUTO_INCREMENT,
  `ref_no` varchar(191) COLLATE utf8mb4_unicode_ci NOT NULL,
  `company_router_id` int DEFAULT NULL,
  `director_share_id` int DEFAULT NULL,
  `company_customer_invocie_id` int DEFAULT NULL,
  `user_id` int DEFAULT NULL,
  `transaction_code` varchar(191) COLLATE utf8mb4_unicode_ci NOT NULL,
  `amount` decimal(8,2) NOT NULL DEFAULT '0.00',
  `recipient` varchar(191) COLLATE utf8mb4_unicode_ci NOT NULL,
  `description` longtext COLLATE utf8mb4_unicode_ci,
  `checkout_id` varchar(191) COLLATE utf8mb4_unicode_ci DEFAULT NULL,
  `created_at` timestamp NULL DEFAULT NULL,
  `updated_at` timestamp NULL DEFAULT NULL,
  `deleted_at` timestamp NULL DEFAULT NULL,
  PRIMARY KEY (`id`)
) ENGINE=InnoDB AUTO_INCREMENT=13 DEFAULT CHARSET=utf8mb4 COLLATE=utf8mb4_unicode_ci;

--
-- Dumping data for table `outgoing_transactions`
--

INSERT INTO `outgoing_transactions` VALUES (1,'GA8S5U',2,NULL,NULL,NULL,'0964383972',210.00,'123456','Money sent to 123456 on account number 123456 ','514066','2025-08-05 19:03:36','2025-08-05 19:03:36',NULL),(2,'7YL9KT',2,NULL,NULL,NULL,'0964774233',210.00,'123456','Money sent to 123456 on account number 123456 ','151783','2025-08-06 20:02:48','2025-08-06 20:02:48',NULL),(3,'K9BH8E',2,NULL,NULL,NULL,'1307377571',1000.00,'123456','Money sent to 123456 on account number 123456 ','788624','2025-08-07 18:53:54','2025-08-07 18:53:54',NULL),(4,'8EPQ27',2,NULL,NULL,NULL,'1308639764',500.00,'123456','Money sent to 123456 on account number 123456 ','762516','2025-08-08 15:56:03','2025-08-08 15:56:03',NULL),(5,'OZP260',2,NULL,NULL,NULL,'1309788641',1000.00,'123456','Money sent to 123456 on account number 123456 ','465166','2025-08-09 11:05:18','2025-08-09 11:05:18',NULL),(6,'0ME2JD',2,NULL,NULL,NULL,'1309940132',500.00,'123456','Money sent to 123456 on account number 123456 ','320618','2025-08-09 13:37:14','2025-08-09 13:37:14',NULL),(7,'JU3FQ6',2,NULL,NULL,NULL,'1310045490',1000.00,'123456','Money sent to 123456 on account number 123456 ','184295','2025-08-09 15:21:56','2025-08-09 15:21:56',NULL),(8,'R0PHAV',2,NULL,NULL,NULL,'1311713416',1000.00,'123456','Money sent to 123456 on account number 123456 ','792168','2025-08-10 19:09:47','2025-08-10 19:09:47',NULL),(9,'Y4CP6J',2,NULL,NULL,NULL,'1313139026',1000.00,'123456','Money sent to 123456 on account number 123456 ','431003','2025-08-11 18:56:22','2025-08-11 18:56:22',NULL),(10,'58RHPU',2,NULL,NULL,NULL,'1313175196',1000.00,'123456','Money sent to 123456 on account number 123456 ','021868','2025-08-11 19:33:37','2025-08-11 19:33:37',NULL),(11,'E4FVO2',2,NULL,NULL,NULL,'0967592079',210.00,'123456','Money sent to 123456 on account number 123456 ','118106','2025-08-14 20:20:46','2025-08-14 20:20:46',NULL),(12,'1CKLJO',2,NULL,NULL,NULL,'1319598138',1000.00,'123456','Money sent to 123456 on account number 123456 ','580259','2025-08-16 06:35:15','2025-08-16 06:35:15',NULL);

--
-- Table structure for table `paid_users`
--

CREATE TABLE `paid_users` (
  `id` bigint unsigned NOT NULL AUTO_INCREMENT,
  `company_router_id` bigint unsigned DEFAULT NULL,
  `company_grouped_transaction_id` int DEFAULT NULL,
  `mac_address` varchar(191) COLLATE utf8mb4_unicode_ci NOT NULL,
  `username` varchar(191) COLLATE utf8mb4_unicode_ci NOT NULL,
  `password` varchar(191) COLLATE utf8mb4_unicode_ci NOT NULL,
  `phone` varchar(191) COLLATE utf8mb4_unicode_ci DEFAULT NULL,
  `message` longtext COLLATE utf8mb4_unicode_ci,
  `created_at` timestamp NULL DEFAULT NULL,
  `updated_at` timestamp NULL DEFAULT NULL,
  PRIMARY KEY (`id`),
  KEY `paid_users_company_router_id_foreign` (`company_router_id`),
  CONSTRAINT `paid_users_company_router_id_foreign` FOREIGN KEY (`company_router_id`) REFERENCES `company_routers` (`id`) ON DELETE CASCADE
) ENGINE=InnoDB AUTO_INCREMENT=305 DEFAULT CHARSET=utf8mb4 COLLATE=utf8mb4_unicode_ci;

--
-- Dumping data for table `paid_users`
--

INSERT INTO `paid_users` VALUES (129,7,140,'DE:FE:99:B9:7F:F5','749353','4130','255785581266','Greetings, thank you for purchasing [plan] plan worthy 200.00. Please use [username] as the username and 4130 as your password to reconnect yourself. Your subscription expires at [expiry_date].','2025-09-01 10:47:58','2025-09-01 10:47:58'),(174,2,185,'FE:02:BF:6C:60:89','702460','7336','255611299495','Greetings, thank you for purchasing [plan] plan worthy 210.00. Please use [username] as the username and 7336 as your password to reconnect yourself. Your subscription expires at [expiry_date].','2025-09-02 23:31:28','2025-09-02 23:31:28'),(301,2,315,'92:9C:38:2D:F4:86','251231','7529','255761028792','Greetings, thank you for purchasing [plan] plan worthy 300.00. Please use [username] as the username and 7529 as your password to reconnect yourself. Your subscription expires at [expiry_date].','2025-09-07 19:53:13','2025-09-07 19:53:13');

--
-- Table structure for table `password_reset_tokens`
--

CREATE TABLE `password_reset_tokens` (
  `email` varchar(191) COLLATE utf8mb4_unicode_ci NOT NULL,
  `token` varchar(191) COLLATE utf8mb4_unicode_ci NOT NULL,
  `created_at` timestamp NULL DEFAULT NULL,
  PRIMARY KEY (`email`)
) ENGINE=InnoDB DEFAULT CHARSET=utf8mb4 COLLATE=utf8mb4_unicode_ci;

--
-- Dumping data for table `password_reset_tokens`
--


--
-- Table structure for table `paybill_transactions`
--

CREATE TABLE `paybill_transactions` (
  `id` bigint unsigned NOT NULL AUTO_INCREMENT,
  `ref_no` varchar(191) COLLATE utf8mb4_unicode_ci NOT NULL,
  `payment_mode_id` bigint unsigned NOT NULL,
  `phone_used` varchar(191) COLLATE utf8mb4_unicode_ci DEFAULT NULL,
  `transaction_code` varchar(191) COLLATE utf8mb4_unicode_ci DEFAULT NULL,
  `amount` decimal(8,2) NOT NULL DEFAULT '0.00',
  `checkout_id` varchar(191) COLLATE utf8mb4_unicode_ci DEFAULT NULL,
  `account_number` varchar(191) COLLATE utf8mb4_unicode_ci DEFAULT NULL,
  `created_at` timestamp NULL DEFAULT NULL,
  `updated_at` timestamp NULL DEFAULT NULL,
  `deleted_at` timestamp NULL DEFAULT NULL,
  PRIMARY KEY (`id`),
  KEY `paybill_transactions_payment_mode_id_foreign` (`payment_mode_id`),
  CONSTRAINT `paybill_transactions_payment_mode_id_foreign` FOREIGN KEY (`payment_mode_id`) REFERENCES `payment_modes` (`id`) ON DELETE CASCADE
) ENGINE=InnoDB DEFAULT CHARSET=utf8mb4 COLLATE=utf8mb4_unicode_ci;

--
-- Dumping data for table `paybill_transactions`
--


--
-- Table structure for table `payment_methods`
--

CREATE TABLE `payment_methods` (
  `id` bigint unsigned NOT NULL AUTO_INCREMENT,
  `ref_no` varchar(191) COLLATE utf8mb4_unicode_ci NOT NULL,
  `name` varchar(191) COLLATE utf8mb4_unicode_ci NOT NULL,
  `status` int NOT NULL DEFAULT '1' COMMENT '0=inactive, 1=active',
  `created_at` timestamp NULL DEFAULT NULL,
  `updated_at` timestamp NULL DEFAULT NULL,
  `deleted_at` timestamp NULL DEFAULT NULL,
  PRIMARY KEY (`id`)
) ENGINE=InnoDB AUTO_INCREMENT=3 DEFAULT CHARSET=utf8mb4 COLLATE=utf8mb4_unicode_ci;

--
-- Dumping data for table `payment_methods`
--

INSERT INTO `payment_methods` VALUES (1,'0001','Selcom',1,'2025-08-03 19:10:06','2025-08-03 19:10:06',NULL);

--
-- Table structure for table `payment_modes`
--

CREATE TABLE `payment_modes` (
  `id` bigint unsigned NOT NULL AUTO_INCREMENT,
  `ref_no` varchar(191) COLLATE utf8mb4_unicode_ci NOT NULL,
  `name` varchar(191) COLLATE utf8mb4_unicode_ci NOT NULL,
  `status` int NOT NULL DEFAULT '1' COMMENT '0=inactive, 1=active',
  `created_at` timestamp NULL DEFAULT NULL,
  `updated_at` timestamp NULL DEFAULT NULL,
  `deleted_at` timestamp NULL DEFAULT NULL,
  PRIMARY KEY (`id`)
) ENGINE=InnoDB AUTO_INCREMENT=4 DEFAULT CHARSET=utf8mb4 COLLATE=utf8mb4_unicode_ci;

--
-- Dumping data for table `payment_modes`
--

INSERT INTO `payment_modes` VALUES (1,'0001','M-PESA',1,'2025-08-03 19:10:05','2025-08-03 19:10:05',NULL),(2,'0002','M-PESA (Manually)',1,'2025-08-03 19:10:05','2025-08-03 19:10:05',NULL),(3,'0003','Cash',1,'2025-08-03 19:10:05','2025-08-03 19:10:05',NULL);

--
-- Table structure for table `payment_types`
--

CREATE TABLE `payment_types` (
  `id` bigint unsigned NOT NULL AUTO_INCREMENT,
  `name` varchar(191) COLLATE utf8mb4_unicode_ci NOT NULL,
  `created_at` timestamp NULL DEFAULT NULL,
  `updated_at` timestamp NULL DEFAULT NULL,
  `deleted_at` timestamp NULL DEFAULT NULL,
  PRIMARY KEY (`id`)
) ENGINE=InnoDB AUTO_INCREMENT=3 DEFAULT CHARSET=utf8mb4 COLLATE=utf8mb4_unicode_ci;

--
-- Dumping data for table `payment_types`
--

INSERT INTO `payment_types` VALUES (1,'Fixed Amount','2025-08-03 19:10:01','2025-08-03 19:10:01',NULL),(2,'Commission Based','2025-08-03 19:10:01','2025-08-03 19:10:01',NULL);

--
-- Table structure for table `permissions`
--

CREATE TABLE `permissions` (
  `id` bigint unsigned NOT NULL AUTO_INCREMENT,
  `name` varchar(191) COLLATE utf8mb4_unicode_ci NOT NULL,
  `group` varchar(191) COLLATE utf8mb4_unicode_ci DEFAULT NULL,
  `guard_name` varchar(191) COLLATE utf8mb4_unicode_ci NOT NULL,
  `created_at` timestamp NULL DEFAULT NULL,
  `updated_at` timestamp NULL DEFAULT NULL,
  PRIMARY KEY (`id`),
  UNIQUE KEY `permissions_name_guard_name_unique` (`name`,`guard_name`)
) ENGINE=InnoDB AUTO_INCREMENT=3 DEFAULT CHARSET=utf8mb4 COLLATE=utf8mb4_unicode_ci;

--
-- Dumping data for table `permissions`
--

INSERT INTO `permissions` VALUES (1,'Administer Company',NULL,'web','2025-08-03 19:10:01','2025-08-03 19:10:01'),(2,'Staff',NULL,'web','2025-08-03 19:10:01','2025-08-03 19:10:01');

--
-- Table structure for table `personal_access_tokens`
--

CREATE TABLE `personal_access_tokens` (
  `id` bigint unsigned NOT NULL AUTO_INCREMENT,
  `tokenable_type` varchar(191) COLLATE utf8mb4_unicode_ci NOT NULL,
  `tokenable_id` bigint unsigned NOT NULL,
  `name` varchar(191) COLLATE utf8mb4_unicode_ci NOT NULL,
  `token` varchar(64) COLLATE utf8mb4_unicode_ci NOT NULL,
  `abilities` text COLLATE utf8mb4_unicode_ci,
  `last_used_at` timestamp NULL DEFAULT NULL,
  `expires_at` timestamp NULL DEFAULT NULL,
  `created_at` timestamp NULL DEFAULT NULL,
  `updated_at` timestamp NULL DEFAULT NULL,
  PRIMARY KEY (`id`),
  UNIQUE KEY `personal_access_tokens_token_unique` (`token`),
  KEY `personal_access_tokens_tokenable_type_tokenable_id_index` (`tokenable_type`,`tokenable_id`)
) ENGINE=InnoDB DEFAULT CHARSET=utf8mb4 COLLATE=utf8mb4_unicode_ci;

--
-- Dumping data for table `personal_access_tokens`
--


--
-- Table structure for table `plan_validity_types`
--

CREATE TABLE `plan_validity_types` (
  `id` bigint unsigned NOT NULL AUTO_INCREMENT,
  `ref_no` varchar(191) COLLATE utf8mb4_unicode_ci NOT NULL,
  `name` varchar(191) COLLATE utf8mb4_unicode_ci NOT NULL,
  `entity` varchar(191) COLLATE utf8mb4_unicode_ci NOT NULL,
  `created_at` timestamp NULL DEFAULT NULL,
  `updated_at` timestamp NULL DEFAULT NULL,
  `deleted_at` timestamp NULL DEFAULT NULL,
  PRIMARY KEY (`id`)
) ENGINE=InnoDB AUTO_INCREMENT=4 DEFAULT CHARSET=utf8mb4 COLLATE=utf8mb4_unicode_ci;

--
-- Dumping data for table `plan_validity_types`
--

INSERT INTO `plan_validity_types` VALUES (1,'0001','Minutes','m','2025-08-03 19:10:02','2025-08-03 19:10:02',NULL),(2,'0002','Hours','h','2025-08-03 19:10:02','2025-08-03 19:10:02',NULL),(3,'0003','Days','d','2025-08-03 19:10:02','2025-08-03 19:10:02',NULL);

--
-- Table structure for table `potential_customers`
--

CREATE TABLE `potential_customers` (
  `id` bigint unsigned NOT NULL AUTO_INCREMENT,
  `company_id` int DEFAULT NULL,
  `names` varchar(191) COLLATE utf8mb4_unicode_ci DEFAULT NULL,
  `phone` varchar(191) COLLATE utf8mb4_unicode_ci NOT NULL,
  `description` longtext COLLATE utf8mb4_unicode_ci,
  `created_at` timestamp NULL DEFAULT NULL,
  `updated_at` timestamp NULL DEFAULT NULL,
  PRIMARY KEY (`id`)
) ENGINE=InnoDB DEFAULT CHARSET=utf8mb4 COLLATE=utf8mb4_unicode_ci;

--
-- Dumping data for table `potential_customers`
--


--
-- Table structure for table `role_has_permissions`
--

CREATE TABLE `role_has_permissions` (
  `permission_id` bigint unsigned NOT NULL,
  `role_id` bigint unsigned NOT NULL,
  PRIMARY KEY (`permission_id`,`role_id`),
  KEY `role_has_permissions_role_id_foreign` (`role_id`),
  CONSTRAINT `role_has_permissions_permission_id_foreign` FOREIGN KEY (`permission_id`) REFERENCES `permissions` (`id`) ON DELETE CASCADE,
  CONSTRAINT `role_has_permissions_role_id_foreign` FOREIGN KEY (`role_id`) REFERENCES `roles` (`id`) ON DELETE CASCADE
) ENGINE=InnoDB DEFAULT CHARSET=utf8mb4 COLLATE=utf8mb4_unicode_ci;

--
-- Dumping data for table `role_has_permissions`
--


--
-- Table structure for table `roles`
--

CREATE TABLE `roles` (
  `id` bigint unsigned NOT NULL AUTO_INCREMENT,
  `name` varchar(191) COLLATE utf8mb4_unicode_ci NOT NULL,
  `guard_name` varchar(191) COLLATE utf8mb4_unicode_ci NOT NULL,
  `created_at` timestamp NULL DEFAULT NULL,
  `updated_at` timestamp NULL DEFAULT NULL,
  PRIMARY KEY (`id`),
  UNIQUE KEY `roles_name_guard_name_unique` (`name`,`guard_name`)
) ENGINE=InnoDB AUTO_INCREMENT=4 DEFAULT CHARSET=utf8mb4 COLLATE=utf8mb4_unicode_ci;

--
-- Dumping data for table `roles`
--

INSERT INTO `roles` VALUES (1,'Administrator','web','2025-08-03 19:10:01','2025-08-03 19:10:01'),(2,'Client','web','2025-08-03 19:10:01','2025-08-03 19:10:01'),(3,'Referrer','web','2025-08-03 19:10:01','2025-08-03 19:10:01');

--
-- Table structure for table `service_plans`
--

CREATE TABLE `service_plans` (
  `id` bigint unsigned NOT NULL AUTO_INCREMENT,
  `ref_no` varchar(191) COLLATE utf8mb4_unicode_ci NOT NULL,
  `name` varchar(191) COLLATE utf8mb4_unicode_ci NOT NULL,
  `status` int NOT NULL DEFAULT '1' COMMENT '0=inactive, 1=active',
  `created_at` timestamp NULL DEFAULT NULL,
  `updated_at` timestamp NULL DEFAULT NULL,
  `deleted_at` timestamp NULL DEFAULT NULL,
  PRIMARY KEY (`id`)
) ENGINE=InnoDB AUTO_INCREMENT=4 DEFAULT CHARSET=utf8mb4 COLLATE=utf8mb4_unicode_ci;

--
-- Dumping data for table `service_plans`
--

INSERT INTO `service_plans` VALUES (1,'0001','Hotspot Plans',1,'2025-08-03 19:10:02','2025-08-03 19:10:02',NULL),(2,'0002','PPPoE Plans',1,'2025-08-03 19:10:02','2025-08-03 19:10:02',NULL),(3,'0003','Static Plans',1,'2025-08-03 19:10:02','2025-08-03 19:10:02',NULL);

--
-- Table structure for table `sessions`
--

CREATE TABLE `sessions` (
  `id` varchar(191) COLLATE utf8mb4_unicode_ci NOT NULL,
  `user_id` bigint unsigned DEFAULT NULL,
  `ip_address` varchar(45) COLLATE utf8mb4_unicode_ci DEFAULT NULL,
  `user_agent` text COLLATE utf8mb4_unicode_ci,
  `payload` longtext COLLATE utf8mb4_unicode_ci NOT NULL,
  `last_activity` int NOT NULL,
  PRIMARY KEY (`id`),
  KEY `sessions_user_id_index` (`user_id`),
  KEY `sessions_last_activity_index` (`last_activity`)
) ENGINE=InnoDB DEFAULT CHARSET=utf8mb4 COLLATE=utf8mb4_unicode_ci;

--
-- Dumping data for table `sessions`
--

INSERT INTO `sessions` VALUES ('eP15kNg835izxksjBKwmjaIJ7FZprGljHwpocj6N',NULL,'31.13.127.6','facebookexternalhit/1.1 (+http://www.facebook.com/externalhit_uatext.php)','YTozOntzOjY6Il90b2tlbiI7czo0MDoiVnJmRElrUzRKTkJ3Z0phQlVoR2hWeWhTTHZtZ3BLMUc1YkNNOEJGaiI7czo5OiJfcHJldmlvdXMiO2E6MTp7czozOiJ1cmwiO3M6MjY6Imh0dHA6Ly9oZXJpdGFnZWdyb3VwLmNvLmtlIjt9czo2OiJfZmxhc2giO2E6Mjp7czozOiJvbGQiO2E6MDp7fXM6MzoibmV3IjthOjA6e319fQ==',1757270569),('GfLYj44NdttYGFdIsMzX4y0izRfvJT9XvvdmNt0h',NULL,'31.13.127.27','Mozilla/5.0 (Windows NT 10.0; Win64; x64) AppleWebKit/537.36 (KHTML, like Gecko) Chrome/134.0.0.0 Safari/537.36 Edg/134.0.0.0','YTozOntzOjY6Il90b2tlbiI7czo0MDoicGwyREVPWVBlVnppUTdYSDZrUWtqUm5QcU1lMENDSkREMmkya2JpMyI7czo5OiJfcHJldmlvdXMiO2E6MTp7czozOiJ1cmwiO3M6MTQyOiJodHRwOi8vaGVyaXRhZ2Vncm91cC5jby5rZS8/ZmJjbGlkPUl3WlhoMGJnTmhaVzBDTVRFQUFSNFNVck9qNlMxdHQ0Rl9JXzBKWmlhbjhSSEpiOFMtdFRhYmRqdkZTemdSaXBmMmZEWXRMWF93cGs4dVZnX2FlbV9nWmdrWW1RM1ZUYUYxU1lzSERjUXlnIjt9czo2OiJfZmxhc2giO2E6Mjp7czozOiJvbGQiO2E6MDp7fXM6MzoibmV3IjthOjA6e319fQ==',1757270625),('lfbvVcx4zrDedRqpj1QVw27tMeBsWr3xTFwT8aSj',15,'41.59.162.56','Mozilla/5.0 (Windows NT 10.0; Win64; x64; rv:142.0) Gecko/20100101 Firefox/142.0','[encoded data, 406220 characters]