--
-- Host: localhost    Database: heritage
-- ------------------------------------------------------


--
-- Table structure for table `b2b_outgoing_transaction_charges`
--

CREATE TABLE `b2b_outgoing_transaction_charges` (
  `id` bigint unsigned NOT NULL AUTO_INCREMENT,
  `min_amount` int NOT NULL DEFAULT '0',
  `max_amount` int NOT NULL DEFAULT '0',
  `charges` int NOT NULL DEFAULT '0',
  `created_at` timestamp NULL DEFAULT NULL,
  `updated_at` timestamp NULL DEFAULT NULL,
  `deleted_at` timestamp NULL DEFAULT NULL,
  PRIMARY KEY (`id`)
) ENGINE=InnoDB AUTO_INCREMENT=19 DEFAULT CHARSET=utf8mb4 COLLATE=utf8mb4_unicode_ci;

--
-- Dumping data for table `b2b_outgoing_transaction_charges`
--

INSERT INTO `b2b_outgoing_transaction_charges` VALUES (1,1,49,2,'2025-08-03 19:10:09','2025-08-03 19:10:09',NULL),(2,50,100,3,'2025-08-03 19:10:09','2025-08-03 19:10:09',NULL),(3,101,500,8,'2025-08-03 19:10:09','2025-08-03 19:10:09',NULL),(4,501,1000,13,'2025-08-03 19:10:09','2025-08-03 19:10:09',NULL),(5,1001,1500,18,'2025-08-03 19:10:09','2025-08-03 19:10:09',NULL),(6,1501,2500,25,'2025-08-03 19:10:09','2025-08-03 19:10:09',NULL),(7,2501,3500,30,'2025-08-03 19:10:09','2025-08-03 19:10:09',NULL),(8,3501,5000,39,'2025-08-03 19:10:09','2025-08-03 19:10:09',NULL),(9,5001,7500,48,'2025-08-03 19:10:09','2025-08-03 19:10:09',NULL),(10,7501,10000,54,'2025-08-03 19:10:09','2025-08-03 19:10:09',NULL),(11,10001,15000,63,'2025-08-03 19:10:09','2025-08-03 19:10:09',NULL),(12,15001,20000,68,'2025-08-03 19:10:09','2025-08-03 19:10:09',NULL),(13,20001,25000,74,'2025-08-03 19:10:09','2025-08-03 19:10:09',NULL),(14,25001,30000,79,'2025-08-03 19:10:09','2025-08-03 19:10:09',NULL),(15,30001,35000,90,'2025-08-03 19:10:09','2025-08-03 19:10:09',NULL),(16,35001,40000,106,'2025-08-03 19:10:09','2025-08-03 19:10:09',NULL),(17,40001,45000,110,'2025-08-03 19:10:09','2025-08-03 19:10:09',NULL),(18,45001,50000000,115,'2025-08-03 19:10:09','2025-08-03 19:10:09',NULL);

--
-- Table structure for table `b2c_outgoing_transaction_charges`
--

CREATE TABLE `b2c_outgoing_transaction_charges` (
  `id` bigint unsigned NOT NULL AUTO_INCREMENT,
  `min_amount` int NOT NULL DEFAULT '0',
  `max_amount` int NOT NULL DEFAULT '0',
  `charges` int NOT NULL DEFAULT '0',
  `created_at` timestamp NULL DEFAULT NULL,
  `updated_at` timestamp NULL DEFAULT NULL,
  `deleted_at` timestamp NULL DEFAULT NULL,
  PRIMARY KEY (`id`)
) ENGINE=InnoDB AUTO_INCREMENT=6 DEFAULT CHARSET=utf8mb4 COLLATE=utf8mb4_unicode_ci;

--
-- Dumping data for table `b2c_outgoing_transaction_charges`
--

INSERT INTO `b2c_outgoing_transaction_charges` VALUES (1,1,100,0,'2025-08-03 19:10:09','2025-08-03 19:10:09',NULL),(2,101,1500,5,'2025-08-03 19:10:09','2025-08-03 19:10:09',NULL),(3,1501,5000,9,'2025-08-03 19:10:09','2025-08-03 19:10:09',NULL),(4,15001,20000,11,'2025-08-03 19:10:09','2025-08-03 19:10:09',NULL),(5,20001,250000,13,'2025-08-03 19:10:09','2025-08-03 19:10:09',NULL);

--
-- Table structure for table `banks`
--

CREATE TABLE `banks` (
  `id` bigint unsigned NOT NULL AUTO_INCREMENT,
  `name` varchar(191) COLLATE utf8mb4_unicode_ci NOT NULL,
  `paybill` varchar(191) COLLATE utf8mb4_unicode_ci DEFAULT NULL,
  `status` int NOT NULL DEFAULT '1' COMMENT '0=inactive, 1=active',
  `created_at` timestamp NULL DEFAULT NULL,
  `updated_at` timestamp NULL DEFAULT NULL,
  `deleted_at` timestamp NULL DEFAULT NULL,
  PRIMARY KEY (`id`)
) ENGINE=InnoDB AUTO_INCREMENT=41 DEFAULT CHARSET=utf8mb4 COLLATE=utf8mb4_unicode_ci;

--
-- Dumping data for table `banks`
--

INSERT INTO `banks` VALUES (1,'KCB','522522',1,'2025-08-03 19:10:06','2025-08-03 19:10:06',NULL),(2,'ABSA','303030',1,'2025-08-03 19:10:06','2025-08-03 19:10:06',NULL),(3,'Bank of Africa','972900',1,'2025-08-03 19:10:06','2025-08-03 19:10:06',NULL),(4,'Bank of Baroda Kenya Ltd','902363',1,'2025-08-03 19:10:06','2025-08-03 19:10:06',NULL),(5,'Chase Bank','552800',1,'2025-08-03 19:10:06','2025-08-03 19:10:06',NULL),(6,'Citi Bank','200700',1,'2025-08-03 19:10:06','2025-08-03 19:10:06',NULL),(7,'Consolidated Bank of Kenya','508400',1,'2025-08-03 19:10:06','2025-08-03 19:10:06',NULL),(8,'Cooperative Bank','400200',1,'2025-08-03 19:10:06','2025-08-03 19:10:06',NULL),(9,'Credit Bank','972700',1,'2025-08-03 19:10:06','2025-08-03 19:10:06',NULL),(10,'Development Bank','',1,'2025-08-03 19:10:06','2025-08-03 19:10:06',NULL),(11,'Diamond Trust Bank','516600',1,'2025-08-03 19:10:06','2025-08-03 19:10:06',NULL),(12,'Eco Bank','700205',1,'2025-08-03 19:10:06','2025-08-03 19:10:06',NULL),(13,'Equity Bank','247247',1,'2025-08-03 19:10:06','2025-08-03 19:10:06',NULL),(14,'Family Bank','222111',1,'2025-08-03 19:10:06','2025-08-03 19:10:06',NULL),(15,'Faulu Bank','328585',1,'2025-08-03 19:10:06','2025-08-03 19:10:06',NULL),(16,'Fidelity Commercial Bank Ltd','',1,'2025-08-03 19:10:06','2025-08-03 19:10:06',NULL),(17,'First Community Bank','919700',1,'2025-08-03 19:10:06','2025-08-03 19:10:06',NULL),(18,'Giro Bank','',1,'2025-08-03 19:10:06','2025-08-03 19:10:06',NULL),(19,'GT Bank','910200',1,'2025-08-03 19:10:06','2025-08-03 19:10:06',NULL),(20,'Guardian Bank','344500',1,'2025-08-03 19:10:06','2025-08-03 19:10:06',NULL),(21,'Gulf African Bank','985050',1,'2025-08-03 19:10:06','2025-08-03 19:10:06',NULL),(22,'Habib Bank Ltd','',1,'2025-08-03 19:10:06','2025-08-03 19:10:06',NULL),(23,'Habib Bank Zurich','',1,'2025-08-03 19:10:06','2025-08-03 19:10:06',NULL),(24,'Housing Finance Bank','100400',1,'2025-08-03 19:10:06','2025-08-03 19:10:06',NULL),(25,'I & M Bank','542542',1,'2025-08-03 19:10:06','2025-08-03 19:10:06',NULL),(26,'Jamii Bora Bank','529901',1,'2025-08-03 19:10:06','2025-08-03 19:10:06',NULL),(27,'KWFT','101200',1,'2025-08-03 19:10:06','2025-08-03 19:10:06',NULL),(28,'National Bank of Kenya','547700',1,'2025-08-03 19:10:06','2025-08-03 19:10:06',NULL),(29,'NCBA','880100',1,'2025-08-03 19:10:06','2025-08-03 19:10:06',NULL),(30,'Oriental Commercial Bank','986500',1,'2025-08-03 19:10:06','2025-08-03 19:10:06',NULL),(31,'Paramount Bank','907950',1,'2025-08-03 19:10:06','2025-08-03 19:10:06',NULL),(32,'Post Bank','200999',1,'2025-08-03 19:10:06','2025-08-03 19:10:06',NULL),(33,'Prime Bank','982800',1,'2025-08-03 19:10:06','2025-08-03 19:10:06',NULL),(34,'Sidian Bank','990832',1,'2025-08-03 19:10:06','2025-08-03 19:10:06',NULL),(35,'Spire Bank','498100',1,'2025-08-03 19:10:06','2025-08-03 19:10:06',NULL),(36,'Stanbic Bank','600100',1,'2025-08-03 19:10:06','2025-08-03 19:10:06',NULL),(37,'Standard Chartered Bank','329329',1,'2025-08-03 19:10:06','2025-08-03 19:10:06',NULL),(38,'Transnational Bank','862862',1,'2025-08-03 19:10:06','2025-08-03 19:10:06',NULL),(39,'UBA Bank','559900',1,'2025-08-03 19:10:06','2025-08-03 19:10:06',NULL),(40,'Victoria Bank','842100',1,'2025-08-03 19:10:06','2025-08-03 19:10:06',NULL);

--
-- Table structure for table `cache`
--

CREATE TABLE `cache` (
  `key` varchar(191) COLLATE utf8mb4_unicode_ci NOT NULL,
  `value` mediumtext COLLATE utf8mb4_unicode_ci NOT NULL,
  `expiration` int NOT NULL,
  PRIMARY KEY (`key`)
) ENGINE=InnoDB DEFAULT CHARSET=utf8mb4 COLLATE=utf8mb4_unicode_ci;

--
-- Dumping data for table `cache`
--

INSERT INTO `cache` VALUES ('+19396993017|91.98.27.203','i:3;',1754409463),('+19396993017|91.98.27.203:timer','i:1754409463;',1754409463),('+447782590045|45.13.225.69','i:1;',1754451641),('+447782590045|45.13.225.69:timer','i:1754451641;',1754451641),('0655054056|197.186.2.12','i:2;',1754648810),('0655054056|197.186.2.12:timer','i:1754648810;',1754648810),('0700000000|102.208.180.254','i:1;',1754302964),('0700000000|102.208.180.254:timer','i:1754302964;',1754302964),('0716327828|102.208.180.254','i:1;',1754633584),('0716327828|102.208.180.254:timer','i:1754633584;',1754633584),('7782590045|185.220.101.105','i:1;',1754451657),('7782590045|185.220.101.105:timer','i:1754451657;',1754451657),('7782590045|45.13.225.69','i:4;',1754451634),('7782590045|45.13.225.69:timer','i:1754451634;',1754451634),('9396993017|91.98.27.203','i:3;',1754409470),('9396993017|91.98.27.203:timer','i:1754409470;',1754409470),('admin|41.59.161.245','i:2;',1754411228),('admin|41.59.161.245:timer','i:1754411228;',1754411228),('banks','O:39:\"Illuminate\\Database\\Eloquent\\Collection\":2:{s:8:\"\0*\0items\";a:40:{i:0;O:15:\"App\\Models\\Bank\":31:{s:13:\"\0*\0connection\";s:5:\"mysql\";s:8:\"\0*\0table\";s:5:\"banks\";s:13:\"\0*\0primaryKey\";s:2:\"id\";s:10:\"\0*\0keyType\";s:3:\"int\";s:12:\"incrementing\";b:1;s:7:\"\0*\0with\";a:0:{}s:12:\"\0*\0withCount\";a:0:{}s:19:\"preventsLazyLoading\";b:0;s:10:\"\0*\0perPage\";i:15;s:6:\"exists\";b:1;s:18:\"wasRecentlyCreated\";b:0;s:28:\"\0*\0escapeWhenCastingToString\";b:0;s:13:\"\0*\0attributes\";a:7:{s:2:\"id\";i:1;s:4:\"name\";s:3:\"KCB\";s:7:\"paybill\";s:6:\"522522\";s:6:\"status\";i:1;s:10:\"created_at\";s:19:\"2025-08-03 21:10:06\";s:10:\"updated_at\";s:19:\"2025-08-03 21:10:06\";s:10:\"deleted_at\";N;}s:11:\"\0*\0original\";a:7:{s:2:\"id\";i:1;s:4:\"name\";s:3:\"KCB\";s:7:\"paybill\";s:6:\"522522\";s:6:\"status\";i:1;s:10:\"created_at\";s:19:\"2025-08-03 21:10:06\";s:10:\"updated_at\";s:19:\"2025-08-03 21:10:06\";s:10:\"deleted_at\";N;}s:10:\"\0*\0changes\";a:0:{}s:8:\"\0*\0casts\";a:1:{s:10:\"deleted_at\";s:8:\"datetime\";}s:17:\"\0*\0classCastCache\";a:0:{}s:21:\"\0*\0attributeCastCache\";a:0:{}s:13:\"\0*\0dateFormat\";N;s:10:\"\0*\0appends\";a:0:{}s:19:\"\0*\0dispatchesEvents\";a:0:{}s:14:\"\0*\0observables\";a:0:{}s:12:\"\0*\0relations\";a:0:{}s:10:\"\0*\0touches\";a:0:{}s:10:\"timestamps\";b:1;s:13:\"usesUniqueIds\";b:0;s:9:\"\0*\0hidden\";a:0:{}s:10:\"\0*\0visible\";a:0:{}s:11:\"\0*\0fillable\";a:3:{i:0;s:4:\"name\";i:1;s:7:\"paybill\";i:2;s:6:\"status\";}s:10:\"\0*\0guarded\";a:1:{i:0;s:1:\"*\";}s:16:\"\0*\0forceDeleting\";b:0;}i:1;O:15:\"App\\Models\\Bank\":31:{s:13:\"\0*\0connection\";s:5:\"mysql\";s:8:\"\0*\0table\";s:5:\"banks\";s:13:\"\0*\0primaryKey\";s:2:\"id\";s:10:\"\0*\0keyType\";s:3:\"int\";s:12:\"incrementing\";b:1;s:7:\"\0*\0with\";a:0:{}s:12:\"\0*\0withCount\";a:0:{}s:19:\"preventsLazyLoading\";b:0;s:10:\"\0*\0perPage\";i:15;s:6:\"exists\";b:1;s:18:\"wasRecentlyCreated\";b:0;s:28:\"\0*\0escapeWhenCastingToString\";b:0;s:13:\"\0*\0attributes\";a:7:{s:2:\"id\";i:2;s:4:\"name\";s:4:\"ABSA\";s:7:\"paybill\";s:6:\"303030\";s:6:\"status\";i:1;s:10:\"created_at\";s:19:\"2025-08-03 21:10:06\";s:10:\"updated_at\";s:19:\"2025-08-03 21:10:06\";s:10:\"deleted_at\";N;}s:11:\"\0*\0original\";a:7:{s:2:\"id\";i:2;s:4:\"name\";s:4:\"ABSA\";s:7:\"paybill\";s:6:\"303030\";s:6:\"status\";i:1;s:10:\"created_at\";s:19:\"2025-08-03 21:10:06\";s:10:\"updated_at\";s:19:\"2025-08-03 21:10:06\";s:10:\"deleted_at\";N;}s:10:\"\0*\0changes\";a:0:{}s:8:\"\0*\0casts\";a:1:{s:10:\"deleted_at\";s:8:\"datetime\";}s:17:\"\0*\0classCastCache\";a:0:{}s:21:\"\0*\0attributeCastCache\";a:0:{}s:13:\"\0*\0dateFormat\";N;s:10:\"\0*\0appends\";a:0:{}s:19:\"\0*\0dispatchesEvents\";a:0:{}s:14:\"\0*\0observables\";a:0:{}s:12:\"\0*\0relations\";a:0:{}s:10:\"\0*\0touches\";a:0:{}s:10:\"timestamps\";b:1;s:13:\"usesUniqueIds\";b:0;s:9:\"\0*\0hidden\";a:0:{}s:10:\"\0*\0visible\";a:0:{}s:11:\"\0*\0fillable\";a:3:{i:0;s:4:\"name\";i:1;s:7:\"paybill\";i:2;s:6:\"status\";}s:10:\"\0*\0guarded\";a:1:{i:0;s:1:\"*\";}s:16:\"\0*\0forceDeleting\";b:0;}i:2;O:15:\"App\\Models\\Bank\":31:{s:13:\"\0*\0connection\";s:5:\"mysql\";s:8:\"\0*\0table\";s:5:\"banks\";s:13:\"\0*\0primaryKey\";s:2:\"id\";s:10:\"\0*\0keyType\";s:3:\"int\";s:12:\"incrementing\";b:1;s:7:\"\0*\0with\";a:0:{}s:12:\"\0*\0withCount\";a:0:{}s:19:\"preventsLazyLoading\";b:0;s:10:\"\0*\0perPage\";i:15;s:6:\"exists\";b:1;s:18:\"wasRecentlyCreated\";b:0;s:28:\"\0*\0escapeWhenCastingToString\";b:0;s:13:\"\0*\0attributes\";a:7:{s:2:\"id\";i:3;s:4:\"name\";s:14:\"Bank of Africa\";s:7:\"paybill\";s:6:\"972900\";s:6:\"status\";i:1;s:10:\"created_at\";s:19:\"2025-08-03 21:10:06\";s:10:\"updated_at\";s:19:\"2025-08-03 21:10:06\";s:10:\"deleted_at\";N;}s:11:\"\0*\0original\";a:7:{s:2:\"id\";i:3;s:4:\"name\";s:14:\"Bank of Africa\";s:7:\"paybill\";s:6:\"972900\";s:6:\"status\";i:1;s:10:\"created_at\";s:19:\"2025-08-03 21:10:06\";s:10:\"updated_at\";s:19:\"2025-08-03 21:10:06\";s:10:\"deleted_at\";N;}s:10:\"\0*\0changes\";a:0:{}s:8:\"\0*\0casts\";a:1:{s:10:\"deleted_at\";s:8:\"datetime\";}s:17:\"\0*\0classCastCache\";a:0:{}s:21:\"\0*\0attributeCastCache\";a:0:{}s:13:\"\0*\0dateFormat\";N;s:10:\"\0*\0appends\";a:0:{}s:19:\"\0*\0dispatchesEvents\";a:0:{}s:14:\"\0*\0observables\";a:0:{}s:12:\"\0*\0relations\";a:0:{}s:10:\"\0*\0touches\";a:0:{}s:10:\"timestamps\";b:1;s:13:\"usesUniqueIds\";b:0;s:9:\"\0*\0hidden\";a:0:{}s:10:\"\0*\0visible\";a:0:{}s:11:\"\0*\0fillable\";a:3:{i:0;s:4:\"name\";i:1;s:7:\"paybill\";i:2;s:6:\"status\";}s:10:\"\0*\0guarded\";a:1:{i:0;s:1:\"*\";}s:16:\"\0*\0forceDeleting\";b:0;}i:3;O:15:\"App\\Models\\Bank\":31:{s:13:\"\0*\0connection\";s:5:\"mysql\";s:8:\"\0*\0table\";s:5:\"banks\";s:13:\"\0*\0primaryKey\";s:2:\"id\";s:10:\"\0*\0keyType\";s:3:\"int\";s:12:\"incrementing\";b:1;s:7:\"\0*\0with\";a:0:{}s:12:\"\0*\0withCount\";a:0:{}s:19:\"preventsLazyLoading\";b:0;s:10:\"\0*\0perPage\";i:15;s:6:\"exists\";b:1;s:18:\"wasRecentlyCreated\";b:0;s:28:\"\0*\0escapeWhenCastingToString\";b:0;s:13:\"\0*\0attributes\";a:7:{s:2:\"id\";i:4;s:4:\"name\";s:24:\"Bank of Baroda Kenya Ltd\";s:7:\"paybill\";s:6:\"902363\";s:6:\"status\";i:1;s:10:\"created_at\";s:19:\"2025-08-03 21:10:06\";s:10:\"updated_at\";s:19:\"2025-08-03 21:10:06\";s:10:\"deleted_at\";N;}s:11:\"\0*\0original\";a:7:{s:2:\"id\";i:4;s:4:\"name\";s:24:\"Bank of Baroda Kenya Ltd\";s:7:\"paybill\";s:6:\"902363\";s:6:\"status\";i:1;s:10:\"created_at\";s:19:\"2025-08-03 21:10:06\";s:10:\"updated_at\";s:19:\"2025-08-03 21:10:06\";s:10:\"deleted_at\";N;}s:10:\"\0*\0changes\";a:0:{}s:8:\"\0*\0casts\";a:1:{s:10:\"deleted_at\";s:8:\"datetime\";}s:17:\"\0*\0classCastCache\";a:0:{}s:21:\"\0*\0attributeCastCache\";a:0:{}s:13:\"\0*\0dateFormat\";N;s:10:\"\0*\0appends\";a:0:{}s:19:\"\0*\0dispatchesEvents\";a:0:{}s:14:\"\0*\0observables\";a:0:{}s:12:\"\0*\0relations\";a:0:{}s:10:\"\0*\0touches\";a:0:{}s:10:\"timestamps\";b:1;s:13:\"usesUniqueIds\";b:0;s:9:\"\0*\0hidden\";a:0:{}s:10:\"\0*\0visible\";a:0:{}s:11:\"\0*\0fillable\";a:3:{i:0;s:4:\"name\";i:1;s:7:\"paybill\";i:2;s:6:\"status\";}s:10:\"\0*\0guarded\";a:1:{i:0;s:1:\"*\";}s:16:\"\0*\0forceDeleting\";b:0;}i:4;O:15:\"App\\Models\\Bank\":31:{s:13:\"\0*\0connection\";s:5:\"mysql\";s:8:\"\0*\0table\";s:5:\"banks\";s:13:\"\0*\0primaryKey\";s:2:\"id\";s:10:\"\0*\0keyType\";s:3:\"int\";s:12:\"incrementing\";b:1;s:7:\"\0*\0with\";a:0:{}s:12:\"\0*\0withCount\";a:0:{}s:19:\"preventsLazyLoading\";b:0;s:10:\"\0*\0perPage\";i:15;s:6:\"exists\";b:1;s:18:\"wasRecentlyCreated\";b:0;s:28:\"\0*\0escapeWhenCastingToString\";b:0;s:13:\"\0*\0attributes\";a:7:{s:2:\"id\";i:5;s:4:\"name\";s:10:\"Chase Bank\";s:7:\"paybill\";s:6:\"552800\";s:6:\"status\";i:1;s:10:\"created_at\";s:19:\"2025-08-03 21:10:06\";s:10:\"updated_at\";s:19:\"2025-08-03 21:10:06\";s:10:\"deleted_at\";N;}s:11:\"\0*\0original\";a:7:{s:2:\"id\";i:5;s:4:\"name\";s:10:\"Chase Bank\";s:7:\"paybill\";s:6:\"552800\";s:6:\"status\";i:1;s:10:\"created_at\";s:19:\"2025-08-03 21:10:06\";s:10:\"updated_at\";s:19:\"2025-08-03 21:10:06\";s:10:\"deleted_at\";N;}s:10:\"\0*\0changes\";a:0:{}s:8:\"\0*\0casts\";a:1:{s:10:\"deleted_at\";s:8:\"datetime\";}s:17:\"\0*\0classCastCache\";a:0:{}s:21:\"\0*\0attributeCastCache\";a:0:{}s:13:\"\0*\0dateFormat\";N;s:10:\"\0*\0appends\";a:0:{}s:19:\"\0*\0dispatchesEvents\";a:0:{}s:14:\"\0*\0observables\";a:0:{}s:12:\"\0*\0relations\";a:0:{}s:10:\"\0*\0touches\";a:0:{}s:10:\"timestamps\";b:1;s:13:\"usesUniqueIds\";b:0;s:9:\"\0*\0hidden\";a:0:{}s:10:\"\0*\0visible\";a:0:{}s:11:\"\0*\0fillable\";a:3:{i:0;s:4:\"name\";i:1;s:7:\"paybill\";i:2;s:6:\"status\";}s:10:\"\0*\0guarded\";a:1:{i:0;s:1:\"*\";}s:16:\"\0*\0forceDeleting\";b:0;}i:5;O:15:\"App\\Models\\Bank\":31:{s:13:\"\0*\0connection\";s:5:\"mysql\";s:8:\"\0*\0table\";s:5:\"banks\";s:13:\"\0*\0primaryKey\";s:2:\"id\";s:10:\"\0*\0keyType\";s:3:\"int\";s:12:\"incrementing\";b:1;s:7:\"\0*\0with\";a:0:{}s:12:\"\0*\0withCount\";a:0:{}s:19:\"preventsLazyLoading\";b:0;s:10:\"\0*\0perPage\";i:15;s:6:\"exists\";b:1;s:18:\"wasRecentlyCreated\";b:0;s:28:\"\0*\0escapeWhenCastingToString\";b:0;s:13:\"\0*\0attributes\";a:7:{s:2:\"id\";i:6;s:4:\"name\";s:9:\"Citi Bank\";s:7:\"paybill\";s:6:\"200700\";s:6:\"status\";i:1;s:10:\"created_at\";s:19:\"2025-08-03 21:10:06\";s:10:\"updated_at\";s:19:\"2025-08-03 21:10:06\";s:10:\"deleted_at\";N;}s:11:\"\0*\0original\";a:7:{s:2:\"id\";i:6;s:4:\"name\";s:9:\"Citi Bank\";s:7:\"paybill\";s:6:\"200700\";s:6:\"status\";i:1;s:10:\"created_at\";s:19:\"2025-08-03 21:10:06\";s:10:\"updated_at\";s:19:\"2025-08-03 21:10:06\";s:10:\"deleted_at\";N;}s:10:\"\0*\0changes\";a:0:{}s:8:\"\0*\0casts\";a:1:{s:10:\"deleted_at\";s:8:\"datetime\";}s:17:\"\0*\0classCastCache\";a:0:{}s:21:\"\0*\0attributeCastCache\";a:0:{}s:13:\"\0*\0dateFormat\";N;s:10:\"\0*\0appends\";a:0:{}s:19:\"\0*\0dispatchesEvents\";a:0:{}s:14:\"\0*\0observables\";a:0:{}s:12:\"\0*\0relations\";a:0:{}s:10:\"\0*\0touches\";a:0:{}s:10:\"timestamps\";b:1;s:13:\"usesUniqueIds\";b:0;s:9:\"\0*\0hidden\";a:0:{}s:10:\"\0*\0visible\";a:0:{}s:11:\"\0*\0fillable\";a:3:{i:0;s:4:\"name\";i:1;s:7:\"paybill\";i:2;s:6:\"status\";}s:10:\"\0*\0guarded\";a:1:{i:0;s:1:\"*\";}s:16:\"\0*\0forceDeleting\";b:0;}i:6;O:15:\"App\\Models\\Bank\":31:{s:13:\"\0*\0connection\";s:5:\"mysql\";s:8:\"\0*\0table\";s:5:\"banks\";s:13:\"\0*\0primaryKey\";s:2:\"id\";s:10:\"\0*\0keyType\";s:3:\"int\";s:12:\"incrementing\";b:1;s:7:\"\0*\0with\";a:0:{}s:12:\"\0*\0withCount\";a:0:{}s:19:\"preventsLazyLoading\";b:0;s:10:\"\0*\0perPage\";i:15;s:6:\"exists\";b:1;s:18:\"wasRecentlyCreated\";b:0;s:28:\"\0*\0escapeWhenCastingToString\";b:0;s:13:\"\0*\0attributes\";a:7:{s:2:\"id\";i:7;s:4:\"name\";s:26:\"Consolidated Bank of Kenya\";s:7:\"paybill\";s:6:\"508400\";s:6:\"status\";i:1;s:10:\"created_at\";s:19:\"2025-08-03 21:10:06\";s:10:\"updated_at\";s:19:\"2025-08-03 21:10:06\";s:10:\"deleted_at\";N;}s:11:\"\0*\0original\";a:7:{s:2:\"id\";i:7;s:4:\"name\";s:26:\"Consolidated Bank of Kenya\";s:7:\"paybill\";s:6:\"508400\";s:6:\"status\";i:1;s:10:\"created_at\";s:19:\"2025-08-03 21:10:06\";s:10:\"updated_at\";s:19:\"2025-08-03 21:10:06\";s:10:\"deleted_at\";N;}s:10:\"\0*\0changes\";a:0:{}s:8:\"\0*\0casts\";a:1:{s:10:\"deleted_at\";s:8:\"datetime\";}s:17:\"\0*\0classCastCache\";a:0:{}s:21:\"\0*\0attributeCastCache\";a:0:{}s:13:\"\0*\0dateFormat\";N;s:10:\"\0*\0appends\";a:0:{}s:19:\"\0*\0dispatchesEvents\";a:0:{}s:14:\"\0*\0observables\";a:0:{}s:12:\"\0*\0relations\";a:0:{}s:10:\"\0*\0touches\";a:0:{}s:10:\"timestamps\";b:1;s:13:\"usesUniqueIds\";b:0;s:9:\"\0*\0hidden\";a:0:{}s:10:\"\0*\0visible\";a:0:{}s:11:\"\0*\0fillable\";a:3:{i:0;s:4:\"name\";i:1;s:7:\"paybill\";i:2;s:6:\"status\";}s:10:\"\0*\0guarded\";a:1:{i:0;s:1:\"*\";}s:16:\"\0*\0forceDeleting\";b:0;}i:7;O:15:\"App\\Models\\Bank\":31:{s:13:\"\0*\0connection\";s:5:\"mysql\";s:8:\"\0*\0table\";s:5:\"banks\";s:13:\"\0*\0primaryKey\";s:2:\"id\";s:10:\"\0*\0keyType\";s:3:\"int\";s:12:\"incrementing\";b:1;s:7:\"\0*\0with\";a:0:{}s:12:\"\0*\0withCount\";a:0:{}s:19:\"preventsLazyLoading\";b:0;s:10:\"\0*\0perPage\";i:15;s:6:\"exists\";b:1;s:18:\"wasRecentlyCreated\";b:0;s:28:\"\0*\0escapeWhenCastingToString\";b:0;s:13:\"\0*\0attributes\";a:7:{s:2:\"id\";i:8;s:4:\"name\";s:16:\"Cooperative Bank\";s:7:\"paybill\";s:6:\"400200\";s:6:\"status\";i:1;s:10:\"created_at\";s:19:\"2025-08-03 21:10:06\";s:10:\"updated_at\";s:19:\"2025-08-03 21:10:06\";s:10:\"deleted_at\";N;}s:11:\"\0*\0original\";a:7:{s:2:\"id\";i:8;s:4:\"name\";s:16:\"Cooperative Bank\";s:7:\"paybill\";s:6:\"400200\";s:6:\"status\";i:1;s:10:\"created_at\";s:19:\"2025-08-03 21:10:06\";s:10:\"updated_at\";s:19:\"2025-08-03 21:10:06\";s:10:\"deleted_at\";N;}s:10:\"\0*\0changes\";a:0:{}s:8:\"\0*\0casts\";a:1:{s:10:\"deleted_at\";s:8:\"datetime\";}s:17:\"\0*\0classCastCache\";a:0:{}s:21:\"\0*\0attributeCastCache\";a:0:{}s:13:\"\0*\0dateFormat\";N;s:10:\"\0*\0appends\";a:0:{}s:19:\"\0*\0dispatchesEvents\";a:0:{}s:14:\"\0*\0observables\";a:0:{}s:12:\"\0*\0relations\";a:0:{}s:10:\"\0*\0touches\";a:0:{}s:10:\"timestamps\";b:1;s:13:\"usesUniqueIds\";b:0;s:9:\"\0*\0hidden\";a:0:{}s:10:\"\0*\0visible\";a:0:{}s:11:\"\0*\0fillable\";a:3:{i:0;s:4:\"name\";i:1;s:7:\"paybill\";i:2;s:6:\"status\";}s:10:\"\0*\0guarded\";a:1:{i:0;s:1:\"*\";}s:16:\"\0*\0forceDeleting\";b:0;}i:8;O:15:\"App\\Models\\Bank\":31:{s:13:\"\0*\0connection\";s:5:\"mysql\";s:8:\"\0*\0table\";s:5:\"banks\";s:13:\"\0*\0primaryKey\";s:2:\"id\";s:10:\"\0*\0keyType\";s:3:\"int\";s:12:\"incrementing\";b:1;s:7:\"\0*\0with\";a:0:{}s:12:\"\0*\0withCount\";a:0:{}s:19:\"preventsLazyLoading\";b:0;s:10:\"\0*\0perPage\";i:15;s:6:\"exists\";b:1;s:18:\"wasRecentlyCreated\";b:0;s:28:\"\0*\0escapeWhenCastingToString\";b:0;s:13:\"\0*\0attributes\";a:7:{s:2:\"id\";i:9;s:4:\"name\";s:11:\"Credit Bank\";s:7:\"paybill\";s:6:\"972700\";s:6:\"status\";i:1;s:10:\"created_at\";s:19:\"2025-08-03 21:10:06\";s:10:\"updated_at\";s:19:\"2025-08-03 21:10:06\";s:10:\"deleted_at\";N;}s:11:\"\0*\0original\";a:7:{s:2:\"id\";i:9;s:4:\"name\";s:11:\"Credit Bank\";s:7:\"paybill\";s:6:\"972700\";s:6:\"status\";i:1;s:10:\"created_at\";s:19:\"2025-08-03 21:10:06\";s:10:\"updated_at\";s:19:\"2025-08-03 21:10:06\";s:10:\"deleted_at\";N;}s:10:\"\0*\0changes\";a:0:{}s:8:\"\0*\0casts\";a:1:{s:10:\"deleted_at\";s:8:\"datetime\";}s:17:\"\0*\0classCastCache\";a:0:{}s:21:\"\0*\0attributeCastCache\";a:0:{}s:13:\"\0*\0dateFormat\";N;s:10:\"\0*\0appends\";a:0:{}s:19:\"\0*\0dispatchesEvents\";a:0:{}s:14:\"\0*\0observables\";a:0:{}s:12:\"\0*\0relations\";a:0:{}s:10:\"\0*\0touches\";a:0:{}s:10:\"timestamps\";b:1;s:13:\"usesUniqueIds\";b:0;s:9:\"\0*\0hidden\";a:0:{}s:10:\"\0*\0visible\";a:0:{}s:11:\"\0*\0fillable\";a:3:{i:0;s:4:\"name\";i:1;s:7:\"paybill\";i:2;s:6:\"status\";}s:10:\"\0*\0guarded\";a:1:{i:0;s:1:\"*\";}s:16:\"\0*\0forceDeleting\";b:0;}i:9;O:15:\"App\\Models\\Bank\":31:{s:13:\"\0*\0connection\";s:5:\"mysql\";s:8:\"\0*\0table\";s:5:\"banks\";s:13:\"\0*\0primaryKey\";s:2:\"id\";s:10:\"\0*\0keyType\";s:3:\"int\";s:12:\"incrementing\";b:1;s:7:\"\0*\0with\";a:0:{}s:12:\"\0*\0withCount\";a:0:{}s:19:\"preventsLazyLoading\";b:0;s:10:\"\0*\0perPage\";i:15;s:6:\"exists\";b:1;s:18:\"wasRecentlyCreated\";b:0;s:28:\"\0*\0escapeWhenCastingToString\";b:0;s:13:\"\0*\0attributes\";a:7:{s:2:\"id\";i:10;s:4:\"name\";s:16:\"Development Bank\";s:7:\"paybill\";s:0:\"\";s:6:\"status\";i:1;s:10:\"created_at\";s:19:\"2025-08-03 21:10:06\";s:10:\"updated_at\";s:19:\"2025-08-03 21:10:06\";s:10:\"deleted_at\";N;}s:11:\"\0*\0original\";a:7:{s:2:\"id\";i:10;s:4:\"name\";s:16:\"Development Bank\";s:7:\"paybill\";s:0:\"\";s:6:\"status\";i:1;s:10:\"created_at\";s:19:\"2025-08-03 21:10:06\";s:10:\"updated_at\";s:19:\"2025-08-03 21:10:06\";s:10:\"deleted_at\";N;}s:10:\"\0*\0changes\";a:0:{}s:8:\"\0*\0casts\";a:1:{s:10:\"deleted_at\";s:8:\"datetime\";}s:17:\"\0*\0classCastCache\";a:0:{}s:21:\"\0*\0attributeCastCache\";a:0:{}s:13:\"\0*\0dateFormat\";N;s:10:\"\0*\0appends\";a:0:{}s:19:\"\0*\0dispatchesEvents\";a:0:{}s:14:\"\0*\0observables\";a:0:{}s:12:\"\0*\0relations\";a:0:{}s:10:\"\0*\0touches\";a:0:{}s:10:\"timestamps\";b:1;s:13:\"usesUniqueIds\";b:0;s:9:\"\0*\0hidden\";a:0:{}s:10:\"\0*\0visible\";a:0:{}s:11:\"\0*\0fillable\";a:3:{i:0;s:4:\"name\";i:1;s:7:\"paybill\";i:2;s:6:\"status\";}s:10:\"\0*\0guarded\";a:1:{i:0;s:1:\"*\";}s:16:\"\0*\0forceDeleting\";b:0;}i:10;O:15:\"App\\Models\\Bank\":31:{s:13:\"\0*\0connection\";s:5:\"mysql\";s:8:\"\0*\0table\";s:5:\"banks\";s:13:\"\0*\0primaryKey\";s:2:\"id\";s:10:\"\0*\0keyType\";s:3:\"int\";s:12:\"incrementing\";b:1;s:7:\"\0*\0with\";a:0:{}s:12:\"\0*\0withCount\";a:0:{}s:19:\"preventsLazyLoading\";b:0;s:10:\"\0*\0perPage\";i:15;s:6:\"exists\";b:1;s:18:\"wasRecentlyCreated\";b:0;s:28:\"\0*\0escapeWhenCastingToString\";b:0;s:13:\"\0*\0attributes\";a:7:{s:2:\"id\";i:11;s:4:\"name\";s:18:\"Diamond Trust Bank\";s:7:\"paybill\";s:6:\"516600\";s:6:\"status\";i:1;s:10:\"created_at\";s:19:\"2025-08-03 21:10:06\";s:10:\"updated_at\";s:19:\"2025-08-03 21:10:06\";s:10:\"deleted_at\";N;}s:11:\"\0*\0original\";a:7:{s:2:\"id\";i:11;s:4:\"name\";s:18:\"Diamond Trust Bank\";s:7:\"paybill\";s:6:\"516600\";s:6:\"status\";i:1;s:10:\"created_at\";s:19:\"2025-08-03 21:10:06\";s:10:\"updated_at\";s:19:\"2025-08-03 21:10:06\";s:10:\"deleted_at\";N;}s:10:\"\0*\0changes\";a:0:{}s:8:\"\0*\0casts\";a:1:{s:10:\"deleted_at\";s:8:\"datetime\";}s:17:\"\0*\0classCastCache\";a:0:{}s:21:\"\0*\0attributeCastCache\";a:0:{}s:13:\"\0*\0dateFormat\";N;s:10:\"\0*\0appends\";a:0:{}s:19:\"\0*\0dispatchesEvents\";a:0:{}s:14:\"\0*\0observables\";a:0:{}s:12:\"\0*\0relations\";a:0:{}s:10:\"\0*\0touches\";a:0:{}s:10:\"timestamps\";b:1;s:13:\"usesUniqueIds\";b:0;s:9:\"\0*\0hidden\";a:0:{}s:10:\"\0*\0visible\";a:0:{}s:11:\"\0*\0fillable\";a:3:{i:0;s:4:\"name\";i:1;s:7:\"paybill\";i:2;s:6:\"status\";}s:10:\"\0*\0guarded\";a:1:{i:0;s:1:\"*\";}s:16:\"\0*\0forceDeleting\";b:0;}i:11;O:15:\"App\\Models\\Bank\":31:{s:13:\"\0*\0connection\";s:5:\"mysql\";s:8:\"\0*\0table\";s:5:\"banks\";s:13:\"\0*\0primaryKey\";s:2:\"id\";s:10:\"\0*\0keyType\";s:3:\"int\";s:12:\"incrementing\";b:1;s:7:\"\0*\0with\";a:0:{}s:12:\"\0*\0withCount\";a:0:{}s:19:\"preventsLazyLoading\";b:0;s:10:\"\0*\0perPage\";i:15;s:6:\"exists\";b:1;s:18:\"wasRecentlyCreated\";b:0;s:28:\"\0*\0escapeWhenCastingToString\";b:0;s:13:\"\0*\0attributes\";a:7:{s:2:\"id\";i:12;s:4:\"name\";s:8:\"Eco Bank\";s:7:\"paybill\";s:6:\"700205\";s:6:\"status\";i:1;s:10:\"created_at\";s:19:\"2025-08-03 21:10:06\";s:10:\"updated_at\";s:19:\"2025-08-03 21:10:06\";s:10:\"deleted_at\";N;}s:11:\"\0*\0original\";a:7:{s:2:\"id\";i:12;s:4:\"name\";s:8:\"Eco Bank\";s:7:\"paybill\";s:6:\"700205\";s:6:\"status\";i:1;s:10:\"created_at\";s:19:\"2025-08-03 21:10:06\";s:10:\"updated_at\";s:19:\"2025-08-03 21:10:06\";s:10:\"deleted_at\";N;}s:10:\"\0*\0changes\";a:0:{}s:8:\"\0*\0casts\";a:1:{s:10:\"deleted_at\";s:8:\"datetime\";}s:17:\"\0*\0classCastCache\";a:0:{}s:21:\"\0*\0attributeCastCache\";a:0:{}s:13:\"\0*\0dateFormat\";N;s:10:\"\0*\0appends\";a:0:{}s:19:\"\0*\0dispatchesEvents\";a:0:{}s:14:\"\0*\0observables\";a:0:{}s:12:\"\0*\0relations\";a:0:{}s:10:\"\0*\0touches\";a:0:{}s:10:\"timestamps\";b:1;s:13:\"usesUniqueIds\";b:0;s:9:\"\0*\0hidden\";a:0:{}s:10:\"\0*\0visible\";a:0:{}s:11:\"\0*\0fillable\";a:3:{i:0;s:4:\"name\";i:1;s:7:\"paybill\";i:2;s:6:\"status\";}s:10:\"\0*\0guarded\";a:1:{i:0;s:1:\"*\";}s:16:\"\0*\0forceDeleting\";b:0;}i:12;O:15:\"App\\Models\\Bank\":31:{s:13:\"\0*\0connection\";s:5:\"mysql\";s:8:\"\0*\0table\";s:5:\"banks\";s:13:\"\0*\0primaryKey\";s:2:\"id\";s:10:\"\0*\0keyType\";s:3:\"int\";s:12:\"incrementing\";b:1;s:7:\"\0*\0with\";a:0:{}s:12:\"\0*\0withCount\";a:0:{}s:19:\"preventsLazyLoading\";b:0;s:10:\"\0*\0perPage\";i:15;s:6:\"exists\";b:1;s:18:\"wasRecentlyCreated\";b:0;s:28:\"\0*\0escapeWhenCastingToString\";b:0;s:13:\"\0*\0attributes\";a:7:{s:2:\"id\";i:13;s:4:\"name\";s:11:\"Equity Bank\";s:7:\"paybill\";s:6:\"247247\";s:6:\"status\";i:1;s:10:\"created_at\";s:19:\"2025-08-03 21:10:06\";s:10:\"updated_at\";s:19:\"2025-08-03 21:10:06\";s:10:\"deleted_at\";N;}s:11:\"\0*\0original\";a:7:{s:2:\"id\";i:13;s:4:\"name\";s:11:\"Equity Bank\";s:7:\"paybill\";s:6:\"247247\";s:6:\"status\";i:1;s:10:\"created_at\";s:19:\"2025-08-03 21:10:06\";s:10:\"updated_at\";s:19:\"2025-08-03 21:10:06\";s:10:\"deleted_at\";N;}s:10:\"\0*\0changes\";a:0:{}s:8:\"\0*\0casts\";a:1:{s:10:\"deleted_at\";s:8:\"datetime\";}s:17:\"\0*\0classCastCache\";a:0:{}s:21:\"\0*\0attributeCastCache\";a:0:{}s:13:\"\0*\0dateFormat\";N;s:10:\"\0*\0appends\";a:0:{}s:19:\"\0*\0dispatchesEvents\";a:0:{}s:14:\"\0*\0observables\";a:0:{}s:12:\"\0*\0relations\";a:0:{}s:10:\"\0*\0touches\";a:0:{}s:10:\"timestamps\";b:1;s:13:\"usesUniqueIds\";b:0;s:9:\"\0*\0hidden\";a:0:{}s:10:\"\0*\0visible\";a:0:{}s:11:\"\0*\0fillable\";a:3:{i:0;s:4:\"name\";i:1;s:7:\"paybill\";i:2;s:6:\"status\";}s:10:\"\0*\0guarded\";a:1:{i:0;s:1:\"*\";}s:16:\"\0*\0forceDeleting\";b:0;}i:13;O:15:\"App\\Models\\Bank\":31:{s:13:\"\0*\0connection\";s:5:\"mysql\";s:8:\"\0*\0table\";s:5:\"banks\";s:13:\"\0*\0primaryKey\";s:2:\"id\";s:10:\"\0*\0keyType\";s:3:\"int\";s:12:\"incrementing\";b:1;s:7:\"\0*\0with\";a:0:{}s:12:\"\0*\0withCount\";a:0:{}s:19:\"preventsLazyLoading\";b:0;s:10:\"\0*\0perPage\";i:15;s:6:\"exists\";b:1;s:18:\"wasRecentlyCreated\";b:0;s:28:\"\0*\0escapeWhenCastingToString\";b:0;s:13:\"\0*\0attributes\";a:7:{s:2:\"id\";i:14;s:4:\"name\";s:11:\"Family Bank\";s:7:\"paybill\";s:6:\"222111\";s:6:\"status\";i:1;s:10:\"created_at\";s:19:\"2025-08-03 21:10:06\";s:10:\"updated_at\";s:19:\"2025-08-03 21:10:06\";s:10:\"deleted_at\";N;}s:11:\"\0*\0original\";a:7:{s:2:\"id\";i:14;s:4:\"name\";s:11:\"Family Bank\";s:7:\"paybill\";s:6:\"222111\";s:6:\"status\";i:1;s:10:\"created_at\";s:19:\"2025-08-03 21:10:06\";s:10:\"updated_at\";s:19:\"2025-08-03 21:10:06\";s:10:\"deleted_at\";N;}s:10:\"\0*\0changes\";a:0:{}s:8:\"\0*\0casts\";a:1:{s:10:\"deleted_at\";s:8:\"datetime\";}s:17:\"\0*\0classCastCache\";a:0:{}s:21:\"\0*\0attributeCastCache\";a:0:{}s:13:\"\0*\0dateFormat\";N;s:10:\"\0*\0appends\";a:0:{}s:19:\"\0*\0dispatchesEvents\";a:0:{}s:14:\"\0*\0observables\";a:0:{}s:12:\"\0*\0relations\";a:0:{}s:10:\"\0*\0touches\";a:0:{}s:10:\"timestamps\";b:1;s:13:\"usesUniqueIds\";b:0;s:9:\"\0*\0hidden\";a:0:{}s:10:\"\0*\0visible\";a:0:{}s:11:\"\0*\0fillable\";a:3:{i:0;s:4:\"name\";i:1;s:7:\"paybill\";i:2;s:6:\"status\";}s:10:\"\0*\0guarded\";a:1:{i:0;s:1:\"*\";}s:16:\"\0*\0forceDeleting\";b:0;}i:14;O:15:\"App\\Models\\Bank\":31:{s:13:\"\0*\0connection\";s:5:\"mysql\";s:8:\"\0*\0table\";s:5:\"banks\";s:13:\"\0*\0primaryKey\";s:2:\"id\";s:10:\"\0*\0keyType\";s:3:\"int\";s:12:\"incrementing\";b:1;s:7:\"\0*\0with\";a:0:{}s:12:\"\0*\0withCount\";a:0:{}s:19:\"preventsLazyLoading\";b:0;s:10:\"\0*\0perPage\";i:15;s:6:\"exists\";b:1;s:18:\"wasRecentlyCreated\";b:0;s:28:\"\0*\0escapeWhenCastingToString\";b:0;s:13:\"\0*\0attributes\";a:7:{s:2:\"id\";i:15;s:4:\"name\";s:10:\"Faulu Bank\";s:7:\"paybill\";s:6:\"328585\";s:6:\"status\";i:1;s:10:\"created_at\";s:19:\"2025-08-03 21:10:06\";s:10:\"updated_at\";s:19:\"2025-08-03 21:10:06\";s:10:\"deleted_at\";N;}s:11:\"\0*\0original\";a:7:{s:2:\"id\";i:15;s:4:\"name\";s:10:\"Faulu Bank\";s:7:\"paybill\";s:6:\"328585\";s:6:\"status\";i:1;s:10:\"created_at\";s:19:\"2025-08-03 21:10:06\";s:10:\"updated_at\";s:19:\"2025-08-03 21:10:06\";s:10:\"deleted_at\";N;}s:10:\"\0*\0changes\";a:0:{}s:8:\"\0*\0casts\";a:1:{s:10:\"deleted_at\";s:8:\"datetime\";}s:17:\"\0*\0classCastCache\";a:0:{}s:21:\"\0*\0attributeCastCache\";a:0:{}s:13:\"\0*\0dateFormat\";N;s:10:\"\0*\0appends\";a:0:{}s:19:\"\0*\0dispatchesEvents\";a:0:{}s:14:\"\0*\0observables\";a:0:{}s:12:\"\0*\0relations\";a:0:{}s:10:\"\0*\0touches\";a:0:{}s:10:\"timestamps\";b:1;s:13:\"usesUniqueIds\";b:0;s:9:\"\0*\0hidden\";a:0:{}s:10:\"\0*\0visible\";a:0:{}s:11:\"\0*\0fillable\";a:3:{i:0;s:4:\"name\";i:1;s:7:\"paybill\";i:2;s:6:\"status\";}s:10:\"\0*\0guarded\";a:1:{i:0;s:1:\"*\";}s:16:\"\0*\0forceDeleting\";b:0;}i:15;O:15:\"App\\Models\\Bank\":31:{s:13:\"\0*\0connection\";s:5:\"mysql\";s:8:\"\0*\0table\";s:5:\"banks\";s:13:\"\0*\0primaryKey\";s:2:\"id\";s:10:\"\0*\0keyType\";s:3:\"int\";s:12:\"incrementing\";b:1;s:7:\"\0*\0with\";a:0:{}s:12:\"\0*\0withCount\";a:0:{}s:19:\"preventsLazyLoading\";b:0;s:10:\"\0*\0perPage\";i:15;s:6:\"exists\";b:1;s:18:\"wasRecentlyCreated\";b:0;s:28:\"\0*\0escapeWhenCastingToString\";b:0;s:13:\"\0*\0attributes\";a:7:{s:2:\"id\";i:16;s:4:\"name\";s:28:\"Fidelity Commercial Bank Ltd\";s:7:\"paybill\";s:0:\"\";s:6:\"status\";i:1;s:10:\"created_at\";s:19:\"2025-08-03 21:10:06\";s:10:\"updated_at\";s:19:\"2025-08-03 21:10:06\";s:10:\"deleted_at\";N;}s:11:\"\0*\0original\";a:7:{s:2:\"id\";i:16;s:4:\"name\";s:28:\"Fidelity Commercial Bank Ltd\";s:7:\"paybill\";s:0:\"\";s:6:\"status\";i:1;s:10:\"created_at\";s:19:\"2025-08-03 21:10:06\";s:10:\"updated_at\";s:19:\"2025-08-03 21:10:06\";s:10:\"deleted_at\";N;}s:10:\"\0*\0changes\";a:0:{}s:8:\"\0*\0casts\";a:1:{s:10:\"deleted_at\";s:8:\"datetime\";}s:17:\"\0*\0classCastCache\";a:0:{}s:21:\"\0*\0attributeCastCache\";a:0:{}s:13:\"\0*\0dateFormat\";N;s:10:\"\0*\0appends\";a:0:{}s:19:\"\0*\0dispatchesEvents\";a:0:{}s:14:\"\0*\0observables\";a:0:{}s:12:\"\0*\0relations\";a:0:{}s:10:\"\0*\0touches\";a:0:{}s:10:\"timestamps\";b:1;s:13:\"usesUniqueIds\";b:0;s:9:\"\0*\0hidden\";a:0:{}s:10:\"\0*\0visible\";a:0:{}s:11:\"\0*\0fillable\";a:3:{i:0;s:4:\"name\";i:1;s:7:\"paybill\";i:2;s:6:\"status\";}s:10:\"\0*\0guarded\";a:1:{i:0;s:1:\"*\";}s:16:\"\0*\0forceDeleting\";b:0;}i:16;O:15:\"App\\Models\\Bank\":31:{s:13:\"\0*\0connection\";s:5:\"mysql\";s:8:\"\0*\0table\";s:5:\"banks\";s:13:\"\0*\0primaryKey\";s:2:\"id\";s:10:\"\0*\0keyType\";s:3:\"int\";s:12:\"incrementing\";b:1;s:7:\"\0*\0with\";a:0:{}s:12:\"\0*\0withCount\";a:0:{}s:19:\"preventsLazyLoading\";b:0;s:10:\"\0*\0perPage\";i:15;s:6:\"exists\";b:1;s:18:\"wasRecentlyCreated\";b:0;s:28:\"\0*\0escapeWhenCastingToString\";b:0;s:13:\"\0*\0attributes\";a:7:{s:2:\"id\";i:17;s:4:\"name\";s:20:\"First Community Bank\";s:7:\"paybill\";s:6:\"919700\";s:6:\"status\";i:1;s:10:\"created_at\";s:19:\"2025-08-03 21:10:06\";s:10:\"updated_at\";s:19:\"2025-08-03 21:10:06\";s:10:\"deleted_at\";N;}s:11:\"\0*\0original\";a:7:{s:2:\"id\";i:17;s:4:\"name\";s:20:\"First Community Bank\";s:7:\"paybill\";s:6:\"919700\";s:6:\"status\";i:1;s:10:\"created_at\";s:19:\"2025-08-03 21:10:06\";s:10:\"updated_at\";s:19:\"2025-08-03 21:10:06\";s:10:\"deleted_at\";N;}s:10:\"\0*\0changes\";a:0:{}s:8:\"\0*\0casts\";a:1:{s:10:\"deleted_at\";s:8:\"datetime\";}s:17:\"\0*\0classCastCache\";a:0:{}s:21:\"\0*\0attributeCastCache\";a:0:{}s:13:\"\0*\0dateFormat\";N;s:10:\"\0*\0appends\";a:0:{}s:19:\"\0*\0dispatchesEvents\";a:0:{}s:14:\"\0*\0observables\";a:0:{}s:12:\"\0*\0relations\";a:0:{}s:10:\"\0*\0touches\";a:0:{}s:10:\"timestamps\";b:1;s:13:\"usesUniqueIds\";b:0;s:9:\"\0*\0hidden\";a:0:{}s:10:\"\0*\0visible\";a:0:{}s:11:\"\0*\0fillable\";a:3:{i:0;s:4:\"name\";i:1;s:7:\"paybill\";i:2;s:6:\"status\";}s:10:\"\0*\0guarded\";a:1:{i:0;s:1:\"*\";}s:16:\"\0*\0forceDeleting\";b:0;}i:17;O:15:\"App\\Models\\Bank\":31:{s:13:\"\0*\0connection\";s:5:\"mysql\";s:8:\"\0*\0table\";s:5:\"banks\";s:13:\"\0*\0primaryKey\";s:2:\"id\";s:10:\"\0*\0keyType\";s:3:\"int\";s:12:\"incrementing\";b:1;s:7:\"\0*\0with\";a:0:{}s:12:\"\0*\0withCount\";a:0:{}s:19:\"preventsLazyLoading\";b:0;s:10:\"\0*\0perPage\";i:15;s:6:\"exists\";b:1;s:18:\"wasRecentlyCreated\";b:0;s:28:\"\0*\0escapeWhenCastingToString\";b:0;s:13:\"\0*\0attributes\";a:7:{s:2:\"id\";i:18;s:4:\"name\";s:9:\"Giro Bank\";s:7:\"paybill\";s:0:\"\";s:6:\"status\";i:1;s:10:\"created_at\";s:19:\"2025-08-03 21:10:06\";s:10:\"updated_at\";s:19:\"2025-08-03 21:10:06\";s:10:\"deleted_at\";N;}s:11:\"\0*\0original\";a:7:{s:2:\"id\";i:18;s:4:\"name\";s:9:\"Giro Bank\";s:7:\"paybill\";s:0:\"\";s:6:\"status\";i:1;s:10:\"created_at\";s:19:\"2025-08-03 21:10:06\";s:10:\"updated_at\";s:19:\"2025-08-03 21:10:06\";s:10:\"deleted_at\";N;}s:10:\"\0*\0changes\";a:0:{}s:8:\"\0*\0casts\";a:1:{s:10:\"deleted_at\";s:8:\"datetime\";}s:17:\"\0*\0classCastCache\";a:0:{}s:21:\"\0*\0attributeCastCache\";a:0:{}s:13:\"\0*\0dateFormat\";N;s:10:\"\0*\0appends\";a:0:{}s:19:\"\0*\0dispatchesEvents\";a:0:{}s:14:\"\0*\0observables\";a:0:{}s:12:\"\0*\0relations\";a:0:{}s:10:\"\0*\0touches\";a:0:{}s:10:\"timestamps\";b:1;s:13:\"usesUniqueIds\";b:0;s:9:\"\0*\0hidden\";a:0:{}s:10:\"\0*\0visible\";a:0:{}s:11:\"\0*\0fillable\";a:3:{i:0;s:4:\"name\";i:1;s:7:\"paybill\";i:2;s:6:\"status\";}s:10:\"\0*\0guarded\";a:1:{i:0;s:1:\"*\";}s:16:\"\0*\0forceDeleting\";b:0;}i:18;O:15:\"App\\Models\\Bank\":31:{s:13:\"\0*\0connection\";s:5:\"mysql\";s:8:\"\0*\0table\";s:5:\"banks\";s:13:\"\0*\0primaryKey\";s:2:\"id\";s:10:\"\0*\0keyType\";s:3:\"int\";s:12:\"incrementing\";b:1;s:7:\"\0*\0with\";a:0:{}s:12:\"\0*\0withCount\";a:0:{}s:19:\"preventsLazyLoading\";b:0;s:10:\"\0*\0perPage\";i:15;s:6:\"exists\";b:1;s:18:\"wasRecentlyCreated\";b:0;s:28:\"\0*\0escapeWhenCastingToString\";b:0;s:13:\"\0*\0attributes\";a:7:{s:2:\"id\";i:19;s:4:\"name\";s:7:\"GT Bank\";s:7:\"paybill\";s:6:\"910200\";s:6:\"status\";i:1;s:10:\"created_at\";s:19:\"2025-08-03 21:10:06\";s:10:\"updated_at\";s:19:\"2025-08-03 21:10:06\";s:10:\"deleted_at\";N;}s:11:\"\0*\0original\";a:7:{s:2:\"id\";i:19;s:4:\"name\";s:7:\"GT Bank\";s:7:\"paybill\";s:6:\"910200\";s:6:\"status\";i:1;s:10:\"created_at\";s:19:\"2025-08-03 21:10:06\";s:10:\"updated_at\";s:19:\"2025-08-03 21:10:06\";s:10:\"deleted_at\";N;}s:10:\"\0*\0changes\";a:0:{}s:8:\"\0*\0casts\";a:1:{s:10:\"deleted_at\";s:8:\"datetime\";}s:17:\"\0*\0classCastCache\";a:0:{}s:21:\"\0*\0attributeCastCache\";a:0:{}s:13:\"\0*\0dateFormat\";N;s:10:\"\0*\0appends\";a:0:{}s:19:\"\0*\0dispatchesEvents\";a:0:{}s:14:\"\0*\0observables\";a:0:{}s:12:\"\0*\0relations\";a:0:{}s:10:\"\0*\0touches\";a:0:{}s:10:\"timestamps\";b:1;s:13:\"usesUniqueIds\";b:0;s:9:\"\0*\0hidden\";a:0:{}s:10:\"\0*\0visible\";a:0:{}s:11:\"\0*\0fillable\";a:3:{i:0;s:4:\"name\";i:1;s:7:\"paybill\";i:2;s:6:\"status\";}s:10:\"\0*\0guarded\";a:1:{i:0;s:1:\"*\";}s:16:\"\0*\0forceDeleting\";b:0;}i:19;O:15:\"App\\Models\\Bank\":31:{s:13:\"\0*\0connection\";s:5:\"mysql\";s:8:\"\0*\0table\";s:5:\"banks\";s:13:\"\0*\0primaryKey\";s:2:\"id\";s:10:\"\0*\0keyType\";s:3:\"int\";s:12:\"incrementing\";b:1;s:7:\"\0*\0with\";a:0:{}s:12:\"\0*\0withCount\";a:0:{}s:19:\"preventsLazyLoading\";b:0;s:10:\"\0*\0perPage\";i:15;s:6:\"exists\";b:1;s:18:\"wasRecentlyCreated\";b:0;s:28:\"\0*\0escapeWhenCastingToString\";b:0;s:13:\"\0*\0attributes\";a:7:{s:2:\"id\";i:20;s:4:\"name\";s:13:\"Guardian Bank\";s:7:\"paybill\";s:6:\"344500\";s:6:\"status\";i:1;s:10:\"created_at\";s:19:\"2025-08-03 21:10:06\";s:10:\"updated_at\";s:19:\"2025-08-03 21:10:06\";s:10:\"deleted_at\";N;}s:11:\"\0*\0original\";a:7:{s:2:\"id\";i:20;s:4:\"name\";s:13:\"Guardian Bank\";s:7:\"paybill\";s:6:\"344500\";s:6:\"status\";i:1;s:10:\"created_at\";s:19:\"2025-08-03 21:10:06\";s:10:\"updated_at\";s:19:\"2025-08-03 21:10:06\";s:10:\"deleted_at\";N;}s:10:\"\0*\0changes\";a:0:{}s:8:\"\0*\0casts\";a:1:{s:10:\"deleted_at\";s:8:\"datetime\";}s:17:\"\0*\0classCastCache\";a:0:{}s:21:\"\0*\0attributeCastCache\";a:0:{}s:13:\"\0*\0dateFormat\";N;s:10:\"\0*\0appends\";a:0:{}s:19:\"\0*\0dispatchesEvents\";a:0:{}s:14:\"\0*\0observables\";a:0:{}s:12:\"\0*\0relations\";a:0:{}s:10:\"\0*\0touches\";a:0:{}s:10:\"timestamps\";b:1;s:13:\"usesUniqueIds\";b:0;s:9:\"\0*\0hidden\";a:0:{}s:10:\"\0*\0visible\";a:0:{}s:11:\"\0*\0fillable\";a:3:{i:0;s:4:\"name\";i:1;s:7:\"paybill\";i:2;s:6:\"status\";}s:10:\"\0*\0guarded\";a:1:{i:0;s:1:\"*\";}s:16:\"\0*\0forceDeleting\";b:0;}i:20;O:15:\"App\\Models\\Bank\":31:{s:13:\"\0*\0connection\";s:5:\"mysql\";s:8:\"\0*\0table\";s:5:\"banks\";s:13:\"\0*\0primaryKey\";s:2:\"id\";s:10:\"\0*\0keyType\";s:3:\"int\";s:12:\"incrementing\";b:1;s:7:\"\0*\0with\";a:0:{}s:12:\"\0*\0withCount\";a:0:{}s:19:\"preventsLazyLoading\";b:0;s:10:\"\0*\0perPage\";i:15;s:6:\"exists\";b:1;s:18:\"wasRecentlyCreated\";b:0;s:28:\"\0*\0escapeWhenCastingToString\";b:0;s:13:\"\0*\0attributes\";a:7:{s:2:\"id\";i:21;s:4:\"name\";s:17:\"Gulf African Bank\";s:7:\"paybill\";s:6:\"985050\";s:6:\"status\";i:1;s:10:\"created_at\";s:19:\"2025-08-03 21:10:06\";s:10:\"updated_at\";s:19:\"2025-08-03 21:10:06\";s:10:\"deleted_at\";N;}s:11:\"\0*\0original\";a:7:{s:2:\"id\";i:21;s:4:\"name\";s:17:\"Gulf African Bank\";s:7:\"paybill\";s:6:\"985050\";s:6:\"status\";i:1;s:10:\"created_at\";s:19:\"2025-08-03 21:10:06\";s:10:\"updated_at\";s:19:\"2025-08-03 21:10:06\";s:10:\"deleted_at\";N;}s:10:\"\0*\0changes\";a:0:{}s:8:\"\0*\0casts\";a:1:{s:10:\"deleted_at\";s:8:\"datetime\";}s:17:\"\0*\0classCastCache\";a:0:{}s:21:\"\0*\0attributeCastCache\";a:0:{}s:13:\"\0*\0dateFormat\";N;s:10:\"\0*\0appends\";a:0:{}s:19:\"\0*\0dispatchesEvents\";a:0:{}s:14:\"\0*\0observables\";a:0:{}s:12:\"\0*\0relations\";a:0:{}s:10:\"\0*\0touches\";a:0:{}s:10:\"timestamps\";b:1;s:13:\"usesUniqueIds\";b:0;s:9:\"\0*\0hidden\";a:0:{}s:10:\"\0*\0visible\";a:0:{}s:11:\"\0*\0fillable\";a:3:{i:0;s:4:\"name\";i:1;s:7:\"paybill\";i:2;s:6:\"status\";}s:10:\"\0*\0guarded\";a:1:{i:0;s:1:\"*\";}s:16:\"\0*\0forceDeleting\";b:0;}i:21;O:15:\"App\\Models\\Bank\":31:{s:13:\"\0*\0connection\";s:5:\"mysql\";s:8:\"\0*\0table\";s:5:\"banks\";s:13:\"\0*\0primaryKey\";s:2:\"id\";s:10:\"\0*\0keyType\";s:3:\"int\";s:12:\"incrementing\";b:1;s:7:\"\0*\0with\";a:0:{}s:12:\"\0*\0withCount\";a:0:{}s:19:\"preventsLazyLoading\";b:0;s:10:\"\0*\0perPage\";i:15;s:6:\"exists\";b:1;s:18:\"wasRecentlyCreated\";b:0;s:28:\"\0*\0escapeWhenCastingToString\";b:0;s:13:\"\0*\0attributes\";a:7:{s:2:\"id\";i:22;s:4:\"name\";s:14:\"Habib Bank Ltd\";s:7:\"paybill\";s:0:\"\";s:6:\"status\";i:1;s:10:\"created_at\";s:19:\"2025-08-03 21:10:06\";s:10:\"updated_at\";s:19:\"2025-08-03 21:10:06\";s:10:\"deleted_at\";N;}s:11:\"\0*\0original\";a:7:{s:2:\"id\";i:22;s:4:\"name\";s:14:\"Habib Bank Ltd\";s:7:\"paybill\";s:0:\"\";s:6:\"status\";i:1;s:10:\"created_at\";s:19:\"2025-08-03 21:10:06\";s:10:\"updated_at\";s:19:\"2025-08-03 21:10:06\";s:10:\"deleted_at\";N;}s:10:\"\0*\0changes\";a:0:{}s:8:\"\0*\0casts\";a:1:{s:10:\"deleted_at\";s:8:\"datetime\";}s:17:\"\0*\0classCastCache\";a:0:{}s:21:\"\0*\0attributeCastCache\";a:0:{}s:13:\"\0*\0dateFormat\";N;s:10:\"\0*\0appends\";a:0:{}s:19:\"\0*\0dispatchesEvents\";a:0:{}s:14:\"\0*\0observables\";a:0:{}s:12:\"\0*\0relations\";a:0:{}s:10:\"\0*\0touches\";a:0:{}s:10:\"timestamps\";b:1;s:13:\"usesUniqueIds\";b:0;s:9:\"\0*\0hidden\";a:0:{}s:10:\"\0*\0visible\";a:0:{}s:11:\"\0*\0fillable\";a:3:{i:0;s:4:\"name\";i:1;s:7:\"paybill\";i:2;s:6:\"status\";}s:10:\"\0*\0guarded\";a:1:{i:0;s:1:\"*\";}s:16:\"\0*\0forceDeleting\";b:0;}i:22;O:15:\"App\\Models\\Bank\":31:{s:13:\"\0*\0connection\";s:5:\"mysql\";s:8:\"\0*\0table\";s:5:\"banks\";s:13:\"\0*\0primaryKey\";s:2:\"id\";s:10:\"\0*\0keyType\";s:3:\"int\";s:12:\"incrementing\";b:1;s:7:\"\0*\0with\";a:0:{}s:12:\"\0*\0withCount\";a:0:{}s:19:\"preventsLazyLoading\";b:0;s:10:\"\0*\0perPage\";i:15;s:6:\"exists\";b:1;s:18:\"wasRecentlyCreated\";b:0;s:28:\"\0*\0escapeWhenCastingToString\";b:0;s:13:\"\0*\0attributes\";a:7:{s:2:\"id\";i:23;s:4:\"name\";s:17:\"Habib Bank Zurich\";s:7:\"paybill\";s:0:\"\";s:6:\"status\";i:1;s:10:\"created_at\";s:19:\"2025-08-03 21:10:06\";s:10:\"updated_at\";s:19:\"2025-08-03 21:10:06\";s:10:\"deleted_at\";N;}s:11:\"\0*\0original\";a:7:{s:2:\"id\";i:23;s:4:\"name\";s:17:\"Habib Bank Zurich\";s:7:\"paybill\";s:0:\"\";s:6:\"status\";i:1;s:10:\"created_at\";s:19:\"2025-08-03 21:10:06\";s:10:\"updated_at\";s:19:\"2025-08-03 21:10:06\";s:10:\"deleted_at\";N;}s:10:\"\0*\0changes\";a:0:{}s:8:\"\0*\0casts\";a:1:{s:10:\"deleted_at\";s:8:\"datetime\";}s:17:\"\0*\0classCastCache\";a:0:{}s:21:\"\0*\0attributeCastCache\";a:0:{}s:13:\"\0*\0dateFormat\";N;s:10:\"\0*\0appends\";a:0:{}s:19:\"\0*\0dispatchesEvents\";a:0:{}s:14:\"\0*\0observables\";a:0:{}s:12:\"\0*\0relations\";a:0:{}s:10:\"\0*\0touches\";a:0:{}s:10:\"timestamps\";b:1;s:13:\"usesUniqueIds\";b:0;s:9:\"\0*\0hidden\";a:0:{}s:10:\"\0*\0visible\";a:0:{}s:11:\"\0*\0fillable\";a:3:{i:0;s:4:\"name\";i:1;s:7:\"paybill\";i:2;s:6:\"status\";}s:10:\"\0*\0guarded\";a:1:{i:0;s:1:\"*\";}s:16:\"\0*\0forceDeleting\";b:0;}i:23;O:15:\"App\\Models\\Bank\":31:{s:13:\"\0*\0connection\";s:5:\"mysql\";s:8:\"\0*\0table\";s:5:\"banks\";s:13:\"\0*\0primaryKey\";s:2:\"id\";s:10:\"\0*\0keyType\";s:3:\"int\";s:12:\"incrementing\";b:1;s:7:\"\0*\0with\";a:0:{}s:12:\"\0*\0withCount\";a:0:{}s:19:\"preventsLazyLoading\";b:0;s:10:\"\0*\0perPage\";i:15;s:6:\"exists\";b:1;s:18:\"wasRecentlyCreated\";b:0;s:28:\"\0*\0escapeWhenCastingToString\";b:0;s:13:\"\0*\0attributes\";a:7:{s:2:\"id\";i:24;s:4:\"name\";s:20:\"Housing Finance Bank\";s:7:\"paybill\";s:6:\"100400\";s:6:\"status\";i:1;s:10:\"created_at\";s:19:\"2025-08-03 21:10:06\";s:10:\"updated_at\";s:19:\"2025-08-03 21:10:06\";s:10:\"deleted_at\";N;}s:11:\"\0*\0original\";a:7:{s:2:\"id\";i:24;s:4:\"name\";s:20:\"Housing Finance Bank\";s:7:\"paybill\";s:6:\"100400\";s:6:\"status\";i:1;s:10:\"created_at\";s:19:\"2025-08-03 21:10:06\";s:10:\"updated_at\";s:19:\"2025-08-03 21:10:06\";s:10:\"deleted_at\";N;}s:10:\"\0*\0changes\";a:0:{}s:8:\"\0*\0casts\";a:1:{s:10:\"deleted_at\";s:8:\"datetime\";}s:17:\"\0*\0classCastCache\";a:0:{}s:21:\"\0*\0attributeCastCache\";a:0:{}s:13:\"\0*\0dateFormat\";N;s:10:\"\0*\0appends\";a:0:{}s:19:\"\0*\0dispatchesEvents\";a:0:{}s:14:\"\0*\0observables\";a:0:{}s:12:\"\0*\0relations\";a:0:{}s:10:\"\0*\0touches\";a:0:{}s:10:\"timestamps\";b:1;s:13:\"usesUniqueIds\";b:0;s:9:\"\0*\0hidden\";a:0:{}s:10:\"\0*\0visible\";a:0:{}s:11:\"\0*\0fillable\";a:3:{i:0;s:4:\"name\";i:1;s:7:\"paybill\";i:2;s:6:\"status\";}s:10:\"\0*\0guarded\";a:1:{i:0;s:1:\"*\";}s:16:\"\0*\0forceDeleting\";b:0;}i:24;O:15:\"App\\Models\\Bank\":31:{s:13:\"\0*\0connection\";s:5:\"mysql\";s:8:\"\0*\0table\";s:5:\"banks\";s:13:\"\0*\0primaryKey\";s:2:\"id\";s:10:\"\0*\0keyType\";s:3:\"int\";s:12:\"incrementing\";b:1;s:7:\"\0*\0with\";a:0:{}s:12:\"\0*\0withCount\";a:0:{}s:19:\"preventsLazyLoading\";b:0;s:10:\"\0*\0perPage\";i:15;s:6:\"exists\";b:1;s:18:\"wasRecentlyCreated\";b:0;s:28:\"\0*\0escapeWhenCastingToString\";b:0;s:13:\"\0*\0attributes\";a:7:{s:2:\"id\";i:25;s:4:\"name\";s:10:\"I & M Bank\";s:7:\"paybill\";s:6:\"542542\";s:6:\"status\";i:1;s:10:\"created_at\";s:19:\"2025-08-03 21:10:06\";s:10:\"updated_at\";s:19:\"2025-08-03 21:10:06\";s:10:\"deleted_at\";N;}s:11:\"\0*\0original\";a:7:{s:2:\"id\";i:25;s:4:\"name\";s:10:\"I & M Bank\";s:7:\"paybill\";s:6:\"542542\";s:6:\"status\";i:1;s:10:\"created_at\";s:19:\"2025-08-03 21:10:06\";s:10:\"updated_at\";s:19:\"2025-08-03 21:10:06\";s:10:\"deleted_at\";N;}s:10:\"\0*\0changes\";a:0:{}s:8:\"\0*\0casts\";a:1:{s:10:\"deleted_at\";s:8:\"datetime\";}s:17:\"\0*\0classCastCache\";a:0:{}s:21:\"\0*\0attributeCastCache\";a:0:{}s:13:\"\0*\0dateFormat\";N;s:10:\"\0*\0appends\";a:0:{}s:19:\"\0*\0dispatchesEvents\";a:0:{}s:14:\"\0*\0observables\";a:0:{}s:12:\"\0*\0relations\";a:0:{}s:10:\"\0*\0touches\";a:0:{}s:10:\"timestamps\";b:1;s:13:\"usesUniqueIds\";b:0;s:9:\"\0*\0hidden\";a:0:{}s:10:\"\0*\0visible\";a:0:{}s:11:\"\0*\0fillable\";a:3:{i:0;s:4:\"name\";i:1;s:7:\"paybill\";i:2;s:6:\"status\";}s:10:\"\0*\0guarded\";a:1:{i:0;s:1:\"*\";}s:16:\"\0*\0forceDeleting\";b:0;}i:25;O:15:\"App\\Models\\Bank\":31:{s:13:\"\0*\0connection\";s:5:\"mysql\";s:8:\"\0*\0table\";s:5:\"banks\";s:13:\"\0*\0primaryKey\";s:2:\"id\";s:10:\"\0*\0keyType\";s:3:\"int\";s:12:\"incrementing\";b:1;s:7:\"\0*\0with\";a:0:{}s:12:\"\0*\0withCount\";a:0:{}s:19:\"preventsLazyLoading\";b:0;s:10:\"\0*\0perPage\";i:15;s:6:\"exists\";b:1;s:18:\"wasRecentlyCreated\";b:0;s:28:\"\0*\0escapeWhenCastingToString\";b:0;s:13:\"\0*\0attributes\";a:7:{s:2:\"id\";i:26;s:4:\"name\";s:15:\"Jamii Bora Bank\";s:7:\"paybill\";s:6:\"529901\";s:6:\"status\";i:1;s:10:\"created_at\";s:19:\"2025-08-03 21:10:06\";s:10:\"updated_at\";s:19:\"2025-08-03 21:10:06\";s:10:\"deleted_at\";N;}s:11:\"\0*\0original\";a:7:{s:2:\"id\";i:26;s:4:\"name\";s:15:\"Jamii Bora Bank\";s:7:\"paybill\";s:6:\"529901\";s:6:\"status\";i:1;s:10:\"created_at\";s:19:\"2025-08-03 21:10:06\";s:10:\"updated_at\";s:19:\"2025-08-03 21:10:06\";s:10:\"deleted_at\";N;}s:10:\"\0*\0changes\";a:0:{}s:8:\"\0*\0casts\";a:1:{s:10:\"deleted_at\";s:8:\"datetime\";}s:17:\"\0*\0classCastCache\";a:0:{}s:21:\"\0*\0attributeCastCache\";a:0:{}s:13:\"\0*\0dateFormat\";N;s:10:\"\0*\0appends\";a:0:{}s:19:\"\0*\0dispatchesEvents\";a:0:{}s:14:\"\0*\0observables\";a:0:{}s:12:\"\0*\0relations\";a:0:{}s:10:\"\0*\0touches\";a:0:{}s:10:\"timestamps\";b:1;s:13:\"usesUniqueIds\";b:0;s:9:\"\0*\0hidden\";a:0:{}s:10:\"\0*\0visible\";a:0:{}s:11:\"\0*\0fillable\";a:3:{i:0;s:4:\"name\";i:1;s:7:\"paybill\";i:2;s:6:\"status\";}s:10:\"\0*\0guarded\";a:1:{i:0;s:1:\"*\";}s:16:\"\0*\0forceDeleting\";b:0;}i:26;O:15:\"App\\Models\\Bank\":31:{s:13:\"\0*\0connection\";s:5:\"mysql\";s:8:\"\0*\0table\";s:5:\"banks\";s:13:\"\0*\0primaryKey\";s:2:\"id\";s:10:\"\0*\0keyType\";s:3:\"int\";s:12:\"incrementing\";b:1;s:7:\"\0*\0with\";a:0:{}s:12:\"\0*\0withCount\";a:0:{}s:19:\"preventsLazyLoading\";b:0;s:10:\"\0*\0perPage\";i:15;s:6:\"exists\";b:1;s:18:\"wasRecentlyCreated\";b:0;s:28:\"\0*\0escapeWhenCastingToString\";b:0;s:13:\"\0*\0attributes\";a:7:{s:2:\"id\";i:27;s:4:\"name\";s:4:\"KWFT\";s:7:\"paybill\";s:6:\"101200\";s:6:\"status\";i:1;s:10:\"created_at\";s:19:\"2025-08-03 21:10:06\";s:10:\"updated_at\";s:19:\"2025-08-03 21:10:06\";s:10:\"deleted_at\";N;}s:11:\"\0*\0original\";a:7:{s:2:\"id\";i:27;s:4:\"name\";s:4:\"KWFT\";s:7:\"paybill\";s:6:\"101200\";s:6:\"status\";i:1;s:10:\"created_at\";s:19:\"2025-08-03 21:10:06\";s:10:\"updated_at\";s:19:\"2025-08-03 21:10:06\";s:10:\"deleted_at\";N;}s:10:\"\0*\0changes\";a:0:{}s:8:\"\0*\0casts\";a:1:{s:10:\"deleted_at\";s:8:\"datetime\";}s:17:\"\0*\0classCastCache\";a:0:{}s:21:\"\0*\0attributeCastCache\";a:0:{}s:13:\"\0*\0dateFormat\";N;s:10:\"\0*\0appends\";a:0:{}s:19:\"\0*\0dispatchesEvents\";a:0:{}s:14:\"\0*\0observables\";a:0:{}s:12:\"\0*\0relations\";a:0:{}s:10:\"\0*\0touches\";a:0:{}s:10:\"timestamps\";b:1;s:13:\"usesUniqueIds\";b:0;s:9:\"\0*\0hidden\";a:0:{}s:10:\"\0*\0visible\";a:0:{}s:11:\"\0*\0fillable\";a:3:{i:0;s:4:\"name\";i:1;s:7:\"paybill\";i:2;s:6:\"status\";}s:10:\"\0*\0guarded\";a:1:{i:0;s:1:\"*\";}s:16:\"\0*\0forceDeleting\";b:0;}i:27;O:15:\"App\\Models\\Bank\":31:{s:13:\"\0*\0connection\";s:5:\"mysql\";s:8:\"\0*\0table\";s:5:\"banks\";s:13:\"\0*\0primaryKey\";s:2:\"id\";s:10:\"\0*\0keyType\";s:3:\"int\";s:12:\"incrementing\";b:1;s:7:\"\0*\0with\";a:0:{}s:12:\"\0*\0withCount\";a:0:{}s:19:\"preventsLazyLoading\";b:0;s:10:\"\0*\0perPage\";i:15;s:6:\"exists\";b:1;s:18:\"wasRecentlyCreated\";b:0;s:28:\"\0*\0escapeWhenCastingToString\";b:0;s:13:\"\0*\0attributes\";a:7:{s:2:\"id\";i:28;s:4:\"name\";s:22:\"National Bank of Kenya\";s:7:\"paybill\";s:6:\"547700\";s:6:\"status\";i:1;s:10:\"created_at\";s:19:\"2025-08-03 21:10:06\";s:10:\"updated_at\";s:19:\"2025-08-03 21:10:06\";s:10:\"deleted_at\";N;}s:11:\"\0*\0original\";a:7:{s:2:\"id\";i:28;s:4:\"name\";s:22:\"National Bank of Kenya\";s:7:\"paybill\";s:6:\"547700\";s:6:\"status\";i:1;s:10:\"created_at\";s:19:\"2025-08-03 21:10:06\";s:10:\"updated_at\";s:19:\"2025-08-03 21:10:06\";s:10:\"deleted_at\";N;}s:10:\"\0*\0changes\";a:0:{}s:8:\"\0*\0casts\";a:1:{s:10:\"deleted_at\";s:8:\"datetime\";}s:17:\"\0*\0classCastCache\";a:0:{}s:21:\"\0*\0attributeCastCache\";a:0:{}s:13:\"\0*\0dateFormat\";N;s:10:\"\0*\0appends\";a:0:{}s:19:\"\0*\0dispatchesEvents\";a:0:{}s:14:\"\0*\0observables\";a:0:{}s:12:\"\0*\0relations\";a:0:{}s:10:\"\0*\0touches\";a:0:{}s:10:\"timestamps\";b:1;s:13:\"usesUniqueIds\";b:0;s:9:\"\0*\0hidden\";a:0:{}s:10:\"\0*\0visible\";a:0:{}s:11:\"\0*\0fillable\";a:3:{i:0;s:4:\"name\";i:1;s:7:\"paybill\";i:2;s:6:\"status\";}s:10:\"\0*\0guarded\";a:1:{i:0;s:1:\"*\";}s:16:\"\0*\0forceDeleting\";b:0;}i:28;O:15:\"App\\Models\\Bank\":31:{s:13:\"\0*\0connection\";s:5:\"mysql\";s:8:\"\0*\0table\";s:5:\"banks\";s:13:\"\0*\0primaryKey\";s:2:\"id\";s:10:\"\0*\0keyType\";s:3:\"int\";s:12:\"incrementing\";b:1;s:7:\"\0*\0with\";a:0:{}s:12:\"\0*\0withCount\";a:0:{}s:19:\"preventsLazyLoading\";b:0;s:10:\"\0*\0perPage\";i:15;s:6:\"exists\";b:1;s:18:\"wasRecentlyCreated\";b:0;s:28:\"\0*\0escapeWhenCastingToString\";b:0;s:13:\"\0*\0attributes\";a:7:{s:2:\"id\";i:29;s:4:\"name\";s:4:\"NCBA\";s:7:\"paybill\";s:6:\"880100\";s:6:\"status\";i:1;s:10:\"created_at\";s:19:\"2025-08-03 21:10:06\";s:10:\"updated_at\";s:19:\"2025-08-03 21:10:06\";s:10:\"deleted_at\";N;}s:11:\"\0*\0original\";a:7:{s:2:\"id\";i:29;s:4:\"name\";s:4:\"NCBA\";s:7:\"paybill\";s:6:\"880100\";s:6:\"status\";i:1;s:10:\"created_at\";s:19:\"2025-08-03 21:10:06\";s:10:\"updated_at\";s:19:\"2025-08-03 21:10:06\";s:10:\"deleted_at\";N;}s:10:\"\0*\0changes\";a:0:{}s:8:\"\0*\0casts\";a:1:{s:10:\"deleted_at\";s:8:\"datetime\";}s:17:\"\0*\0classCastCache\";a:0:{}s:21:\"\0*\0attributeCastCache\";a:0:{}s:13:\"\0*\0dateFormat\";N;s:10:\"\0*\0appends\";a:0:{}s:19:\"\0*\0dispatchesEvents\";a:0:{}s:14:\"\0*\0observables\";a:0:{}s:12:\"\0*\0relations\";a:0:{}s:10:\"\0*\0touches\";a:0:{}s:10:\"timestamps\";b:1;s:13:\"usesUniqueIds\";b:0;s:9:\"\0*\0hidden\";a:0:{}s:10:\"\0*\0visible\";a:0:{}s:11:\"\0*\0fillable\";a:3:{i:0;s:4:\"name\";i:1;s:7:\"paybill\";i:2;s:6:\"status\";}s:10:\"\0*\0guarded\";a:1:{i:0;s:1:\"*\";}s:16:\"\0*\0forceDeleting\";b:0;}i:29;O:15:\"App\\Models\\Bank\":31:{s:13:\"\0*\0connection\";s:5:\"mysql\";s:8:\"\0*\0table\";s:5:\"banks\";s:13:\"\0*\0primaryKey\";s:2:\"id\";s:10:\"\0*\0keyType\";s:3:\"int\";s:12:\"incrementing\";b:1;s:7:\"\0*\0with\";a:0:{}s:12:\"\0*\0withCount\";a:0:{}s:19:\"preventsLazyLoading\";b:0;s:10:\"\0*\0perPage\";i:15;s:6:\"exists\";b:1;s:18:\"wasRecentlyCreated\";b:0;s:28:\"\0*\0escapeWhenCastingToString\";b:0;s:13:\"\0*\0attributes\";a:7:{s:2:\"id\";i:30;s:4:\"name\";s:24:\"Oriental Commercial Bank\";s:7:\"paybill\";s:6:\"986500\";s:6:\"status\";i:1;s:10:\"created_at\";s:19:\"2025-08-03 21:10:06\";s:10:\"updated_at\";s:19:\"2025-08-03 21:10:06\";s:10:\"deleted_at\";N;}s:11:\"\0*\0original\";a:7:{s:2:\"id\";i:30;s:4:\"name\";s:24:\"Oriental Commercial Bank\";s:7:\"paybill\";s:6:\"986500\";s:6:\"status\";i:1;s:10:\"created_at\";s:19:\"2025-08-03 21:10:06\";s:10:\"updated_at\";s:19:\"2025-08-03 21:10:06\";s:10:\"deleted_at\";N;}s:10:\"\0*\0changes\";a:0:{}s:8:\"\0*\0casts\";a:1:{s:10:\"deleted_at\";s:8:\"datetime\";}s:17:\"\0*\0classCastCache\";a:0:{}s:21:\"\0*\0attributeCastCache\";a:0:{}s:13:\"\0*\0dateFormat\";N;s:10:\"\0*\0appends\";a:0:{}s:19:\"\0*\0dispatchesEvents\";a:0:{}s:14:\"\0*\0observables\";a:0:{}s:12:\"\0*\0relations\";a:0:{}s:10:\"\0*\0touches\";a:0:{}s:10:\"timestamps\";b:1;s:13:\"usesUniqueIds\";b:0;s:9:\"\0*\0hidden\";a:0:{}s:10:\"\0*\0visible\";a:0:{}s:11:\"\0*\0fillable\";a:3:{i:0;s:4:\"name\";i:1;s:7:\"paybill\";i:2;s:6:\"status\";}s:10:\"\0*\0guarded\";a:1:{i:0;s:1:\"*\";}s:16:\"\0*\0forceDeleting\";b:0;}i:30;O:15:\"App\\Models\\Bank\":31:{s:13:\"\0*\0connection\";s:5:\"mysql\";s:8:\"\0*\0table\";s:5:\"banks\";s:13:\"\0*\0primaryKey\";s:2:\"id\";s:10:\"\0*\0keyType\";s:3:\"int\";s:12:\"incrementing\";b:1;s:7:\"\0*\0with\";a:0:{}s:12:\"\0*\0withCount\";a:0:{}s:19:\"preventsLazyLoading\";b:0;s:10:\"\0*\0perPage\";i:15;s:6:\"exists\";b:1;s:18:\"wasRecentlyCreated\";b:0;s:28:\"\0*\0escapeWhenCastingToString\";b:0;s:13:\"\0*\0attributes\";a:7:{s:2:\"id\";i:31;s:4:\"name\";s:14:\"Paramount Bank\";s:7:\"paybill\";s:6:\"907950\";s:6:\"status\";i:1;s:10:\"created_at\";s:19:\"2025-08-03 21:10:06\";s:10:\"updated_at\";s:19:\"2025-08-03 21:10:06\";s:10:\"deleted_at\";N;}s:11:\"\0*\0original\";a:7:{s:2:\"id\";i:31;s:4:\"name\";s:14:\"Paramount Bank\";s:7:\"paybill\";s:6:\"907950\";s:6:\"status\";i:1;s:10:\"created_at\";s:19:\"2025-08-03 21:10:06\";s:10:\"updated_at\";s:19:\"2025-08-03 21:10:06\";s:10:\"deleted_at\";N;}s:10:\"\0*\0changes\";a:0:{}s:8:\"\0*\0casts\";a:1:{s:10:\"deleted_at\";s:8:\"datetime\";}s:17:\"\0*\0classCastCache\";a:0:{}s:21:\"\0*\0attributeCastCache\";a:0:{}s:13:\"\0*\0dateFormat\";N;s:10:\"\0*\0appends\";a:0:{}s:19:\"\0*\0dispatchesEvents\";a:0:{}s:14:\"\0*\0observables\";a:0:{}s:12:\"\0*\0relations\";a:0:{}s:10:\"\0*\0touches\";a:0:{}s:10:\"timestamps\";b:1;s:13:\"usesUniqueIds\";b:0;s:9:\"\0*\0hidden\";a:0:{}s:10:\"\0*\0visible\";a:0:{}s:11:\"\0*\0fillable\";a:3:{i:0;s:4:\"name\";i:1;s:7:\"paybill\";i:2;s:6:\"status\";}s:10:\"\0*\0guarded\";a:1:{i:0;s:1:\"*\";}s:16:\"\0*\0forceDeleting\";b:0;}i:31;O:15:\"App\\Models\\Bank\":31:{s:13:\"\0*\0connection\";s:5:\"mysql\";s:8:\"\0*\0table\";s:5:\"banks\";s:13:\"\0*\0primaryKey\";s:2:\"id\";s:10:\"\0*\0keyType\";s:3:\"int\";s:12:\"incrementing\";b:1;s:7:\"\0*\0with\";a:0:{}s:12:\"\0*\0withCount\";a:0:{}s:19:\"preventsLazyLoading\";b:0;s:10:\"\0*\0perPage\";i:15;s:6:\"exists\";b:1;s:18:\"wasRecentlyCreated\";b:0;s:28:\"\0*\0escapeWhenCastingToString\";b:0;s:13:\"\0*\0attributes\";a:7:{s:2:\"id\";i:32;s:4:\"name\";s:9:\"Post Bank\";s:7:\"paybill\";s:6:\"200999\";s:6:\"status\";i:1;s:10:\"created_at\";s:19:\"2025-08-03 21:10:06\";s:10:\"updated_at\";s:19:\"2025-08-03 21:10:06\";s:10:\"deleted_at\";N;}s:11:\"\0*\0original\";a:7:{s:2:\"id\";i:32;s:4:\"name\";s:9:\"Post Bank\";s:7:\"paybill\";s:6:\"200999\";s:6:\"status\";i:1;s:10:\"created_at\";s:19:\"2025-08-03 21:10:06\";s:10:\"updated_at\";s:19:\"2025-08-03 21:10:06\";s:10:\"deleted_at\";N;}s:10:\"\0*\0changes\";a:0:{}s:8:\"\0*\0casts\";a:1:{s:10:\"deleted_at\";s:8:\"datetime\";}s:17:\"\0*\0classCastCache\";a:0:{}s:21:\"\0*\0attributeCastCache\";a:0:{}s:13:\"\0*\0dateFormat\";N;s:10:\"\0*\0appends\";a:0:{}s:19:\"\0*\0dispatchesEvents\";a:0:{}s:14:\"\0*\0observables\";a:0:{}s:12:\"\0*\0relations\";a:0:{}s:10:\"\0*\0touches\";a:0:{}s:10:\"timestamps\";b:1;s:13:\"usesUniqueIds\";b:0;s:9:\"\0*\0hidden\";a:0:{}s:10:\"\0*\0visible\";a:0:{}s:11:\"\0*\0fillable\";a:3:{i:0;s:4:\"name\";i:1;s:7:\"paybill\";i:2;s:6:\"status\";}s:10:\"\0*\0guarded\";a:1:{i:0;s:1:\"*\";}s:16:\"\0*\0forceDeleting\";b:0;}i:32;O:15:\"App\\Models\\Bank\":31:{s:13:\"\0*\0connection\";s:5:\"mysql\";s:8:\"\0*\0table\";s:5:\"banks\";s:13:\"\0*\0primaryKey\";s:2:\"id\";s:10:\"\0*\0keyType\";s:3:\"int\";s:12:\"incrementing\";b:1;s:7:\"\0*\0with\";a:0:{}s:12:\"\0*\0withCount\";a:0:{}s:19:\"preventsLazyLoading\";b:0;s:10:\"\0*\0perPage\";i:15;s:6:\"exists\";b:1;s:18:\"wasRecentlyCreated\";b:0;s:28:\"\0*\0escapeWhenCastingToString\";b:0;s:13:\"\0*\0attributes\";a:7:{s:2:\"id\";i:33;s:4:\"name\";s:10:\"Prime Bank\";s:7:\"paybill\";s:6:\"982800\";s:6:\"status\";i:1;s:10:\"created_at\";s:19:\"2025-08-03 21:10:06\";s:10:\"updated_at\";s:19:\"2025-08-03 21:10:06\";s:10:\"deleted_at\";N;}s:11:\"\0*\0original\";a:7:{s:2:\"id\";i:33;s:4:\"name\";s:10:\"Prime Bank\";s:7:\"paybill\";s:6:\"982800\";s:6:\"status\";i:1;s:10:\"created_at\";s:19:\"2025-08-03 21:10:06\";s:10:\"updated_at\";s:19:\"2025-08-03 21:10:06\";s:10:\"deleted_at\";N;}s:10:\"\0*\0changes\";a:0:{}s:8:\"\0*\0casts\";a:1:{s:10:\"deleted_at\";s:8:\"datetime\";}s:17:\"\0*\0classCastCache\";a:0:{}s:21:\"\0*\0attributeCastCache\";a:0:{}s:13:\"\0*\0dateFormat\";N;s:10:\"\0*\0appends\";a:0:{}s:19:\"\0*\0dispatchesEvents\";a:0:{}s:14:\"\0*\0observables\";a:0:{}s:12:\"\0*\0relations\";a:0:{}s:10:\"\0*\0touches\";a:0:{}s:10:\"timestamps\";b:1;s:13:\"usesUniqueIds\";b:0;s:9:\"\0*\0hidden\";a:0:{}s:10:\"\0*\0visible\";a:0:{}s:11:\"\0*\0fillable\";a:3:{i:0;s:4:\"name\";i:1;s:7:\"paybill\";i:2;s:6:\"status\";}s:10:\"\0*\0guarded\";a:1:{i:0;s:1:\"*\";}s:16:\"\0*\0forceDeleting\";b:0;}i:33;O:15:\"App\\Models\\Bank\":31:{s:13:\"\0*\0connection\";s:5:\"mysql\";s:8:\"\0*\0table\";s:5:\"banks\";s:13:\"\0*\0primaryKey\";s:2:\"id\";s:10:\"\0*\0keyType\";s:3:\"int\";s:12:\"incrementing\";b:1;s:7:\"\0*\0with\";a:0:{}s:12:\"\0*\0withCount\";a:0:{}s:19:\"preventsLazyLoading\";b:0;s:10:\"\0*\0perPage\";i:15;s:6:\"exists\";b:1;s:18:\"wasRecentlyCreated\";b:0;s:28:\"\0*\0escapeWhenCastingToString\";b:0;s:13:\"\0*\0attributes\";a:7:{s:2:\"id\";i:34;s:4:\"name\";s:11:\"Sidian Bank\";s:7:\"paybill\";s:6:\"990832\";s:6:\"status\";i:1;s:10:\"created_at\";s:19:\"2025-08-03 21:10:06\";s:10:\"updated_at\";s:19:\"2025-08-03 21:10:06\";s:10:\"deleted_at\";N;}s:11:\"\0*\0original\";a:7:{s:2:\"id\";i:34;s:4:\"name\";s:11:\"Sidian Bank\";s:7:\"paybill\";s:6:\"990832\";s:6:\"status\";i:1;s:10:\"created_at\";s:19:\"2025-08-03 21:10:06\";s:10:\"updated_at\";s:19:\"2025-08-03 21:10:06\";s:10:\"deleted_at\";N;}s:10:\"\0*\0changes\";a:0:{}s:8:\"\0*\0casts\";a:1:{s:10:\"deleted_at\";s:8:\"datetime\";}s:17:\"\0*\0classCastCache\";a:0:{}s:21:\"\0*\0attributeCastCache\";a:0:{}s:13:\"\0*\0dateFormat\";N;s:10:\"\0*\0appends\";a:0:{}s:19:\"\0*\0dispatchesEvents\";a:0:{}s:14:\"\0*\0observables\";a:0:{}s:12:\"\0*\0relations\";a:0:{}s:10:\"\0*\0touches\";a:0:{}s:10:\"timestamps\";b:1;s:13:\"usesUniqueIds\";b:0;s:9:\"\0*\0hidden\";a:0:{}s:10:\"\0*\0visible\";a:0:{}s:11:\"\0*\0fillable\";a:3:{i:0;s:4:\"name\";i:1;s:7:\"paybill\";i:2;s:6:\"status\";}s:10:\"\0*\0guarded\";a:1:{i:0;s:1:\"*\";}s:16:\"\0*\0forceDeleting\";b:0;}i:34;O:15:\"App\\Models\\Bank\":31:{s:13:\"\0*\0connection\";s:5:\"mysql\";s:8:\"\0*\0table\";s:5:\"banks\";s:13:\"\0*\0primaryKey\";s:2:\"id\";s:10:\"\0*\0keyType\";s:3:\"int\";s:12:\"incrementing\";b:1;s:7:\"\0*\0with\";a:0:{}s:12:\"\0*\0withCount\";a:0:{}s:19:\"preventsLazyLoading\";b:0;s:10:\"\0*\0perPage\";i:15;s:6:\"exists\";b:1;s:18:\"wasRecentlyCreated\";b:0;s:28:\"\0*\0escapeWhenCastingToString\";b:0;s:13:\"\0*\0attributes\";a:7:{s:2:\"id\";i:35;s:4:\"name\";s:10:\"Spire Bank\";s:7:\"paybill\";s:6:\"498100\";s:6:\"status\";i:1;s:10:\"created_at\";s:19:\"2025-08-03 21:10:06\";s:10:\"updated_at\";s:19:\"2025-08-03 21:10:06\";s:10:\"deleted_at\";N;}s:11:\"\0*\0original\";a:7:{s:2:\"id\";i:35;s:4:\"name\";s:10:\"Spire Bank\";s:7:\"paybill\";s:6:\"498100\";s:6:\"status\";i:1;s:10:\"created_at\";s:19:\"2025-08-03 21:10:06\";s:10:\"updated_at\";s:19:\"2025-08-03 21:10:06\";s:10:\"deleted_at\";N;}s:10:\"\0*\0changes\";a:0:{}s:8:\"\0*\0casts\";a:1:{s:10:\"deleted_at\";s:8:\"datetime\";}s:17:\"\0*\0classCastCache\";a:0:{}s:21:\"\0*\0attributeCastCache\";a:0:{}s:13:\"\0*\0dateFormat\";N;s:10:\"\0*\0appends\";a:0:{}s:19:\"\0*\0dispatchesEvents\";a:0:{}s:14:\"\0*\0observables\";a:0:{}s:12:\"\0*\0relations\";a:0:{}s:10:\"\0*\0touches\";a:0:{}s:10:\"timestamps\";b:1;s:13:\"usesUniqueIds\";b:0;s:9:\"\0*\0hidden\";a:0:{}s:10:\"\0*\0visible\";a:0:{}s:11:\"\0*\0fillable\";a:3:{i:0;s:4:\"name\";i:1;s:7:\"paybill\";i:2;s:6:\"status\";}s:10:\"\0*\0guarded\";a:1:{i:0;s:1:\"*\";}s:16:\"\0*\0forceDeleting\";b:0;}i:35;O:15:\"App\\Models\\Bank\":31:{s:13:\"\0*\0connection\";s:5:\"mysql\";s:8:\"\0*\0table\";s:5:\"banks\";s:13:\"\0*\0primaryKey\";s:2:\"id\";s:10:\"\0*\0keyType\";s:3:\"int\";s:12:\"incrementing\";b:1;s:7:\"\0*\0with\";a:0:{}s:12:\"\0*\0withCount\";a:0:{}s:19:\"preventsLazyLoading\";b:0;s:10:\"\0*\0perPage\";i:15;s:6:\"exists\";b:1;s:18:\"wasRecentlyCreated\";b:0;s:28:\"\0*\0escapeWhenCastingToString\";b:0;s:13:\"\0*\0attributes\";a:7:{s:2:\"id\";i:36;s:4:\"name\";s:12:\"Stanbic Bank\";s:7:\"paybill\";s:6:\"600100\";s:6:\"status\";i:1;s:10:\"created_at\";s:19:\"2025-08-03 21:10:06\";s:10:\"updated_at\";s:19:\"2025-08-03 21:10:06\";s:10:\"deleted_at\";N;}s:11:\"\0*\0original\";a:7:{s:2:\"id\";i:36;s:4:\"name\";s:12:\"Stanbic Bank\";s:7:\"paybill\";s:6:\"600100\";s:6:\"status\";i:1;s:10:\"created_at\";s:19:\"2025-08-03 21:10:06\";s:10:\"updated_at\";s:19:\"2025-08-03 21:10:06\";s:10:\"deleted_at\";N;}s:10:\"\0*\0changes\";a:0:{}s:8:\"\0*\0casts\";a:1:{s:10:\"deleted_at\";s:8:\"datetime\";}s:17:\"\0*\0classCastCache\";a:0:{}s:21:\"\0*\0attributeCastCache\";a:0:{}s:13:\"\0*\0dateFormat\";N;s:10:\"\0*\0appends\";a:0:{}s:19:\"\0*\0dispatchesEvents\";a:0:{}s:14:\"\0*\0observables\";a:0:{}s:12:\"\0*\0relations\";a:0:{}s:10:\"\0*\0touches\";a:0:{}s:10:\"timestamps\";b:1;s:13:\"usesUniqueIds\";b:0;s:9:\"\0*\0hidden\";a:0:{}s:10:\"\0*\0visible\";a:0:{}s:11:\"\0*\0fillable\";a:3:{i:0;s:4:\"name\";i:1;s:7:\"paybill\";i:2;s:6:\"status\";}s:10:\"\0*\0guarded\";a:1:{i:0;s:1:\"*\";}s:16:\"\0*\0forceDeleting\";b:0;}i:36;O:15:\"App\\Models\\Bank\":31:{s:13:\"\0*\0connection\";s:5:\"mysql\";s:8:\"\0*\0table\";s:5:\"banks\";s:13:\"\0*\0primaryKey\";s:2:\"id\";s:10:\"\0*\0keyType\";s:3:\"int\";s:12:\"incrementing\";b:1;s:7:\"\0*\0with\";a:0:{}s:12:\"\0*\0withCount\";a:0:{}s:19:\"preventsLazyLoading\";b:0;s:10:\"\0*\0perPage\";i:15;s:6:\"exists\";b:1;s:18:\"wasRecentlyCreated\";b:0;s:28:\"\0*\0escapeWhenCastingToString\";b:0;s:13:\"\0*\0attributes\";a:7:{s:2:\"id\";i:37;s:4:\"name\";s:23:\"Standard Chartered Bank\";s:7:\"paybill\";s:6:\"329329\";s:6:\"status\";i:1;s:10:\"created_at\";s:19:\"2025-08-03 21:10:06\";s:10:\"updated_at\";s:19:\"2025-08-03 21:10:06\";s:10:\"deleted_at\";N;}s:11:\"\0*\0original\";a:7:{s:2:\"id\";i:37;s:4:\"name\";s:23:\"Standard Chartered Bank\";s:7:\"paybill\";s:6:\"329329\";s:6:\"status\";i:1;s:10:\"created_at\";s:19:\"2025-08-03 21:10:06\";s:10:\"updated_at\";s:19:\"2025-08-03 21:10:06\";s:10:\"deleted_at\";N;}s:10:\"\0*\0changes\";a:0:{}s:8:\"\0*\0casts\";a:1:{s:10:\"deleted_at\";s:8:\"datetime\";}s:17:\"\0*\0classCastCache\";a:0:{}s:21:\"\0*\0attributeCastCache\";a:0:{}s:13:\"\0*\0dateFormat\";N;s:10:\"\0*\0appends\";a:0:{}s:19:\"\0*\0dispatchesEvents\";a:0:{}s:14:\"\0*\0observables\";a:0:{}s:12:\"\0*\0relations\";a:0:{}s:10:\"\0*\0touches\";a:0:{}s:10:\"timestamps\";b:1;s:13:\"usesUniqueIds\";b:0;s:9:\"\0*\0hidden\";a:0:{}s:10:\"\0*\0visible\";a:0:{}s:11:\"\0*\0fillable\";a:3:{i:0;s:4:\"name\";i:1;s:7:\"paybill\";i:2;s:6:\"status\";}s:10:\"\0*\0guarded\";a:1:{i:0;s:1:\"*\";}s:16:\"\0*\0forceDeleting\";b:0;}i:37;O:15:\"App\\Models\\Bank\":31:{s:13:\"\0*\0connection\";s:5:\"mysql\";s:8:\"\0*\0table\";s:5:\"banks\";s:13:\"\0*\0primaryKey\";s:2:\"id\";s:10:\"\0*\0keyType\";s:3:\"int\";s:12:\"incrementing\";b:1;s:7:\"\0*\0with\";a:0:{}s:12:\"\0*\0withCount\";a:0:{}s:19:\"preventsLazyLoading\";b:0;s:10:\"\0*\0perPage\";i:15;s:6:\"exists\";b:1;s:18:\"wasRecentlyCreated\";b:0;s:28:\"\0*\0escapeWhenCastingToString\";b:0;s:13:\"\0*\0attributes\";a:7:{s:2:\"id\";i:38;s:4:\"name\";s:18:\"Transnational Bank\";s:7:\"paybill\";s:6:\"862862\";s:6:\"status\";i:1;s:10:\"created_at\";s:19:\"2025-08-03 21:10:06\";s:10:\"updated_at\";s:19:\"2025-08-03 21:10:06\";s:10:\"deleted_at\";N;}s:11:\"\0*\0original\";a:7:{s:2:\"id\";i:38;s:4:\"name\";s:18:\"Transnational Bank\";s:7:\"paybill\";s:6:\"862862\";s:6:\"status\";i:1;s:10:\"created_at\";s:19:\"2025-08-03 21:10:06\";s:10:\"updated_at\";s:19:\"2025-08-03 21:10:06\";s:10:\"deleted_at\";N;}s:10:\"\0*\0changes\";a:0:{}s:8:\"\0*\0casts\";a:1:{s:10:\"deleted_at\";s:8:\"datetime\";}s:17:\"\0*\0classCastCache\";a:0:{}s:21:\"\0*\0attributeCastCache\";a:0:{}s:13:\"\0*\0dateFormat\";N;s:10:\"\0*\0appends\";a:0:{}s:19:\"\0*\0dispatchesEvents\";a:0:{}s:14:\"\0*\0observables\";a:0:{}s:12:\"\0*\0relations\";a:0:{}s:10:\"\0*\0touches\";a:0:{}s:10:\"timestamps\";b:1;s:13:\"usesUniqueIds\";b:0;s:9:\"\0*\0hidden\";a:0:{}s:10:\"\0*\0visible\";a:0:{}s:11:\"\0*\0fillable\";a:3:{i:0;s:4:\"name\";i:1;s:7:\"paybill\";i:2;s:6:\"status\";}s:10:\"\0*\0guarded\";a:1:{i:0;s:1:\"*\";}s:16:\"\0*\0forceDeleting\";b:0;}i:38;O:15:\"App\\Models\\Bank\":31:{s:13:\"\0*\0connection\";s:5:\"mysql\";s:8:\"\0*\0table\";s:5:\"banks\";s:13:\"\0*\0primaryKey\";s:2:\"id\";s:10:\"\0*\0keyType\";s:3:\"int\";s:12:\"incrementing\";b:1;s:7:\"\0*\0with\";a:0:{}s:12:\"\0*\0withCount\";a:0:{}s:19:\"preventsLazyLoading\";b:0;s:10:\"\0*\0perPage\";i:15;s:6:\"exists\";b:1;s:18:\"wasRecentlyCreated\";b:0;s:28:\"\0*\0escapeWhenCastingToString\";b:0;s:13:\"\0*\0attributes\";a:7:{s:2:\"id\";i:39;s:4:\"name\";s:8:\"UBA Bank\";s:7:\"paybill\";s:6:\"559900\";s:6:\"status\";i:1;s:10:\"created_at\";s:19:\"2025-08-03 21:10:06\";s:10:\"updated_at\";s:19:\"2025-08-03 21:10:06\";s:10:\"deleted_at\";N;}s:11:\"\0*\0original\";a:7:{s:2:\"id\";i:39;s:4:\"name\";s:8:\"UBA Bank\";s:7:\"paybill\";s:6:\"559900\";s:6:\"status\";i:1;s:10:\"created_at\";s:19:\"2025-08-03 21:10:06\";s:10:\"updated_at\";s:19:\"2025-08-03 21:10:06\";s:10:\"deleted_at\";N;}s:10:\"\0*\0changes\";a:0:{}s:8:\"\0*\0casts\";a:1:{s:10:\"deleted_at\";s:8:\"datetime\";}s:17:\"\0*\0classCastCache\";a:0:{}s:21:\"\0*\0attributeCastCache\";a:0:{}s:13:\"\0*\0dateFormat\";N;s:10:\"\0*\0appends\";a:0:{}s:19:\"\0*\0dispatchesEvents\";a:0:{}s:14:\"\0*\0observables\";a:0:{}s:12:\"\0*\0relations\";a:0:{}s:10:\"\0*\0touches\";a:0:{}s:10:\"timestamps\";b:1;s:13:\"usesUniqueIds\";b:0;s:9:\"\0*\0hidden\";a:0:{}s:10:\"\0*\0visible\";a:0:{}s:11:\"\0*\0fillable\";a:3:{i:0;s:4:\"name\";i:1;s:7:\"paybill\";i:2;s:6:\"status\";}s:10:\"\0*\0guarded\";a:1:{i:0;s:1:\"*\";}s:16:\"\0*\0forceDeleting\";b:0;}i:39;O:15:\"App\\Models\\Bank\":31:{s:13:\"\0*\0connection\";s:5:\"mysql\";s:8:\"\0*\0table\";s:5:\"banks\";s:13:\"\0*\0primaryKey\";s:2:\"id\";s:10:\"\0*\0keyType\";s:3:\"int\";s:12:\"incrementing\";b:1;s:7:\"\0*\0with\";a:0:{}s:12:\"\0*\0withCount\";a:0:{}s:19:\"preventsLazyLoading\";b:0;s:10:\"\0*\0perPage\";i:15;s:6:\"exists\";b:1;s:18:\"wasRecentlyCreated\";b:0;s:28:\"\0*\0escapeWhenCastingToString\";b:0;s:13:\"\0*\0attributes\";a:7:{s:2:\"id\";i:40;s:4:\"name\";s:13:\"Victoria Bank\";s:7:\"paybill\";s:6:\"842100\";s:6:\"status\";i:1;s:10:\"created_at\";s:19:\"2025-08-03 21:10:06\";s:10:\"updated_at\";s:19:\"2025-08-03 21:10:06\";s:10:\"deleted_at\";N;}s:11:\"\0*\0original\";a:7:{s:2:\"id\";i:40;s:4:\"name\";s:13:\"Victoria Bank\";s:7:\"paybill\";s:6:\"842100\";s:6:\"status\";i:1;s:10:\"created_at\";s:19:\"2025-08-03 21:10:06\";s:10:\"updated_at\";s:19:\"2025-08-03 21:10:06\";s:10:\"deleted_at\";N;}s:10:\"\0*\0changes\";a:0:{}s:8:\"\0*\0casts\";a:1:{s:10:\"deleted_at\";s:8:\"datetime\";}s:17:\"\0*\0classCastCache\";a:0:{}s:21:\"\0*\0attributeCastCache\";a:0:{}s:13:\"\0*\0dateFormat\";N;s:10:\"\0*\0appends\";a:0:{}s:19:\"\0*\0dispatchesEvents\";a:0:{}s:14:\"\0*\0observables\";a:0:{}s:12:\"\0*\0relations\";a:0:{}s:10:\"\0*\0touches\";a:0:{}s:10:\"timestamps\";b:1;s:13:\"usesUniqueIds\";b:0;s:9:\"\0*\0hidden\";a:0:{}s:10:\"\0*\0visible\";a:0:{}s:11:\"\0*\0fillable\";a:3:{i:0;s:4:\"name\";i:1;s:7:\"paybill\";i:2;s:6:\"status\";}s:10:\"\0*\0guarded\";a:1:{i:0;s:1:\"*\";}s:16:\"\0*\0forceDeleting\";b:0;}}s:28:\"\0*\0escapeWhenCastingToString\";b:0;}',2069609613),('message_modes','O:39:\"Illuminate\\Database\\Eloquent\\Collection\":2:{s:8:\"\0*\0items\";a:3:{i:0;O:22:\"App\\Models\\MessageMode\":31:{s:13:\"\0*\0connection\";s:5:\"mysql\";s:8:\"\0*\0table\";s:13:\"message_modes\";s:13:\"\0*\0primaryKey\";s:2:\"id\";s:10:\"\0*\0keyType\";s:3:\"int\";s:12:\"incrementing\";b:1;s:7:\"\0*\0with\";a:0:{}s:12:\"\0*\0withCount\";a:0:{}s:19:\"preventsLazyLoading\";b:0;s:10:\"\0*\0perPage\";i:15;s:6:\"exists\";b:1;s:18:\"wasRecentlyCreated\";b:0;s:28:\"\0*\0escapeWhenCastingToString\";b:0;s:13:\"\0*\0attributes\";a:6:{s:2:\"id\";i:1;s:4:\"name\";s:3:\"SMS\";s:6:\"status\";i:1;s:10:\"created_at\";s:19:\"2025-08-03 21:10:04\";s:10:\"updated_at\";s:19:\"2025-08-03 21:10:04\";s:10:\"deleted_at\";N;}s:11:\"\0*\0original\";a:6:{s:2:\"id\";i:1;s:4:\"name\";s:3:\"SMS\";s:6:\"status\";i:1;s:10:\"created_at\";s:19:\"2025-08-03 21:10:04\";s:10:\"updated_at\";s:19:\"2025-08-03 21:10:04\";s:10:\"deleted_at\";N;}s:10:\"\0*\0changes\";a:0:{}s:8:\"\0*\0casts\";a:1:{s:10:\"deleted_at\";s:8:\"datetime\";}s:17:\"\0*\0classCastCache\";a:0:{}s:21:\"\0*\0attributeCastCache\";a:0:{}s:13:\"\0*\0dateFormat\";N;s:10:\"\0*\0appends\";a:0:{}s:19:\"\0*\0dispatchesEvents\";a:0:{}s:14:\"\0*\0observables\";a:0:{}s:12:\"\0*\0relations\";a:0:{}s:10:\"\0*\0touches\";a:0:{}s:10:\"timestamps\";b:1;s:13:\"usesUniqueIds\";b:0;s:9:\"\0*\0hidden\";a:0:{}s:10:\"\0*\0visible\";a:0:{}s:11:\"\0*\0fillable\";a:2:{i:0;s:4:\"name\";i:1;s:6:\"status\";}s:10:\"\0*\0guarded\";a:1:{i:0;s:1:\"*\";}s:16:\"\0*\0forceDeleting\";b:0;}i:1;O:22:\"App\\Models\\MessageMode\":31:{s:13:\"\0*\0connection\";s:5:\"mysql\";s:8:\"\0*\0table\";s:13:\"message_modes\";s:13:\"\0*\0primaryKey\";s:2:\"id\";s:10:\"\0*\0keyType\";s:3:\"int\";s:12:\"incrementing\";b:1;s:7:\"\0*\0with\";a:0:{}s:12:\"\0*\0withCount\";a:0:{}s:19:\"preventsLazyLoading\";b:0;s:10:\"\0*\0perPage\";i:15;s:6:\"exists\";b:1;s:18:\"wasRecentlyCreated\";b:0;s:28:\"\0*\0escapeWhenCastingToString\";b:0;s:13:\"\0*\0attributes\";a:6:{s:2:\"id\";i:2;s:4:\"name\";s:5:\"Email\";s:6:\"status\";i:1;s:10:\"created_at\";s:19:\"2025-08-03 21:10:04\";s:10:\"updated_at\";s:19:\"2025-08-03 21:10:04\";s:10:\"deleted_at\";N;}s:11:\"\0*\0original\";a:6:{s:2:\"id\";i:2;s:4:\"name\";s:5:\"Email\";s:6:\"status\";i:1;s:10:\"created_at\";s:19:\"2025-08-03 21:10:04\";s:10:\"updated_at\";s:19:\"2025-08-03 21:10:04\";s:10:\"deleted_at\";N;}s:10:\"\0*\0changes\";a:0:{}s:8:\"\0*\0casts\";a:1:{s:10:\"deleted_at\";s:8:\"datetime\";}s:17:\"\0*\0classCastCache\";a:0:{}s:21:\"\0*\0attributeCastCache\";a:0:{}s:13:\"\0*\0dateFormat\";N;s:10:\"\0*\0appends\";a:0:{}s:19:\"\0*\0dispatchesEvents\";a:0:{}s:14:\"\0*\0observables\";a:0:{}s:12:\"\0*\0relations\";a:0:{}s:10:\"\0*\0touches\";a:0:{}s:10:\"timestamps\";b:1;s:13:\"usesUniqueIds\";b:0;s:9:\"\0*\0hidden\";a:0:{}s:10:\"\0*\0visible\";a:0:{}s:11:\"\0*\0fillable\";a:2:{i:0;s:4:\"name\";i:1;s:6:\"status\";}s:10:\"\0*\0guarded\";a:1:{i:0;s:1:\"*\";}s:16:\"\0*\0forceDeleting\";b:0;}i:2;O:22:\"App\\Models\\MessageMode\":31:{s:13:\"\0*\0connection\";s:5:\"mysql\";s:8:\"\0*\0table\";s:13:\"message_modes\";s:13:\"\0*\0primaryKey\";s:2:\"id\";s:10:\"\0*\0keyType\";s:3:\"int\";s:12:\"incrementing\";b:1;s:7:\"\0*\0with\";a:0:{}s:12:\"\0*\0withCount\";a:0:{}s:19:\"preventsLazyLoading\";b:0;s:10:\"\0*\0perPage\";i:15;s:6:\"exists\";b:1;s:18:\"wasRecentlyCreated\";b:0;s:28:\"\0*\0escapeWhenCastingToString\";b:0;s:13:\"\0*\0attributes\";a:6:{s:2:\"id\";i:3;s:4:\"name\";s:8:\"WhatsApp\";s:6:\"status\";i:1;s:10:\"created_at\";s:19:\"2025-08-03 21:10:04\";s:10:\"updated_at\";s:19:\"2025-08-03 21:10:04\";s:10:\"deleted_at\";N;}s:11:\"\0*\0original\";a:6:{s:2:\"id\";i:3;s:4:\"name\";s:8:\"WhatsApp\";s:6:\"status\";i:1;s:10:\"created_at\";s:19:\"2025-08-03 21:10:04\";s:10:\"updated_at\";s:19:\"2025-08-03 21:10:04\";s:10:\"deleted_at\";N;}s:10:\"\0*\0changes\";a:0:{}s:8:\"\0*\0casts\";a:1:{s:10:\"deleted_at\";s:8:\"datetime\";}s:17:\"\0*\0classCastCache\";a:0:{}s:21:\"\0*\0attributeCastCache\";a:0:{}s:13:\"\0*\0dateFormat\";N;s:10:\"\0*\0appends\";a:0:{}s:19:\"\0*\0dispatchesEvents\";a:0:{}s:14:\"\0*\0observables\";a:0:{}s:12:\"\0*\0relations\";a:0:{}s:10:\"\0*\0touches\";a:0:{}s:10:\"timestamps\";b:1;s:13:\"usesUniqueIds\";b:0;s:9:\"\0*\0hidden\";a:0:{}s:10:\"\0*\0visible\";a:0:{}s:11:\"\0*\0fillable\";a:2:{i:0;s:4:\"name\";i:1;s:6:\"status\";}s:10:\"\0*\0guarded\";a:1:{i:0;s:1:\"*\";}s:16:\"\0*\0forceDeleting\";b:0;}}s:28:\"\0*\0escapeWhenCastingToString\";b:0;}',2069609613),('payment_modes','O:39:\"Illuminate\\Database\\Eloquent\\Collection\":2:{s:8:\"\0*\0items\";a:3:{i:0;O:22:\"App\\Models\\PaymentMode\":31:{s:13:\"\0*\0connection\";s:5:\"mysql\";s:8:\"\0*\0table\";s:13:\"payment_modes\";s:13:\"\0*\0primaryKey\";s:2:\"id\";s:10:\"\0*\0keyType\";s:3:\"int\";s:12:\"incrementing\";b:1;s:7:\"\0*\0with\";a:0:{}s:12:\"\0*\0withCount\";a:0:{}s:19:\"preventsLazyLoading\";b:0;s:10:\"\0*\0perPage\";i:15;s:6:\"exists\";b:1;s:18:\"wasRecentlyCreated\";b:0;s:28:\"\0*\0escapeWhenCastingToString\";b:0;s:13:\"\0*\0attributes\";a:7:{s:2:\"id\";i:1;s:6:\"ref_no\";s:4:\"0001\";s:4:\"name\";s:6:\"M-PESA\";s:6:\"status\";i:1;s:10:\"created_at\";s:19:\"2025-08-03 21:10:05\";s:10:\"updated_at\";s:19:\"2025-08-03 21:10:05\";s:10:\"deleted_at\";N;}s:11:\"\0*\0original\";a:7:{s:2:\"id\";i:1;s:6:\"ref_no\";s:4:\"0001\";s:4:\"name\";s:6:\"M-PESA\";s:6:\"status\";i:1;s:10:\"created_at\";s:19:\"2025-08-03 21:10:05\";s:10:\"updated_at\";s:19:\"2025-08-03 21:10:05\";s:10:\"deleted_at\";N;}s:10:\"\0*\0changes\";a:0:{}s:8:\"\0*\0casts\";a:1:{s:10:\"deleted_at\";s:8:\"datetime\";}s:17:\"\0*\0classCastCache\";a:0:{}s:21:\"\0*\0attributeCastCache\";a:0:{}s:13:\"\0*\0dateFormat\";N;s:10:\"\0*\0appends\";a:0:{}s:19:\"\0*\0dispatchesEvents\";a:0:{}s:14:\"\0*\0observables\";a:0:{}s:12:\"\0*\0relations\";a:0:{}s:10:\"\0*\0touches\";a:0:{}s:10:\"timestamps\";b:1;s:13:\"usesUniqueIds\";b:0;s:9:\"\0*\0hidden\";a:0:{}s:10:\"\0*\0visible\";a:0:{}s:11:\"\0*\0fillable\";a:3:{i:0;s:6:\"ref_no\";i:1;s:4:\"name\";i:2;s:6:\"status\";}s:10:\"\0*\0guarded\";a:1:{i:0;s:1:\"*\";}s:16:\"\0*\0forceDeleting\";b:0;}i:1;O:22:\"App\\Models\\PaymentMode\":31:{s:13:\"\0*\0connection\";s:5:\"mysql\";s:8:\"\0*\0table\";s:13:\"payment_modes\";s:13:\"\0*\0primaryKey\";s:2:\"id\";s:10:\"\0*\0keyType\";s:3:\"int\";s:12:\"incrementing\";b:1;s:7:\"\0*\0with\";a:0:{}s:12:\"\0*\0withCount\";a:0:{}s:19:\"preventsLazyLoading\";b:0;s:10:\"\0*\0perPage\";i:15;s:6:\"exists\";b:1;s:18:\"wasRecentlyCreated\";b:0;s:28:\"\0*\0escapeWhenCastingToString\";b:0;s:13:\"\0*\0attributes\";a:7:{s:2:\"id\";i:2;s:6:\"ref_no\";s:4:\"0002\";s:4:\"name\";s:17:\"M-PESA (Manually)\";s:6:\"status\";i:1;s:10:\"created_at\";s:19:\"2025-08-03 21:10:05\";s:10:\"updated_at\";s:19:\"2025-08-03 21:10:05\";s:10:\"deleted_at\";N;}s:11:\"\0*\0original\";a:7:{s:2:\"id\";i:2;s:6:\"ref_no\";s:4:\"0002\";s:4:\"name\";s:17:\"M-PESA (Manually)\";s:6:\"status\";i:1;s:10:\"created_at\";s:19:\"2025-08-03 21:10:05\";s:10:\"updated_at\";s:19:\"2025-08-03 21:10:05\";s:10:\"deleted_at\";N;}s:10:\"\0*\0changes\";a:0:{}s:8:\"\0*\0casts\";a:1:{s:10:\"deleted_at\";s:8:\"datetime\";}s:17:\"\0*\0classCastCache\";a:0:{}s:21:\"\0*\0attributeCastCache\";a:0:{}s:13:\"\0*\0dateFormat\";N;s:10:\"\0*\0appends\";a:0:{}s:19:\"\0*\0dispatchesEvents\";a:0:{}s:14:\"\0*\0observables\";a:0:{}s:12:\"\0*\0relations\";a:0:{}s:10:\"\0*\0touches\";a:0:{}s:10:\"timestamps\";b:1;s:13:\"usesUniqueIds\";b:0;s:9:\"\0*\0hidden\";a:0:{}s:10:\"\0*\0visible\";a:0:{}s:11:\"\0*\0fillable\";a:3:{i:0;s:6:\"ref_no\";i:1;s:4:\"name\";i:2;s:6:\"status\";}s:10:\"\0*\0guarded\";a:1:{i:0;s:1:\"*\";}s:16:\"\0*\0forceDeleting\";b:0;}i:2;O:22:\"App\\Models\\PaymentMode\":31:{s:13:\"\0*\0connection\";s:5:\"mysql\";s:8:\"\0*\0table\";s:13:\"payment_modes\";s:13:\"\0*\0primaryKey\";s:2:\"id\";s:10:\"\0*\0keyType\";s:3:\"int\";s:12:\"incrementing\";b:1;s:7:\"\0*\0with\";a:0:{}s:12:\"\0*\0withCount\";a:0:{}s:19:\"preventsLazyLoading\";b:0;s:10:\"\0*\0perPage\";i:15;s:6:\"exists\";b:1;s:18:\"wasRecentlyCreated\";b:0;s:28:\"\0*\0escapeWhenCastingToString\";b:0;s:13:\"\0*\0attributes\";a:7:{s:2:\"id\";i:3;s:6:\"ref_no\";s:4:\"0003\";s:4:\"name\";s:4:\"Cash\";s:6:\"status\";i:1;s:10:\"created_at\";s:19:\"2025-08-03 21:10:05\";s:10:\"updated_at\";s:19:\"2025-08-03 21:10:05\";s:10:\"deleted_at\";N;}s:11:\"\0*\0original\";a:7:{s:2:\"id\";i:3;s:6:\"ref_no\";s:4:\"0003\";s:4:\"name\";s:4:\"Cash\";s:6:\"status\";i:1;s:10:\"created_at\";s:19:\"2025-08-03 21:10:05\";s:10:\"updated_at\";s:19:\"2025-08-03 21:10:05\";s:10:\"deleted_at\";N;}s:10:\"\0*\0changes\";a:0:{}s:8:\"\0*\0casts\";a:1:{s:10:\"deleted_at\";s:8:\"datetime\";}s:17:\"\0*\0classCastCache\";a:0:{}s:21:\"\0*\0attributeCastCache\";a:0:{}s:13:\"\0*\0dateFormat\";N;s:10:\"\0*\0appends\";a:0:{}s:19:\"\0*\0dispatchesEvents\";a:0:{}s:14:\"\0*\0observables\";a:0:{}s:12:\"\0*\0relations\";a:0:{}s:10:\"\0*\0touches\";a:0:{}s:10:\"timestamps\";b:1;s:13:\"usesUniqueIds\";b:0;s:9:\"\0*\0hidden\";a:0:{}s:10:\"\0*\0visible\";a:0:{}s:11:\"\0*\0fillable\";a:3:{i:0;s:6:\"ref_no\";i:1;s:4:\"name\";i:2;s:6:\"status\";}s:10:\"\0*\0guarded\";a:1:{i:0;s:1:\"*\";}s:16:\"\0*\0forceDeleting\";b:0;}}s:28:\"\0*\0escapeWhenCastingToString\";b:0;}',2069609613),('plan_validity_types','O:39:\"Illuminate\\Database\\Eloquent\\Collection\":2:{s:8:\"\0*\0items\";a:3:{i:0;O:27:\"App\\Models\\PlanValidityType\":31:{s:13:\"\0*\0connection\";s:5:\"mysql\";s:8:\"\0*\0table\";s:19:\"plan_validity_types\";s:13:\"\0*\0primaryKey\";s:2:\"id\";s:10:\"\0*\0keyType\";s:3:\"int\";s:12:\"incrementing\";b:1;s:7:\"\0*\0with\";a:0:{}s:12:\"\0*\0withCount\";a:0:{}s:19:\"preventsLazyLoading\";b:0;s:10:\"\0*\0perPage\";i:15;s:6:\"exists\";b:1;s:18:\"wasRecentlyCreated\";b:0;s:28:\"\0*\0escapeWhenCastingToString\";b:0;s:13:\"\0*\0attributes\";a:7:{s:2:\"id\";i:1;s:6:\"ref_no\";s:4:\"0001\";s:4:\"name\";s:7:\"Minutes\";s:6:\"entity\";s:1:\"m\";s:10:\"created_at\";s:19:\"2025-08-03 21:10:02\";s:10:\"updated_at\";s:19:\"2025-08-03 21:10:02\";s:10:\"deleted_at\";N;}s:11:\"\0*\0original\";a:7:{s:2:\"id\";i:1;s:6:\"ref_no\";s:4:\"0001\";s:4:\"name\";s:7:\"Minutes\";s:6:\"entity\";s:1:\"m\";s:10:\"created_at\";s:19:\"2025-08-03 21:10:02\";s:10:\"updated_at\";s:19:\"2025-08-03 21:10:02\";s:10:\"deleted_at\";N;}s:10:\"\0*\0changes\";a:0:{}s:8:\"\0*\0casts\";a:1:{s:10:\"deleted_at\";s:8:\"datetime\";}s:17:\"\0*\0classCastCache\";a:0:{}s:21:\"\0*\0attributeCastCache\";a:0:{}s:13:\"\0*\0dateFormat\";N;s:10:\"\0*\0appends\";a:0:{}s:19:\"\0*\0dispatchesEvents\";a:0:{}s:14:\"\0*\0observables\";a:0:{}s:12:\"\0*\0relations\";a:0:{}s:10:\"\0*\0touches\";a:0:{}s:10:\"timestamps\";b:1;s:13:\"usesUniqueIds\";b:0;s:9:\"\0*\0hidden\";a:0:{}s:10:\"\0*\0visible\";a:0:{}s:11:\"\0*\0fillable\";a:3:{i:0;s:6:\"ref_no\";i:1;s:4:\"name\";i:2;s:6:\"entity\";}s:10:\"\0*\0guarded\";a:1:{i:0;s:1:\"*\";}s:16:\"\0*\0forceDeleting\";b:0;}i:1;O:27:\"App\\Models\\PlanValidityType\":31:{s:13:\"\0*\0connection\";s:5:\"mysql\";s:8:\"\0*\0table\";s:19:\"plan_validity_types\";s:13:\"\0*\0primaryKey\";s:2:\"id\";s:10:\"\0*\0keyType\";s:3:\"int\";s:12:\"incrementing\";b:1;s:7:\"\0*\0with\";a:0:{}s:12:\"\0*\0withCount\";a:0:{}s:19:\"preventsLazyLoading\";b:0;s:10:\"\0*\0perPage\";i:15;s:6:\"exists\";b:1;s:18:\"wasRecentlyCreated\";b:0;s:28:\"\0*\0escapeWhenCastingToString\";b:0;s:13:\"\0*\0attributes\";a:7:{s:2:\"id\";i:2;s:6:\"ref_no\";s:4:\"0002\";s:4:\"name\";s:5:\"Hours\";s:6:\"entity\";s:1:\"h\";s:10:\"created_at\";s:19:\"2025-08-03 21:10:02\";s:10:\"updated_at\";s:19:\"2025-08-03 21:10:02\";s:10:\"deleted_at\";N;}s:11:\"\0*\0original\";a:7:{s:2:\"id\";i:2;s:6:\"ref_no\";s:4:\"0002\";s:4:\"name\";s:5:\"Hours\";s:6:\"entity\";s:1:\"h\";s:10:\"created_at\";s:19:\"2025-08-03 21:10:02\";s:10:\"updated_at\";s:19:\"2025-08-03 21:10:02\";s:10:\"deleted_at\";N;}s:10:\"\0*\0changes\";a:0:{}s:8:\"\0*\0casts\";a:1:{s:10:\"deleted_at\";s:8:\"datetime\";}s:17:\"\0*\0classCastCache\";a:0:{}s:21:\"\0*\0attributeCastCache\";a:0:{}s:13:\"\0*\0dateFormat\";N;s:10:\"\0*\0appends\";a:0:{}s:19:\"\0*\0dispatchesEvents\";a:0:{}s:14:\"\0*\0observables\";a:0:{}s:12:\"\0*\0relations\";a:0:{}s:10:\"\0*\0touches\";a:0:{}s:10:\"timestamps\";b:1;s:13:\"usesUniqueIds\";b:0;s:9:\"\0*\0hidden\";a:0:{}s:10:\"\0*\0visible\";a:0:{}s:11:\"\0*\0fillable\";a:3:{i:0;s:6:\"ref_no\";i:1;s:4:\"name\";i:2;s:6:\"entity\";}s:10:\"\0*\0guarded\";a:1:{i:0;s:1:\"*\";}s:16:\"\0*\0forceDeleting\";b:0;}i:2;O:27:\"App\\Models\\PlanValidityType\":31:{s:13:\"\0*\0connection\";s:5:\"mysql\";s:8:\"\0*\0table\";s:19:\"plan_validity_types\";s:13:\"\0*\0primaryKey\";s:2:\"id\";s:10:\"\0*\0keyType\";s:3:\"int\";s:12:\"incrementing\";b:1;s:7:\"\0*\0with\";a:0:{}s:12:\"\0*\0withCount\";a:0:{}s:19:\"preventsLazyLoading\";b:0;s:10:\"\0*\0perPage\";i:15;s:6:\"exists\";b:1;s:18:\"wasRecentlyCreated\";b:0;s:28:\"\0*\0escapeWhenCastingToString\";b:0;s:13:\"\0*\0attributes\";a:7:{s:2:\"id\";i:3;s:6:\"ref_no\";s:4:\"0003\";s:4:\"name\";s:4:\"Days\";s:6:\"entity\";s:1:\"d\";s:10:\"created_at\";s:19:\"2025-08-03 21:10:02\";s:10:\"updated_at\";s:19:\"2025-08-03 21:10:02\";s:10:\"deleted_at\";N;}s:11:\"\0*\0original\";a:7:{s:2:\"id\";i:3;s:6:\"ref_no\";s:4:\"0003\";s:4:\"name\";s:4:\"Days\";s:6:\"entity\";s:1:\"d\";s:10:\"created_at\";s:19:\"2025-08-03 21:10:02\";s:10:\"updated_at\";s:19:\"2025-08-03 21:10:02\";s:10:\"deleted_at\";N;}s:10:\"\0*\0changes\";a:0:{}s:8:\"\0*\0casts\";a:1:{s:10:\"deleted_at\";s:8:\"datetime\";}s:17:\"\0*\0classCastCache\";a:0:{}s:21:\"\0*\0attributeCastCache\";a:0:{}s:13:\"\0*\0dateFormat\";N;s:10:\"\0*\0appends\";a:0:{}s:19:\"\0*\0dispatchesEvents\";a:0:{}s:14:\"\0*\0observables\";a:0:{}s:12:\"\0*\0relations\";a:0:{}s:10:\"\0*\0touches\";a:0:{}s:10:\"timestamps\";b:1;s:13:\"usesUniqueIds\";b:0;s:9:\"\0*\0hidden\";a:0:{}s:10:\"\0*\0visible\";a:0:{}s:11:\"\0*\0fillable\";a:3:{i:0;s:6:\"ref_no\";i:1;s:4:\"name\";i:2;s:6:\"entity\";}s:10:\"\0*\0guarded\";a:1:{i:0;s:1:\"*\";}s:16:\"\0*\0forceDeleting\";b:0;}}s:28:\"\0*\0escapeWhenCastingToString\";b:0;}',2069609613),('roles_with_user_counts','O:39:\"Illuminate\\Database\\Eloquent\\Collection\":2:{s:8:\"\0*\0items\";a:3:{i:0;O:29:\"Spatie\\Permission\\Models\\Role\":30:{s:13:\"\0*\0connection\";s:5:\"mysql\";s:8:\"\0*\0table\";s:5:\"roles\";s:13:\"\0*\0primaryKey\";s:2:\"id\";s:10:\"\0*\0keyType\";s:3:\"int\";s:12:\"incrementing\";b:1;s:7:\"\0*\0with\";a:0:{}s:12:\"\0*\0withCount\";a:0:{}s:19:\"preventsLazyLoading\";b:0;s:10:\"\0*\0perPage\";i:15;s:6:\"exists\";b:1;s:18:\"wasRecentlyCreated\";b:0;s:28:\"\0*\0escapeWhenCastingToString\";b:0;s:13:\"\0*\0attributes\";a:6:{s:2:\"id\";i:1;s:4:\"name\";s:13:\"Administrator\";s:10:\"guard_name\";s:3:\"web\";s:10:\"created_at\";s:19:\"2025-08-03 21:10:01\";s:10:\"updated_at\";s:19:\"2025-08-03 21:10:01\";s:11:\"users_count\";i:1;}s:11:\"\0*\0original\";a:6:{s:2:\"id\";i:1;s:4:\"name\";s:13:\"Administrator\";s:10:\"guard_name\";s:3:\"web\";s:10:\"created_at\";s:19:\"2025-08-03 21:10:01\";s:10:\"updated_at\";s:19:\"2025-08-03 21:10:01\";s:11:\"users_count\";i:1;}s:10:\"\0*\0changes\";a:0:{}s:8:\"\0*\0casts\";a:0:{}s:17:\"\0*\0classCastCache\";a:0:{}s:21:\"\0*\0attributeCastCache\";a:0:{}s:13:\"\0*\0dateFormat\";N;s:10:\"\0*\0appends\";a:0:{}s:19:\"\0*\0dispatchesEvents\";a:0:{}s:14:\"\0*\0observables\";a:0:{}s:12:\"\0*\0relations\";a:0:{}s:10:\"\0*\0touches\";a:0:{}s:10:\"timestamps\";b:1;s:13:\"usesUniqueIds\";b:0;s:9:\"\0*\0hidden\";a:0:{}s:10:\"\0*\0visible\";a:0:{}s:11:\"\0*\0fillable\";a:0:{}s:10:\"\0*\0guarded\";a:1:{i:0;s:2:\"id\";}}i:1;O:29:\"Spatie\\Permission\\Models\\Role\":30:{s:13:\"\0*\0connection\";s:5:\"mysql\";s:8:\"\0*\0table\";s:5:\"roles\";s:13:\"\0*\0primaryKey\";s:2:\"id\";s:10:\"\0*\0keyType\";s:3:\"int\";s:12:\"incrementing\";b:1;s:7:\"\0*\0with\";a:0:{}s:12:\"\0*\0withCount\";a:0:{}s:19:\"preventsLazyLoading\";b:0;s:10:\"\0*\0perPage\";i:15;s:6:\"exists\";b:1;s:18:\"wasRecentlyCreated\";b:0;s:28:\"\0*\0escapeWhenCastingToString\";b:0;s:13:\"\0*\0attributes\";a:6:{s:2:\"id\";i:2;s:4:\"name\";s:6:\"Client\";s:10:\"guard_name\";s:3:\"web\";s:10:\"created_at\";s:19:\"2025-08-03 21:10:01\";s:10:\"updated_at\";s:19:\"2025-08-03 21:10:01\";s:11:\"users_count\";i:2;}s:11:\"\0*\0original\";a:6:{s:2:\"id\";i:2;s:4:\"name\";s:6:\"Client\";s:10:\"guard_name\";s:3:\"web\";s:10:\"created_at\";s:19:\"2025-08-03 21:10:01\";s:10:\"updated_at\";s:19:\"2025-08-03 21:10:01\";s:11:\"users_count\";i:2;}s:10:\"\0*\0changes\";a:0:{}s:8:\"\0*\0casts\";a:0:{}s:17:\"\0*\0classCastCache\";a:0:{}s:21:\"\0*\0attributeCastCache\";a:0:{}s:13:\"\0*\0dateFormat\";N;s:10:\"\0*\0appends\";a:0:{}s:19:\"\0*\0dispatchesEvents\";a:0:{}s:14:\"\0*\0observables\";a:0:{}s:12:\"\0*\0relations\";a:0:{}s:10:\"\0*\0touches\";a:0:{}s:10:\"timestamps\";b:1;s:13:\"usesUniqueIds\";b:0;s:9:\"\0*\0hidden\";a:0:{}s:10:\"\0*\0visible\";a:0:{}s:11:\"\0*\0fillable\";a:0:{}s:10:\"\0*\0guarded\";a:1:{i:0;s:2:\"id\";}}i:2;O:29:\"Spatie\\Permission\\Models\\Role\":30:{s:13:\"\0*\0connection\";s:5:\"mysql\";s:8:\"\0*\0table\";s:5:\"roles\";s:13:\"\0*\0primaryKey\";s:2:\"id\";s:10:\"\0*\0keyType\";s:3:\"int\";s:12:\"incrementing\";b:1;s:7:\"\0*\0with\";a:0:{}s:12:\"\0*\0withCount\";a:0:{}s:19:\"preventsLazyLoading\";b:0;s:10:\"\0*\0perPage\";i:15;s:6:\"exists\";b:1;s:18:\"wasRecentlyCreated\";b:0;s:28:\"\0*\0escapeWhenCastingToString\";b:0;s:13:\"\0*\0attributes\";a:6:{s:2:\"id\";i:3;s:4:\"name\";s:8:\"Referrer\";s:10:\"guard_name\";s:3:\"web\";s:10:\"created_at\";s:19:\"2025-08-03 21:10:01\";s:10:\"updated_at\";s:19:\"2025-08-03 21:10:01\";s:11:\"users_count\";i:0;}s:11:\"\0*\0original\";a:6:{s:2:\"id\";i:3;s:4:\"name\";s:8:\"Referrer\";s:10:\"guard_name\";s:3:\"web\";s:10:\"created_at\";s:19:\"2025-08-03 21:10:01\";s:10:\"updated_at\";s:19:\"2025-08-03 21:10:01\";s:11:\"users_count\";i:0;}s:10:\"\0*\0changes\";a:0:{}s:8:\"\0*\0casts\";a:0:{}s:17:\"\0*\0classCastCache\";a:0:{}s:21:\"\0*\0attributeCastCache\";a:0:{}s:13:\"\0*\0dateFormat\";N;s:10:\"\0*\0appends\";a:0:{}s:19:\"\0*\0dispatchesEvents\";a:0:{}s:14:\"\0*\0observables\";a:0:{}s:12:\"\0*\0relations\";a:0:{}s:10:\"\0*\0touches\";a:0:{}s:10:\"timestamps\";b:1;s:13:\"usesUniqueIds\";b:0;s:9:\"\0*\0hidden\";a:0:{}s:10:\"\0*\0visible\";a:0:{}s:11:\"\0*\0fillable\";a:0:{}s:10:\"\0*\0guarded\";a:1:{i:0;s:2:\"id\";}}}s:28:\"\0*\0escapeWhenCastingToString\";b:0;}',1754731809),('service_plans','O:39:\"Illuminate\\Database\\Eloquent\\Collection\":2:{s:8:\"\0*\0items\";a:3:{i:0;O:22:\"App\\Models\\ServicePlan\":31:{s:13:\"\0*\0connection\";s:5:\"mysql\";s:8:\"\0*\0table\";s:13:\"service_plans\";s:13:\"\0*\0primaryKey\";s:2:\"id\";s:10:\"\0*\0keyType\";s:3:\"int\";s:12:\"incrementing\";b:1;s:7:\"\0*\0with\";a:0:{}s:12:\"\0*\0withCount\";a:0:{}s:19:\"preventsLazyLoading\";b:0;s:10:\"\0*\0perPage\";i:15;s:6:\"exists\";b:1;s:18:\"wasRecentlyCreated\";b:0;s:28:\"\0*\0escapeWhenCastingToString\";b:0;s:13:\"\0*\0attributes\";a:7:{s:2:\"id\";i:1;s:6:\"ref_no\";s:4:\"0001\";s:4:\"name\";s:13:\"Hotspot Plans\";s:6:\"status\";i:1;s:10:\"created_at\";s:19:\"2025-08-03 21:10:02\";s:10:\"updated_at\";s:19:\"2025-08-03 21:10:02\";s:10:\"deleted_at\";N;}s:11:\"\0*\0original\";a:7:{s:2:\"id\";i:1;s:6:\"ref_no\";s:4:\"0001\";s:4:\"name\";s:13:\"Hotspot Plans\";s:6:\"status\";i:1;s:10:\"created_at\";s:19:\"2025-08-03 21:10:02\";s:10:\"updated_at\";s:19:\"2025-08-03 21:10:02\";s:10:\"deleted_at\";N;}s:10:\"\0*\0changes\";a:0:{}s:8:\"\0*\0casts\";a:1:{s:10:\"deleted_at\";s:8:\"datetime\";}s:17:\"\0*\0classCastCache\";a:0:{}s:21:\"\0*\0attributeCastCache\";a:0:{}s:13:\"\0*\0dateFormat\";N;s:10:\"\0*\0appends\";a:0:{}s:19:\"\0*\0dispatchesEvents\";a:0:{}s:14:\"\0*\0observables\";a:0:{}s:12:\"\0*\0relations\";a:0:{}s:10:\"\0*\0touches\";a:0:{}s:10:\"timestamps\";b:1;s:13:\"usesUniqueIds\";b:0;s:9:\"\0*\0hidden\";a:0:{}s:10:\"\0*\0visible\";a:0:{}s:11:\"\0*\0fillable\";a:3:{i:0;s:6:\"ref_no\";i:1;s:4:\"name\";i:2;s:6:\"status\";}s:10:\"\0*\0guarded\";a:1:{i:0;s:1:\"*\";}s:16:\"\0*\0forceDeleting\";b:0;}i:1;O:22:\"App\\Models\\ServicePlan\":31:{s:13:\"\0*\0connection\";s:5:\"mysql\";s:8:\"\0*\0table\";s:13:\"service_plans\";s:13:\"\0*\0primaryKey\";s:2:\"id\";s:10:\"\0*\0keyType\";s:3:\"int\";s:12:\"incrementing\";b:1;s:7:\"\0*\0with\";a:0:{}s:12:\"\0*\0withCount\";a:0:{}s:19:\"preventsLazyLoading\";b:0;s:10:\"\0*\0perPage\";i:15;s:6:\"exists\";b:1;s:18:\"wasRecentlyCreated\";b:0;s:28:\"\0*\0escapeWhenCastingToString\";b:0;s:13:\"\0*\0attributes\";a:7:{s:2:\"id\";i:2;s:6:\"ref_no\";s:4:\"0002\";s:4:\"name\";s:11:\"PPPoE Plans\";s:6:\"status\";i:1;s:10:\"created_at\";s:19:\"2025-08-03 21:10:02\";s:10:\"updated_at\";s:19:\"2025-08-03 21:10:02\";s:10:\"deleted_at\";N;}s:11:\"\0*\0original\";a:7:{s:2:\"id\";i:2;s:6:\"ref_no\";s:4:\"0002\";s:4:\"name\";s:11:\"PPPoE Plans\";s:6:\"status\";i:1;s:10:\"created_at\";s:19:\"2025-08-03 21:10:02\";s:10:\"updated_at\";s:19:\"2025-08-03 21:10:02\";s:10:\"deleted_at\";N;}s:10:\"\0*\0changes\";a:0:{}s:8:\"\0*\0casts\";a:1:{s:10:\"deleted_at\";s:8:\"datetime\";}s:17:\"\0*\0classCastCache\";a:0:{}s:21:\"\0*\0attributeCastCache\";a:0:{}s:13:\"\0*\0dateFormat\";N;s:10:\"\0*\0appends\";a:0:{}s:19:\"\0*\0dispatchesEvents\";a:0:{}s:14:\"\0*\0observables\";a:0:{}s:12:\"\0*\0relations\";a:0:{}s:10:\"\0*\0touches\";a:0:{}s:10:\"timestamps\";b:1;s:13:\"usesUniqueIds\";b:0;s:9:\"\0*\0hidden\";a:0:{}s:10:\"\0*\0visible\";a:0:{}s:11:\"\0*\0fillable\";a:3:{i:0;s:6:\"ref_no\";i:1;s:4:\"name\";i:2;s:6:\"status\";}s:10:\"\0*\0guarded\";a:1:{i:0;s:1:\"*\";}s:16:\"\0*\0forceDeleting\";b:0;}i:2;O:22:\"App\\Models\\ServicePlan\":31:{s:13:\"\0*\0connection\";s:5:\"mysql\";s:8:\"\0*\0table\";s:13:\"service_plans\";s:13:\"\0*\0primaryKey\";s:2:\"id\";s:10:\"\0*\0keyType\";s:3:\"int\";s:12:\"incrementing\";b:1;s:7:\"\0*\0with\";a:0:{}s:12:\"\0*\0withCount\";a:0:{}s:19:\"preventsLazyLoading\";b:0;s:10:\"\0*\0perPage\";i:15;s:6:\"exists\";b:1;s:18:\"wasRecentlyCreated\";b:0;s:28:\"\0*\0escapeWhenCastingToString\";b:0;s:13:\"\0*\0attributes\";a:7:{s:2:\"id\";i:3;s:6:\"ref_no\";s:4:\"0003\";s:4:\"name\";s:12:\"Static Plans\";s:6:\"status\";i:1;s:10:\"created_at\";s:19:\"2025-08-03 21:10:02\";s:10:\"updated_at\";s:19:\"2025-08-03 21:10:02\";s:10:\"deleted_at\";N;}s:11:\"\0*\0original\";a:7:{s:2:\"id\";i:3;s:6:\"ref_no\";s:4:\"0003\";s:4:\"name\";s:12:\"Static Plans\";s:6:\"status\";i:1;s:10:\"created_at\";s:19:\"2025-08-03 21:10:02\";s:10:\"updated_at\";s:19:\"2025-08-03 21:10:02\";s:10:\"deleted_at\";N;}s:10:\"\0*\0changes\";a:0:{}s:8:\"\0*\0casts\";a:1:{s:10:\"deleted_at\";s:8:\"datetime\";}s:17:\"\0*\0classCastCache\";a:0:{}s:21:\"\0*\0attributeCastCache\";a:0:{}s:13:\"\0*\0dateFormat\";N;s:10:\"\0*\0appends\";a:0:{}s:19:\"\0*\0dispatchesEvents\";a:0:{}s:14:\"\0*\0observables\";a:0:{}s:12:\"\0*\0relations\";a:0:{}s:10:\"\0*\0touches\";a:0:{}s:10:\"timestamps\";b:1;s:13:\"usesUniqueIds\";b:0;s:9:\"\0*\0hidden\";a:0:{}s:10:\"\0*\0visible\";a:0:{}s:11:\"\0*\0fillable\";a:3:{i:0;s:6:\"ref_no\";i:1;s:4:\"name\";i:2;s:6:\"status\";}s:10:\"\0*\0guarded\";a:1:{i:0;s:1:\"*\";}s:16:\"\0*\0forceDeleting\";b:0;}}s:28:\"\0*\0escapeWhenCastingToString\";b:0;}',2069609613),('sms_provider_requirements','O:39:\"Illuminate\\Database\\Eloquent\\Collection\":2:{s:8:\"\0*\0items\";a:8:{i:0;O:33:\"App\\Models\\SmsProviderRequirement\":31:{s:13:\"\0*\0connection\";s:5:\"mysql\";s:8:\"\0*\0table\";s:25:\"sms_provider_requirements\";s:13:\"\0*\0primaryKey\";s:2:\"id\";s:10:\"\0*\0keyType\";s:3:\"int\";s:12:\"incrementing\";b:1;s:7:\"\0*\0with\";a:0:{}s:12:\"\0*\0withCount\";a:0:{}s:19:\"preventsLazyLoading\";b:0;s:10:\"\0*\0perPage\";i:15;s:6:\"exists\";b:1;s:18:\"wasRecentlyCreated\";b:0;s:28:\"\0*\0escapeWhenCastingToString\";b:0;s:13:\"\0*\0attributes\";a:6:{s:2:\"id\";i:1;s:15:\"sms_provider_id\";i:1;s:18:\"sms_requirement_id\";i:1;s:10:\"created_at\";s:19:\"2025-08-03 21:10:04\";s:10:\"updated_at\";s:19:\"2025-08-03 21:10:04\";s:10:\"deleted_at\";N;}s:11:\"\0*\0original\";a:6:{s:2:\"id\";i:1;s:15:\"sms_provider_id\";i:1;s:18:\"sms_requirement_id\";i:1;s:10:\"created_at\";s:19:\"2025-08-03 21:10:04\";s:10:\"updated_at\";s:19:\"2025-08-03 21:10:04\";s:10:\"deleted_at\";N;}s:10:\"\0*\0changes\";a:0:{}s:8:\"\0*\0casts\";a:1:{s:10:\"deleted_at\";s:8:\"datetime\";}s:17:\"\0*\0classCastCache\";a:0:{}s:21:\"\0*\0attributeCastCache\";a:0:{}s:13:\"\0*\0dateFormat\";N;s:10:\"\0*\0appends\";a:0:{}s:19:\"\0*\0dispatchesEvents\";a:0:{}s:14:\"\0*\0observables\";a:0:{}s:12:\"\0*\0relations\";a:0:{}s:10:\"\0*\0touches\";a:0:{}s:10:\"timestamps\";b:1;s:13:\"usesUniqueIds\";b:0;s:9:\"\0*\0hidden\";a:0:{}s:10:\"\0*\0visible\";a:0:{}s:11:\"\0*\0fillable\";a:2:{i:0;s:15:\"sms_provider_id\";i:1;s:18:\"sms_requirement_id\";}s:10:\"\0*\0guarded\";a:1:{i:0;s:1:\"*\";}s:16:\"\0*\0forceDeleting\";b:0;}i:1;O:33:\"App\\Models\\SmsProviderRequirement\":31:{s:13:\"\0*\0connection\";s:5:\"mysql\";s:8:\"\0*\0table\";s:25:\"sms_provider_requirements\";s:13:\"\0*\0primaryKey\";s:2:\"id\";s:10:\"\0*\0keyType\";s:3:\"int\";s:12:\"incrementing\";b:1;s:7:\"\0*\0with\";a:0:{}s:12:\"\0*\0withCount\";a:0:{}s:19:\"preventsLazyLoading\";b:0;s:10:\"\0*\0perPage\";i:15;s:6:\"exists\";b:1;s:18:\"wasRecentlyCreated\";b:0;s:28:\"\0*\0escapeWhenCastingToString\";b:0;s:13:\"\0*\0attributes\";a:6:{s:2:\"id\";i:2;s:15:\"sms_provider_id\";i:1;s:18:\"sms_requirement_id\";i:3;s:10:\"created_at\";s:19:\"2025-08-03 21:10:04\";s:10:\"updated_at\";s:19:\"2025-08-03 21:10:04\";s:10:\"deleted_at\";N;}s:11:\"\0*\0original\";a:6:{s:2:\"id\";i:2;s:15:\"sms_provider_id\";i:1;s:18:\"sms_requirement_id\";i:3;s:10:\"created_at\";s:19:\"2025-08-03 21:10:04\";s:10:\"updated_at\";s:19:\"2025-08-03 21:10:04\";s:10:\"deleted_at\";N;}s:10:\"\0*\0changes\";a:0:{}s:8:\"\0*\0casts\";a:1:{s:10:\"deleted_at\";s:8:\"datetime\";}s:17:\"\0*\0classCastCache\";a:0:{}s:21:\"\0*\0attributeCastCache\";a:0:{}s:13:\"\0*\0dateFormat\";N;s:10:\"\0*\0appends\";a:0:{}s:19:\"\0*\0dispatchesEvents\";a:0:{}s:14:\"\0*\0observables\";a:0:{}s:12:\"\0*\0relations\";a:0:{}s:10:\"\0*\0touches\";a:0:{}s:10:\"timestamps\";b:1;s:13:\"usesUniqueIds\";b:0;s:9:\"\0*\0hidden\";a:0:{}s:10:\"\0*\0visible\";a:0:{}s:11:\"\0*\0fillable\";a:2:{i:0;s:15:\"sms_provider_id\";i:1;s:18:\"sms_requirement_id\";}s:10:\"\0*\0guarded\";a:1:{i:0;s:1:\"*\";}s:16:\"\0*\0forceDeleting\";b:0;}i:2;O:33:\"App\\Models\\SmsProviderRequirement\":31:{s:13:\"\0*\0connection\";s:5:\"mysql\";s:8:\"\0*\0table\";s:25:\"sms_provider_requirements\";s:13:\"\0*\0primaryKey\";s:2:\"id\";s:10:\"\0*\0keyType\";s:3:\"int\";s:12:\"incrementing\";b:1;s:7:\"\0*\0with\";a:0:{}s:12:\"\0*\0withCount\";a:0:{}s:19:\"preventsLazyLoading\";b:0;s:10:\"\0*\0perPage\";i:15;s:6:\"exists\";b:1;s:18:\"wasRecentlyCreated\";b:0;s:28:\"\0*\0escapeWhenCastingToString\";b:0;s:13:\"\0*\0attributes\";a:6:{s:2:\"id\";i:3;s:15:\"sms_provider_id\";i:1;s:18:\"sms_requirement_id\";i:4;s:10:\"created_at\";s:19:\"2025-08-03 21:10:04\";s:10:\"updated_at\";s:19:\"2025-08-03 21:10:04\";s:10:\"deleted_at\";N;}s:11:\"\0*\0original\";a:6:{s:2:\"id\";i:3;s:15:\"sms_provider_id\";i:1;s:18:\"sms_requirement_id\";i:4;s:10:\"created_at\";s:19:\"2025-08-03 21:10:04\";s:10:\"updated_at\";s:19:\"2025-08-03 21:10:04\";s:10:\"deleted_at\";N;}s:10:\"\0*\0changes\";a:0:{}s:8:\"\0*\0casts\";a:1:{s:10:\"deleted_at\";s:8:\"datetime\";}s:17:\"\0*\0classCastCache\";a:0:{}s:21:\"\0*\0attributeCastCache\";a:0:{}s:13:\"\0*\0dateFormat\";N;s:10:\"\0*\0appends\";a:0:{}s:19:\"\0*\0dispatchesEvents\";a:0:{}s:14:\"\0*\0observables\";a:0:{}s:12:\"\0*\0relations\";a:0:{}s:10:\"\0*\0touches\";a:0:{}s:10:\"timestamps\";b:1;s:13:\"usesUniqueIds\";b:0;s:9:\"\0*\0hidden\";a:0:{}s:10:\"\0*\0visible\";a:0:{}s:11:\"\0*\0fillable\";a:2:{i:0;s:15:\"sms_provider_id\";i:1;s:18:\"sms_requirement_id\";}s:10:\"\0*\0guarded\";a:1:{i:0;s:1:\"*\";}s:16:\"\0*\0forceDeleting\";b:0;}i:3;O:33:\"App\\Models\\SmsProviderRequirement\":31:{s:13:\"\0*\0connection\";s:5:\"mysql\";s:8:\"\0*\0table\";s:25:\"sms_provider_requirements\";s:13:\"\0*\0primaryKey\";s:2:\"id\";s:10:\"\0*\0keyType\";s:3:\"int\";s:12:\"incrementing\";b:1;s:7:\"\0*\0with\";a:0:{}s:12:\"\0*\0withCount\";a:0:{}s:19:\"preventsLazyLoading\";b:0;s:10:\"\0*\0perPage\";i:15;s:6:\"exists\";b:1;s:18:\"wasRecentlyCreated\";b:0;s:28:\"\0*\0escapeWhenCastingToString\";b:0;s:13:\"\0*\0attributes\";a:6:{s:2:\"id\";i:4;s:15:\"sms_provider_id\";i:2;s:18:\"sms_requirement_id\";i:1;s:10:\"created_at\";s:19:\"2025-08-03 21:10:04\";s:10:\"updated_at\";s:19:\"2025-08-03 21:10:04\";s:10:\"deleted_at\";N;}s:11:\"\0*\0original\";a:6:{s:2:\"id\";i:4;s:15:\"sms_provider_id\";i:2;s:18:\"sms_requirement_id\";i:1;s:10:\"created_at\";s:19:\"2025-08-03 21:10:04\";s:10:\"updated_at\";s:19:\"2025-08-03 21:10:04\";s:10:\"deleted_at\";N;}s:10:\"\0*\0changes\";a:0:{}s:8:\"\0*\0casts\";a:1:{s:10:\"deleted_at\";s:8:\"datetime\";}s:17:\"\0*\0classCastCache\";a:0:{}s:21:\"\0*\0attributeCastCache\";a:0:{}s:13:\"\0*\0dateFormat\";N;s:10:\"\0*\0appends\";a:0:{}s:19:\"\0*\0dispatchesEvents\";a:0:{}s:14:\"\0*\0observables\";a:0:{}s:12:\"\0*\0relations\";a:0:{}s:10:\"\0*\0touches\";a:0:{}s:10:\"timestamps\";b:1;s:13:\"usesUniqueIds\";b:0;s:9:\"\0*\0hidden\";a:0:{}s:10:\"\0*\0visible\";a:0:{}s:11:\"\0*\0fillable\";a:2:{i:0;s:15:\"sms_provider_id\";i:1;s:18:\"sms_requirement_id\";}s:10:\"\0*\0guarded\";a:1:{i:0;s:1:\"*\";}s:16:\"\0*\0forceDeleting\";b:0;}i:4;O:33:\"App\\Models\\SmsProviderRequirement\":31:{s:13:\"\0*\0connection\";s:5:\"mysql\";s:8:\"\0*\0table\";s:25:\"sms_provider_requirements\";s:13:\"\0*\0primaryKey\";s:2:\"id\";s:10:\"\0*\0keyType\";s:3:\"int\";s:12:\"incrementing\";b:1;s:7:\"\0*\0with\";a:0:{}s:12:\"\0*\0withCount\";a:0:{}s:19:\"preventsLazyLoading\";b:0;s:10:\"\0*\0perPage\";i:15;s:6:\"exists\";b:1;s:18:\"wasRecentlyCreated\";b:0;s:28:\"\0*\0escapeWhenCastingToString\";b:0;s:13:\"\0*\0attributes\";a:6:{s:2:\"id\";i:5;s:15:\"sms_provider_id\";i:2;s:18:\"sms_requirement_id\";i:5;s:10:\"created_at\";s:19:\"2025-08-03 21:10:04\";s:10:\"updated_at\";s:19:\"2025-08-03 21:10:04\";s:10:\"deleted_at\";N;}s:11:\"\0*\0original\";a:6:{s:2:\"id\";i:5;s:15:\"sms_provider_id\";i:2;s:18:\"sms_requirement_id\";i:5;s:10:\"created_at\";s:19:\"2025-08-03 21:10:04\";s:10:\"updated_at\";s:19:\"2025-08-03 21:10:04\";s:10:\"deleted_at\";N;}s:10:\"\0*\0changes\";a:0:{}s:8:\"\0*\0casts\";a:1:{s:10:\"deleted_at\";s:8:\"datetime\";}s:17:\"\0*\0classCastCache\";a:0:{}s:21:\"\0*\0attributeCastCache\";a:0:{}s:13:\"\0*\0dateFormat\";N;s:10:\"\0*\0appends\";a:0:{}s:19:\"\0*\0dispatchesEvents\";a:0:{}s:14:\"\0*\0observables\";a:0:{}s:12:\"\0*\0relations\";a:0:{}s:10:\"\0*\0touches\";a:0:{}s:10:\"timestamps\";b:1;s:13:\"usesUniqueIds\";b:0;s:9:\"\0*\0hidden\";a:0:{}s:10:\"\0*\0visible\";a:0:{}s:11:\"\0*\0fillable\";a:2:{i:0;s:15:\"sms_provider_id\";i:1;s:18:\"sms_requirement_id\";}s:10:\"\0*\0guarded\";a:1:{i:0;s:1:\"*\";}s:16:\"\0*\0forceDeleting\";b:0;}i:5;O:33:\"App\\Models\\SmsProviderRequirement\":31:{s:13:\"\0*\0connection\";s:5:\"mysql\";s:8:\"\0*\0table\";s:25:\"sms_provider_requirements\";s:13:\"\0*\0primaryKey\";s:2:\"id\";s:10:\"\0*\0keyType\";s:3:\"int\";s:12:\"incrementing\";b:1;s:7:\"\0*\0with\";a:0:{}s:12:\"\0*\0withCount\";a:0:{}s:19:\"preventsLazyLoading\";b:0;s:10:\"\0*\0perPage\";i:15;s:6:\"exists\";b:1;s:18:\"wasRecentlyCreated\";b:0;s:28:\"\0*\0escapeWhenCastingToString\";b:0;s:13:\"\0*\0attributes\";a:6:{s:2:\"id\";i:6;s:15:\"sms_provider_id\";i:2;s:18:\"sms_requirement_id\";i:2;s:10:\"created_at\";s:19:\"2025-08-03 21:10:04\";s:10:\"updated_at\";s:19:\"2025-08-03 21:10:04\";s:10:\"deleted_at\";N;}s:11:\"\0*\0original\";a:6:{s:2:\"id\";i:6;s:15:\"sms_provider_id\";i:2;s:18:\"sms_requirement_id\";i:2;s:10:\"created_at\";s:19:\"2025-08-03 21:10:04\";s:10:\"updated_at\";s:19:\"2025-08-03 21:10:04\";s:10:\"deleted_at\";N;}s:10:\"\0*\0changes\";a:0:{}s:8:\"\0*\0casts\";a:1:{s:10:\"deleted_at\";s:8:\"datetime\";}s:17:\"\0*\0classCastCache\";a:0:{}s:21:\"\0*\0attributeCastCache\";a:0:{}s:13:\"\0*\0dateFormat\";N;s:10:\"\0*\0appends\";a:0:{}s:19:\"\0*\0dispatchesEvents\";a:0:{}s:14:\"\0*\0observables\";a:0:{}s:12:\"\0*\0relations\";a:0:{}s:10:\"\0*\0touches\";a:0:{}s:10:\"timestamps\";b:1;s:13:\"usesUniqueIds\";b:0;s:9:\"\0*\0hidden\";a:0:{}s:10:\"\0*\0visible\";a:0:{}s:11:\"\0*\0fillable\";a:2:{i:0;s:15:\"sms_provider_id\";i:1;s:18:\"sms_requirement_id\";}s:10:\"\0*\0guarded\";a:1:{i:0;s:1:\"*\";}s:16:\"\0*\0forceDeleting\";b:0;}i:6;O:33:\"App\\Models\\SmsProviderRequirement\":31:{s:13:\"\0*\0connection\";s:5:\"mysql\";s:8:\"\0*\0table\";s:25:\"sms_provider_requirements\";s:13:\"\0*\0primaryKey\";s:2:\"id\";s:10:\"\0*\0keyType\";s:3:\"int\";s:12:\"incrementing\";b:1;s:7:\"\0*\0with\";a:0:{}s:12:\"\0*\0withCount\";a:0:{}s:19:\"preventsLazyLoading\";b:0;s:10:\"\0*\0perPage\";i:15;s:6:\"exists\";b:1;s:18:\"wasRecentlyCreated\";b:0;s:28:\"\0*\0escapeWhenCastingToString\";b:0;s:13:\"\0*\0attributes\";a:6:{s:2:\"id\";i:7;s:15:\"sms_provider_id\";i:4;s:18:\"sms_requirement_id\";i:1;s:10:\"created_at\";s:19:\"2025-08-03 21:10:04\";s:10:\"updated_at\";s:19:\"2025-08-03 21:10:04\";s:10:\"deleted_at\";N;}s:11:\"\0*\0original\";a:6:{s:2:\"id\";i:7;s:15:\"sms_provider_id\";i:4;s:18:\"sms_requirement_id\";i:1;s:10:\"created_at\";s:19:\"2025-08-03 21:10:04\";s:10:\"updated_at\";s:19:\"2025-08-03 21:10:04\";s:10:\"deleted_at\";N;}s:10:\"\0*\0changes\";a:0:{}s:8:\"\0*\0casts\";a:1:{s:10:\"deleted_at\";s:8:\"datetime\";}s:17:\"\0*\0classCastCache\";a:0:{}s:21:\"\0*\0attributeCastCache\";a:0:{}s:13:\"\0*\0dateFormat\";N;s:10:\"\0*\0appends\";a:0:{}s:19:\"\0*\0dispatchesEvents\";a:0:{}s:14:\"\0*\0observables\";a:0:{}s:12:\"\0*\0relations\";a:0:{}s:10:\"\0*\0touches\";a:0:{}s:10:\"timestamps\";b:1;s:13:\"usesUniqueIds\";b:0;s:9:\"\0*\0hidden\";a:0:{}s:10:\"\0*\0visible\";a:0:{}s:11:\"\0*\0fillable\";a:2:{i:0;s:15:\"sms_provider_id\";i:1;s:18:\"sms_requirement_id\";}s:10:\"\0*\0guarded\";a:1:{i:0;s:1:\"*\";}s:16:\"\0*\0forceDeleting\";b:0;}i:7;O:33:\"App\\Models\\SmsProviderRequirement\":31:{s:13:\"\0*\0connection\";s:5:\"mysql\";s:8:\"\0*\0table\";s:25:\"sms_provider_requirements\";s:13:\"\0*\0primaryKey\";s:2:\"id\";s:10:\"\0*\0keyType\";s:3:\"int\";s:12:\"incrementing\";b:1;s:7:\"\0*\0with\";a:0:{}s:12:\"\0*\0withCount\";a:0:{}s:19:\"preventsLazyLoading\";b:0;s:10:\"\0*\0perPage\";i:15;s:6:\"exists\";b:1;s:18:\"wasRecentlyCreated\";b:0;s:28:\"\0*\0escapeWhenCastingToString\";b:0;s:13:\"\0*\0attributes\";a:6:{s:2:\"id\";i:8;s:15:\"sms_provider_id\";i:4;s:18:\"sms_requirement_id\";i:2;s:10:\"created_at\";s:19:\"2025-08-03 21:10:04\";s:10:\"updated_at\";s:19:\"2025-08-03 21:10:04\";s:10:\"deleted_at\";N;}s:11:\"\0*\0original\";a:6:{s:2:\"id\";i:8;s:15:\"sms_provider_id\";i:4;s:18:\"sms_requirement_id\";i:2;s:10:\"created_at\";s:19:\"2025-08-03 21:10:04\";s:10:\"updated_at\";s:19:\"2025-08-03 21:10:04\";s:10:\"deleted_at\";N;}s:10:\"\0*\0changes\";a:0:{}s:8:\"\0*\0casts\";a:1:{s:10:\"deleted_at\";s:8:\"datetime\";}s:17:\"\0*\0classCastCache\";a:0:{}s:21:\"\0*\0attributeCastCache\";a:0:{}s:13:\"\0*\0dateFormat\";N;s:10:\"\0*\0appends\";a:0:{}s:19:\"\0*\0dispatchesEvents\";a:0:{}s:14:\"\0*\0observables\";a:0:{}s:12:\"\0*\0relations\";a:0:{}s:10:\"\0*\0touches\";a:0:{}s:10:\"timestamps\";b:1;s:13:\"usesUniqueIds\";b:0;s:9:\"\0*\0hidden\";a:0:{}s:10:\"\0*\0visible\";a:0:{}s:11:\"\0*\0fillable\";a:2:{i:0;s:15:\"sms_provider_id\";i:1;s:18:\"sms_requirement_id\";}s:10:\"\0*\0guarded\";a:1:{i:0;s:1:\"*\";}s:16:\"\0*\0forceDeleting\";b:0;}}s:28:\"\0*\0escapeWhenCastingToString\";b:0;}',2069609613),('sms_template_types','O:39:\"Illuminate\\Database\\Eloquent\\Collection\":2:{s:8:\"\0*\0items\";a:12:{i:0;O:26:\"App\\Models\\SmsTemplateType\":31:{s:13:\"\0*\0connection\";s:5:\"mysql\";s:8:\"\0*\0table\";s:18:\"sms_template_types\";s:13:\"\0*\0primaryKey\";s:2:\"id\";s:10:\"\0*\0keyType\";s:3:\"int\";s:12:\"incrementing\";b:1;s:7:\"\0*\0with\";a:0:{}s:12:\"\0*\0withCount\";a:0:{}s:19:\"preventsLazyLoading\";b:0;s:10:\"\0*\0perPage\";i:15;s:6:\"exists\";b:1;s:18:\"wasRecentlyCreated\";b:0;s:28:\"\0*\0escapeWhenCastingToString\";b:0;s:13:\"\0*\0attributes\";a:5:{s:2:\"id\";i:1;s:4:\"name\";s:28:\"Upcoming plan/package expiry\";s:10:\"created_at\";s:19:\"2025-08-03 21:10:08\";s:10:\"updated_at\";s:19:\"2025-08-03 21:10:08\";s:10:\"deleted_at\";N;}s:11:\"\0*\0original\";a:5:{s:2:\"id\";i:1;s:4:\"name\";s:28:\"Upcoming plan/package expiry\";s:10:\"created_at\";s:19:\"2025-08-03 21:10:08\";s:10:\"updated_at\";s:19:\"2025-08-03 21:10:08\";s:10:\"deleted_at\";N;}s:10:\"\0*\0changes\";a:0:{}s:8:\"\0*\0casts\";a:1:{s:10:\"deleted_at\";s:8:\"datetime\";}s:17:\"\0*\0classCastCache\";a:0:{}s:21:\"\0*\0attributeCastCache\";a:0:{}s:13:\"\0*\0dateFormat\";N;s:10:\"\0*\0appends\";a:0:{}s:19:\"\0*\0dispatchesEvents\";a:0:{}s:14:\"\0*\0observables\";a:0:{}s:12:\"\0*\0relations\";a:0:{}s:10:\"\0*\0touches\";a:0:{}s:10:\"timestamps\";b:1;s:13:\"usesUniqueIds\";b:0;s:9:\"\0*\0hidden\";a:0:{}s:10:\"\0*\0visible\";a:0:{}s:11:\"\0*\0fillable\";a:1:{i:0;s:4:\"name\";}s:10:\"\0*\0guarded\";a:1:{i:0;s:1:\"*\";}s:16:\"\0*\0forceDeleting\";b:0;}i:1;O:26:\"App\\Models\\SmsTemplateType\":31:{s:13:\"\0*\0connection\";s:5:\"mysql\";s:8:\"\0*\0table\";s:18:\"sms_template_types\";s:13:\"\0*\0primaryKey\";s:2:\"id\";s:10:\"\0*\0keyType\";s:3:\"int\";s:12:\"incrementing\";b:1;s:7:\"\0*\0with\";a:0:{}s:12:\"\0*\0withCount\";a:0:{}s:19:\"preventsLazyLoading\";b:0;s:10:\"\0*\0perPage\";i:15;s:6:\"exists\";b:1;s:18:\"wasRecentlyCreated\";b:0;s:28:\"\0*\0escapeWhenCastingToString\";b:0;s:13:\"\0*\0attributes\";a:5:{s:2:\"id\";i:2;s:4:\"name\";s:20:\"Invoice notification\";s:10:\"created_at\";s:19:\"2025-08-03 21:10:08\";s:10:\"updated_at\";s:19:\"2025-08-03 21:10:08\";s:10:\"deleted_at\";N;}s:11:\"\0*\0original\";a:5:{s:2:\"id\";i:2;s:4:\"name\";s:20:\"Invoice notification\";s:10:\"created_at\";s:19:\"2025-08-03 21:10:08\";s:10:\"updated_at\";s:19:\"2025-08-03 21:10:08\";s:10:\"deleted_at\";N;}s:10:\"\0*\0changes\";a:0:{}s:8:\"\0*\0casts\";a:1:{s:10:\"deleted_at\";s:8:\"datetime\";}s:17:\"\0*\0classCastCache\";a:0:{}s:21:\"\0*\0attributeCastCache\";a:0:{}s:13:\"\0*\0dateFormat\";N;s:10:\"\0*\0appends\";a:0:{}s:19:\"\0*\0dispatchesEvents\";a:0:{}s:14:\"\0*\0observables\";a:0:{}s:12:\"\0*\0relations\";a:0:{}s:10:\"\0*\0touches\";a:0:{}s:10:\"timestamps\";b:1;s:13:\"usesUniqueIds\";b:0;s:9:\"\0*\0hidden\";a:0:{}s:10:\"\0*\0visible\";a:0:{}s:11:\"\0*\0fillable\";a:1:{i:0;s:4:\"name\";}s:10:\"\0*\0guarded\";a:1:{i:0;s:1:\"*\";}s:16:\"\0*\0forceDeleting\";b:0;}i:2;O:26:\"App\\Models\\SmsTemplateType\":31:{s:13:\"\0*\0connection\";s:5:\"mysql\";s:8:\"\0*\0table\";s:18:\"sms_template_types\";s:13:\"\0*\0primaryKey\";s:2:\"id\";s:10:\"\0*\0keyType\";s:3:\"int\";s:12:\"incrementing\";b:1;s:7:\"\0*\0with\";a:0:{}s:12:\"\0*\0withCount\";a:0:{}s:19:\"preventsLazyLoading\";b:0;s:10:\"\0*\0perPage\";i:15;s:6:\"exists\";b:1;s:18:\"wasRecentlyCreated\";b:0;s:28:\"\0*\0escapeWhenCastingToString\";b:0;s:13:\"\0*\0attributes\";a:5:{s:2:\"id\";i:3;s:4:\"name\";s:20:\"Payment confirmation\";s:10:\"created_at\";s:19:\"2025-08-03 21:10:08\";s:10:\"updated_at\";s:19:\"2025-08-03 21:10:08\";s:10:\"deleted_at\";N;}s:11:\"\0*\0original\";a:5:{s:2:\"id\";i:3;s:4:\"name\";s:20:\"Payment confirmation\";s:10:\"created_at\";s:19:\"2025-08-03 21:10:08\";s:10:\"updated_at\";s:19:\"2025-08-03 21:10:08\";s:10:\"deleted_at\";N;}s:10:\"\0*\0changes\";a:0:{}s:8:\"\0*\0casts\";a:1:{s:10:\"deleted_at\";s:8:\"datetime\";}s:17:\"\0*\0classCastCache\";a:0:{}s:21:\"\0*\0attributeCastCache\";a:0:{}s:13:\"\0*\0dateFormat\";N;s:10:\"\0*\0appends\";a:0:{}s:19:\"\0*\0dispatchesEvents\";a:0:{}s:14:\"\0*\0observables\";a:0:{}s:12:\"\0*\0relations\";a:0:{}s:10:\"\0*\0touches\";a:0:{}s:10:\"timestamps\";b:1;s:13:\"usesUniqueIds\";b:0;s:9:\"\0*\0hidden\";a:0:{}s:10:\"\0*\0visible\";a:0:{}s:11:\"\0*\0fillable\";a:1:{i:0;s:4:\"name\";}s:10:\"\0*\0guarded\";a:1:{i:0;s:1:\"*\";}s:16:\"\0*\0forceDeleting\";b:0;}i:3;O:26:\"App\\Models\\SmsTemplateType\":31:{s:13:\"\0*\0connection\";s:5:\"mysql\";s:8:\"\0*\0table\";s:18:\"sms_template_types\";s:13:\"\0*\0primaryKey\";s:2:\"id\";s:10:\"\0*\0keyType\";s:3:\"int\";s:12:\"incrementing\";b:1;s:7:\"\0*\0with\";a:0:{}s:12:\"\0*\0withCount\";a:0:{}s:19:\"preventsLazyLoading\";b:0;s:10:\"\0*\0perPage\";i:15;s:6:\"exists\";b:1;s:18:\"wasRecentlyCreated\";b:0;s:28:\"\0*\0escapeWhenCastingToString\";b:0;s:13:\"\0*\0attributes\";a:5:{s:2:\"id\";i:4;s:4:\"name\";s:16:\"Payment reminder\";s:10:\"created_at\";s:19:\"2025-08-03 21:10:08\";s:10:\"updated_at\";s:19:\"2025-08-03 21:10:08\";s:10:\"deleted_at\";N;}s:11:\"\0*\0original\";a:5:{s:2:\"id\";i:4;s:4:\"name\";s:16:\"Payment reminder\";s:10:\"created_at\";s:19:\"2025-08-03 21:10:08\";s:10:\"updated_at\";s:19:\"2025-08-03 21:10:08\";s:10:\"deleted_at\";N;}s:10:\"\0*\0changes\";a:0:{}s:8:\"\0*\0casts\";a:1:{s:10:\"deleted_at\";s:8:\"datetime\";}s:17:\"\0*\0classCastCache\";a:0:{}s:21:\"\0*\0attributeCastCache\";a:0:{}s:13:\"\0*\0dateFormat\";N;s:10:\"\0*\0appends\";a:0:{}s:19:\"\0*\0dispatchesEvents\";a:0:{}s:14:\"\0*\0observables\";a:0:{}s:12:\"\0*\0relations\";a:0:{}s:10:\"\0*\0touches\";a:0:{}s:10:\"timestamps\";b:1;s:13:\"usesUniqueIds\";b:0;s:9:\"\0*\0hidden\";a:0:{}s:10:\"\0*\0visible\";a:0:{}s:11:\"\0*\0fillable\";a:1:{i:0;s:4:\"name\";}s:10:\"\0*\0guarded\";a:1:{i:0;s:1:\"*\";}s:16:\"\0*\0forceDeleting\";b:0;}i:4;O:26:\"App\\Models\\SmsTemplateType\":31:{s:13:\"\0*\0connection\";s:5:\"mysql\";s:8:\"\0*\0table\";s:18:\"sms_template_types\";s:13:\"\0*\0primaryKey\";s:2:\"id\";s:10:\"\0*\0keyType\";s:3:\"int\";s:12:\"incrementing\";b:1;s:7:\"\0*\0with\";a:0:{}s:12:\"\0*\0withCount\";a:0:{}s:19:\"preventsLazyLoading\";b:0;s:10:\"\0*\0perPage\";i:15;s:6:\"exists\";b:1;s:18:\"wasRecentlyCreated\";b:0;s:28:\"\0*\0escapeWhenCastingToString\";b:0;s:13:\"\0*\0attributes\";a:5:{s:2:\"id\";i:5;s:4:\"name\";s:23:\"Overdue payment warning\";s:10:\"created_at\";s:19:\"2025-08-03 21:10:08\";s:10:\"updated_at\";s:19:\"2025-08-03 21:10:08\";s:10:\"deleted_at\";N;}s:11:\"\0*\0original\";a:5:{s:2:\"id\";i:5;s:4:\"name\";s:23:\"Overdue payment warning\";s:10:\"created_at\";s:19:\"2025-08-03 21:10:08\";s:10:\"updated_at\";s:19:\"2025-08-03 21:10:08\";s:10:\"deleted_at\";N;}s:10:\"\0*\0changes\";a:0:{}s:8:\"\0*\0casts\";a:1:{s:10:\"deleted_at\";s:8:\"datetime\";}s:17:\"\0*\0classCastCache\";a:0:{}s:21:\"\0*\0attributeCastCache\";a:0:{}s:13:\"\0*\0dateFormat\";N;s:10:\"\0*\0appends\";a:0:{}s:19:\"\0*\0dispatchesEvents\";a:0:{}s:14:\"\0*\0observables\";a:0:{}s:12:\"\0*\0relations\";a:0:{}s:10:\"\0*\0touches\";a:0:{}s:10:\"timestamps\";b:1;s:13:\"usesUniqueIds\";b:0;s:9:\"\0*\0hidden\";a:0:{}s:10:\"\0*\0visible\";a:0:{}s:11:\"\0*\0fillable\";a:1:{i:0;s:4:\"name\";}s:10:\"\0*\0guarded\";a:1:{i:0;s:1:\"*\";}s:16:\"\0*\0forceDeleting\";b:0;}i:5;O:26:\"App\\Models\\SmsTemplateType\":31:{s:13:\"\0*\0connection\";s:5:\"mysql\";s:8:\"\0*\0table\";s:18:\"sms_template_types\";s:13:\"\0*\0primaryKey\";s:2:\"id\";s:10:\"\0*\0keyType\";s:3:\"int\";s:12:\"incrementing\";b:1;s:7:\"\0*\0with\";a:0:{}s:12:\"\0*\0withCount\";a:0:{}s:19:\"preventsLazyLoading\";b:0;s:10:\"\0*\0perPage\";i:15;s:6:\"exists\";b:1;s:18:\"wasRecentlyCreated\";b:0;s:28:\"\0*\0escapeWhenCastingToString\";b:0;s:13:\"\0*\0attributes\";a:5:{s:2:\"id\";i:6;s:4:\"name\";s:28:\"Service disconnection notice\";s:10:\"created_at\";s:19:\"2025-08-03 21:10:08\";s:10:\"updated_at\";s:19:\"2025-08-03 21:10:08\";s:10:\"deleted_at\";N;}s:11:\"\0*\0original\";a:5:{s:2:\"id\";i:6;s:4:\"name\";s:28:\"Service disconnection notice\";s:10:\"created_at\";s:19:\"2025-08-03 21:10:08\";s:10:\"updated_at\";s:19:\"2025-08-03 21:10:08\";s:10:\"deleted_at\";N;}s:10:\"\0*\0changes\";a:0:{}s:8:\"\0*\0casts\";a:1:{s:10:\"deleted_at\";s:8:\"datetime\";}s:17:\"\0*\0classCastCache\";a:0:{}s:21:\"\0*\0attributeCastCache\";a:0:{}s:13:\"\0*\0dateFormat\";N;s:10:\"\0*\0appends\";a:0:{}s:19:\"\0*\0dispatchesEvents\";a:0:{}s:14:\"\0*\0observables\";a:0:{}s:12:\"\0*\0relations\";a:0:{}s:10:\"\0*\0touches\";a:0:{}s:10:\"timestamps\";b:1;s:13:\"usesUniqueIds\";b:0;s:9:\"\0*\0hidden\";a:0:{}s:10:\"\0*\0visible\";a:0:{}s:11:\"\0*\0fillable\";a:1:{i:0;s:4:\"name\";}s:10:\"\0*\0guarded\";a:1:{i:0;s:1:\"*\";}s:16:\"\0*\0forceDeleting\";b:0;}i:6;O:26:\"App\\Models\\SmsTemplateType\":31:{s:13:\"\0*\0connection\";s:5:\"mysql\";s:8:\"\0*\0table\";s:18:\"sms_template_types\";s:13:\"\0*\0primaryKey\";s:2:\"id\";s:10:\"\0*\0keyType\";s:3:\"int\";s:12:\"incrementing\";b:1;s:7:\"\0*\0with\";a:0:{}s:12:\"\0*\0withCount\";a:0:{}s:19:\"preventsLazyLoading\";b:0;s:10:\"\0*\0perPage\";i:15;s:6:\"exists\";b:1;s:18:\"wasRecentlyCreated\";b:0;s:28:\"\0*\0escapeWhenCastingToString\";b:0;s:13:\"\0*\0attributes\";a:5:{s:2:\"id\";i:7;s:4:\"name\";s:32:\"Service restoration notification\";s:10:\"created_at\";s:19:\"2025-08-03 21:10:08\";s:10:\"updated_at\";s:19:\"2025-08-03 21:10:08\";s:10:\"deleted_at\";N;}s:11:\"\0*\0original\";a:5:{s:2:\"id\";i:7;s:4:\"name\";s:32:\"Service restoration notification\";s:10:\"created_at\";s:19:\"2025-08-03 21:10:08\";s:10:\"updated_at\";s:19:\"2025-08-03 21:10:08\";s:10:\"deleted_at\";N;}s:10:\"\0*\0changes\";a:0:{}s:8:\"\0*\0casts\";a:1:{s:10:\"deleted_at\";s:8:\"datetime\";}s:17:\"\0*\0classCastCache\";a:0:{}s:21:\"\0*\0attributeCastCache\";a:0:{}s:13:\"\0*\0dateFormat\";N;s:10:\"\0*\0appends\";a:0:{}s:19:\"\0*\0dispatchesEvents\";a:0:{}s:14:\"\0*\0observables\";a:0:{}s:12:\"\0*\0relations\";a:0:{}s:10:\"\0*\0touches\";a:0:{}s:10:\"timestamps\";b:1;s:13:\"usesUniqueIds\";b:0;s:9:\"\0*\0hidden\";a:0:{}s:10:\"\0*\0visible\";a:0:{}s:11:\"\0*\0fillable\";a:1:{i:0;s:4:\"name\";}s:10:\"\0*\0guarded\";a:1:{i:0;s:1:\"*\";}s:16:\"\0*\0forceDeleting\";b:0;}i:7;O:26:\"App\\Models\\SmsTemplateType\":31:{s:13:\"\0*\0connection\";s:5:\"mysql\";s:8:\"\0*\0table\";s:18:\"sms_template_types\";s:13:\"\0*\0primaryKey\";s:2:\"id\";s:10:\"\0*\0keyType\";s:3:\"int\";s:12:\"incrementing\";b:1;s:7:\"\0*\0with\";a:0:{}s:12:\"\0*\0withCount\";a:0:{}s:19:\"preventsLazyLoading\";b:0;s:10:\"\0*\0perPage\";i:15;s:6:\"exists\";b:1;s:18:\"wasRecentlyCreated\";b:0;s:28:\"\0*\0escapeWhenCastingToString\";b:0;s:13:\"\0*\0attributes\";a:5:{s:2:\"id\";i:8;s:4:\"name\";s:29:\"New subscription confirmation\";s:10:\"created_at\";s:19:\"2025-08-03 21:10:08\";s:10:\"updated_at\";s:19:\"2025-08-03 21:10:08\";s:10:\"deleted_at\";N;}s:11:\"\0*\0original\";a:5:{s:2:\"id\";i:8;s:4:\"name\";s:29:\"New subscription confirmation\";s:10:\"created_at\";s:19:\"2025-08-03 21:10:08\";s:10:\"updated_at\";s:19:\"2025-08-03 21:10:08\";s:10:\"deleted_at\";N;}s:10:\"\0*\0changes\";a:0:{}s:8:\"\0*\0casts\";a:1:{s:10:\"deleted_at\";s:8:\"datetime\";}s:17:\"\0*\0classCastCache\";a:0:{}s:21:\"\0*\0attributeCastCache\";a:0:{}s:13:\"\0*\0dateFormat\";N;s:10:\"\0*\0appends\";a:0:{}s:19:\"\0*\0dispatchesEvents\";a:0:{}s:14:\"\0*\0observables\";a:0:{}s:12:\"\0*\0relations\";a:0:{}s:10:\"\0*\0touches\";a:0:{}s:10:\"timestamps\";b:1;s:13:\"usesUniqueIds\";b:0;s:9:\"\0*\0hidden\";a:0:{}s:10:\"\0*\0visible\";a:0:{}s:11:\"\0*\0fillable\";a:1:{i:0;s:4:\"name\";}s:10:\"\0*\0guarded\";a:1:{i:0;s:1:\"*\";}s:16:\"\0*\0forceDeleting\";b:0;}i:8;O:26:\"App\\Models\\SmsTemplateType\":31:{s:13:\"\0*\0connection\";s:5:\"mysql\";s:8:\"\0*\0table\";s:18:\"sms_template_types\";s:13:\"\0*\0primaryKey\";s:2:\"id\";s:10:\"\0*\0keyType\";s:3:\"int\";s:12:\"incrementing\";b:1;s:7:\"\0*\0with\";a:0:{}s:12:\"\0*\0withCount\";a:0:{}s:19:\"preventsLazyLoading\";b:0;s:10:\"\0*\0perPage\";i:15;s:6:\"exists\";b:1;s:18:\"wasRecentlyCreated\";b:0;s:28:\"\0*\0escapeWhenCastingToString\";b:0;s:13:\"\0*\0attributes\";a:5:{s:2:\"id\";i:9;s:4:\"name\";s:38:\"Plan upgrade or downgrade confirmation\";s:10:\"created_at\";s:19:\"2025-08-03 21:10:08\";s:10:\"updated_at\";s:19:\"2025-08-03 21:10:08\";s:10:\"deleted_at\";N;}s:11:\"\0*\0original\";a:5:{s:2:\"id\";i:9;s:4:\"name\";s:38:\"Plan upgrade or downgrade confirmation\";s:10:\"created_at\";s:19:\"2025-08-03 21:10:08\";s:10:\"updated_at\";s:19:\"2025-08-03 21:10:08\";s:10:\"deleted_at\";N;}s:10:\"\0*\0changes\";a:0:{}s:8:\"\0*\0casts\";a:1:{s:10:\"deleted_at\";s:8:\"datetime\";}s:17:\"\0*\0classCastCache\";a:0:{}s:21:\"\0*\0attributeCastCache\";a:0:{}s:13:\"\0*\0dateFormat\";N;s:10:\"\0*\0appends\";a:0:{}s:19:\"\0*\0dispatchesEvents\";a:0:{}s:14:\"\0*\0observables\";a:0:{}s:12:\"\0*\0relations\";a:0:{}s:10:\"\0*\0touches\";a:0:{}s:10:\"timestamps\";b:1;s:13:\"usesUniqueIds\";b:0;s:9:\"\0*\0hidden\";a:0:{}s:10:\"\0*\0visible\";a:0:{}s:11:\"\0*\0fillable\";a:1:{i:0;s:4:\"name\";}s:10:\"\0*\0guarded\";a:1:{i:0;s:1:\"*\";}s:16:\"\0*\0forceDeleting\";b:0;}i:9;O:26:\"App\\Models\\SmsTemplateType\":31:{s:13:\"\0*\0connection\";s:5:\"mysql\";s:8:\"\0*\0table\";s:18:\"sms_template_types\";s:13:\"\0*\0primaryKey\";s:2:\"id\";s:10:\"\0*\0keyType\";s:3:\"int\";s:12:\"incrementing\";b:1;s:7:\"\0*\0with\";a:0:{}s:12:\"\0*\0withCount\";a:0:{}s:19:\"preventsLazyLoading\";b:0;s:10:\"\0*\0perPage\";i:15;s:6:\"exists\";b:1;s:18:\"wasRecentlyCreated\";b:0;s:28:\"\0*\0escapeWhenCastingToString\";b:0;s:13:\"\0*\0attributes\";a:5:{s:2:\"id\";i:10;s:4:\"name\";s:32:\"Service maintenance notification\";s:10:\"created_at\";s:19:\"2025-08-03 21:10:08\";s:10:\"updated_at\";s:19:\"2025-08-03 21:10:08\";s:10:\"deleted_at\";N;}s:11:\"\0*\0original\";a:5:{s:2:\"id\";i:10;s:4:\"name\";s:32:\"Service maintenance notification\";s:10:\"created_at\";s:19:\"2025-08-03 21:10:08\";s:10:\"updated_at\";s:19:\"2025-08-03 21:10:08\";s:10:\"deleted_at\";N;}s:10:\"\0*\0changes\";a:0:{}s:8:\"\0*\0casts\";a:1:{s:10:\"deleted_at\";s:8:\"datetime\";}s:17:\"\0*\0classCastCache\";a:0:{}s:21:\"\0*\0attributeCastCache\";a:0:{}s:13:\"\0*\0dateFormat\";N;s:10:\"\0*\0appends\";a:0:{}s:19:\"\0*\0dispatchesEvents\";a:0:{}s:14:\"\0*\0observables\";a:0:{}s:12:\"\0*\0relations\";a:0:{}s:10:\"\0*\0touches\";a:0:{}s:10:\"timestamps\";b:1;s:13:\"usesUniqueIds\";b:0;s:9:\"\0*\0hidden\";a:0:{}s:10:\"\0*\0visible\";a:0:{}s:11:\"\0*\0fillable\";a:1:{i:0;s:4:\"name\";}s:10:\"\0*\0guarded\";a:1:{i:0;s:1:\"*\";}s:16:\"\0*\0forceDeleting\";b:0;}i:10;O:26:\"App\\Models\\SmsTemplateType\":31:{s:13:\"\0*\0connection\";s:5:\"mysql\";s:8:\"\0*\0table\";s:18:\"sms_template_types\";s:13:\"\0*\0primaryKey\";s:2:\"id\";s:10:\"\0*\0keyType\";s:3:\"int\";s:12:\"incrementing\";b:1;s:7:\"\0*\0with\";a:0:{}s:12:\"\0*\0withCount\";a:0:{}s:19:\"preventsLazyLoading\";b:0;s:10:\"\0*\0perPage\";i:15;s:6:\"exists\";b:1;s:18:\"wasRecentlyCreated\";b:0;s:28:\"\0*\0escapeWhenCastingToString\";b:0;s:13:\"\0*\0attributes\";a:5:{s:2:\"id\";i:11;s:4:\"name\";s:20:\"Service outage alert\";s:10:\"created_at\";s:19:\"2025-08-03 21:10:08\";s:10:\"updated_at\";s:19:\"2025-08-03 21:10:08\";s:10:\"deleted_at\";N;}s:11:\"\0*\0original\";a:5:{s:2:\"id\";i:11;s:4:\"name\";s:20:\"Service outage alert\";s:10:\"created_at\";s:19:\"2025-08-03 21:10:08\";s:10:\"updated_at\";s:19:\"2025-08-03 21:10:08\";s:10:\"deleted_at\";N;}s:10:\"\0*\0changes\";a:0:{}s:8:\"\0*\0casts\";a:1:{s:10:\"deleted_at\";s:8:\"datetime\";}s:17:\"\0*\0classCastCache\";a:0:{}s:21:\"\0*\0attributeCastCache\";a:0:{}s:13:\"\0*\0dateFormat\";N;s:10:\"\0*\0appends\";a:0:{}s:19:\"\0*\0dispatchesEvents\";a:0:{}s:14:\"\0*\0observables\";a:0:{}s:12:\"\0*\0relations\";a:0:{}s:10:\"\0*\0touches\";a:0:{}s:10:\"timestamps\";b:1;s:13:\"usesUniqueIds\";b:0;s:9:\"\0*\0hidden\";a:0:{}s:10:\"\0*\0visible\";a:0:{}s:11:\"\0*\0fillable\";a:1:{i:0;s:4:\"name\";}s:10:\"\0*\0guarded\";a:1:{i:0;s:1:\"*\";}s:16:\"\0*\0forceDeleting\";b:0;}i:11;O:26:\"App\\Models\\SmsTemplateType\":31:{s:13:\"\0*\0connection\";s:5:\"mysql\";s:8:\"\0*\0table\";s:18:\"sms_template_types\";s:13:\"\0*\0primaryKey\";s:2:\"id\";s:10:\"\0*\0keyType\";s:3:\"int\";s:12:\"incrementing\";b:1;s:7:\"\0*\0with\";a:0:{}s:12:\"\0*\0withCount\";a:0:{}s:19:\"preventsLazyLoading\";b:0;s:10:\"\0*\0perPage\";i:15;s:6:\"exists\";b:1;s:18:\"wasRecentlyCreated\";b:0;s:28:\"\0*\0escapeWhenCastingToString\";b:0;s:13:\"\0*\0attributes\";a:5:{s:2:\"id\";i:12;s:4:\"name\";s:21:\"Hotspot Plan Purchase\";s:10:\"created_at\";s:19:\"2025-08-03 21:10:08\";s:10:\"updated_at\";s:19:\"2025-08-03 21:10:08\";s:10:\"deleted_at\";N;}s:11:\"\0*\0original\";a:5:{s:2:\"id\";i:12;s:4:\"name\";s:21:\"Hotspot Plan Purchase\";s:10:\"created_at\";s:19:\"2025-08-03 21:10:08\";s:10:\"updated_at\";s:19:\"2025-08-03 21:10:08\";s:10:\"deleted_at\";N;}s:10:\"\0*\0changes\";a:0:{}s:8:\"\0*\0casts\";a:1:{s:10:\"deleted_at\";s:8:\"datetime\";}s:17:\"\0*\0classCastCache\";a:0:{}s:21:\"\0*\0attributeCastCache\";a:0:{}s:13:\"\0*\0dateFormat\";N;s:10:\"\0*\0appends\";a:0:{}s:19:\"\0*\0dispatchesEvents\";a:0:{}s:14:\"\0*\0observables\";a:0:{}s:12:\"\0*\0relations\";a:0:{}s:10:\"\0*\0touches\";a:0:{}s:10:\"timestamps\";b:1;s:13:\"usesUniqueIds\";b:0;s:9:\"\0*\0hidden\";a:0:{}s:10:\"\0*\0visible\";a:0:{}s:11:\"\0*\0fillable\";a:1:{i:0;s:4:\"name\";}s:10:\"\0*\0guarded\";a:1:{i:0;s:1:\"*\";}s:16:\"\0*\0forceDeleting\";b:0;}}s:28:\"\0*\0escapeWhenCastingToString\";b:0;}',2069609613),('spatie.permission.cache','a:3:{s:5:\"alias\";a:4:{s:1:\"a\";s:2:\"id\";s:1:\"b\";s:4:\"name\";s:1:\"c\";s:5:\"group\";s:1:\"d\";s:10:\"guard_name\";}s:11:\"permissions\";a:2:{i:0;a:4:{s:1:\"a\";i:1;s:1:\"b\";s:18:\"Administer Company\";s:1:\"c\";N;s:1:\"d\";s:3:\"web\";}i:1;a:4:{s:1:\"a\";i:2;s:1:\"b\";s:5:\"Staff\";s:1:\"c\";N;s:1:\"d\";s:3:\"web\";}}s:5:\"roles\";a:0:{}}',1754765369);

--
-- Table structure for table `cache_locks`
--

CREATE TABLE `cache_locks` (
  `key` varchar(191) COLLATE utf8mb4_unicode_ci NOT NULL,
  `owner` varchar(191) COLLATE utf8mb4_unicode_ci NOT NULL,
  `expiration` int NOT NULL,
  PRIMARY KEY (`key`)
) ENGINE=InnoDB DEFAULT CHARSET=utf8mb4 COLLATE=utf8mb4_unicode_ci;

--
-- Dumping data for table `cache_locks`
--


--
-- Table structure for table `client_to_be_disconnecteds`
--

CREATE TABLE `client_to_be_disconnecteds` (
  `id` bigint unsigned NOT NULL AUTO_INCREMENT,
  `company_customer_service_plan_id` int NOT NULL,
  `created_at` timestamp NULL DEFAULT NULL,
  `updated_at` timestamp NULL DEFAULT NULL,
  PRIMARY KEY (`id`)
) ENGINE=InnoDB DEFAULT CHARSET=utf8mb4 COLLATE=utf8mb4_unicode_ci;

--
-- Dumping data for table `client_to_be_disconnecteds`
--


--
-- Table structure for table `companies`
--

CREATE TABLE `companies` (
  `id` bigint unsigned NOT NULL AUTO_INCREMENT,
  `ref_no` varchar(191) COLLATE utf8mb4_unicode_ci NOT NULL,
  `user_id` bigint unsigned NOT NULL,
  `name` varchar(191) COLLATE utf8mb4_unicode_ci NOT NULL,
  `phone` varchar(191) COLLATE utf8mb4_unicode_ci NOT NULL,
  `email` varchar(191) CHARACTER SET utf8mb4 COLLATE utf8mb4_unicode_ci DEFAULT NULL,
  `box_address` varchar(191) COLLATE utf8mb4_unicode_ci DEFAULT NULL,
  `location` varchar(191) COLLATE utf8mb4_unicode_ci DEFAULT NULL,
  `latitude` varchar(191) COLLATE utf8mb4_unicode_ci DEFAULT NULL,
  `longitude` varchar(191) COLLATE utf8mb4_unicode_ci DEFAULT NULL,
  `logo` varchar(191) COLLATE utf8mb4_unicode_ci DEFAULT NULL,
  `subscription_expiry_date` varchar(191) COLLATE utf8mb4_unicode_ci DEFAULT NULL,
  `status` int NOT NULL DEFAULT '1' COMMENT '0=inactive, 1=active',
  `created_at` timestamp NULL DEFAULT NULL,
  `updated_at` timestamp NULL DEFAULT NULL,
  `deleted_at` timestamp NULL DEFAULT NULL,
  PRIMARY KEY (`id`),
  KEY `companies_user_id_foreign` (`user_id`),
  CONSTRAINT `companies_user_id_foreign` FOREIGN KEY (`user_id`) REFERENCES `users` (`id`) ON DELETE CASCADE
) ENGINE=InnoDB AUTO_INCREMENT=9 DEFAULT CHARSET=utf8mb4 COLLATE=utf8mb4_unicode_ci;

--
-- Dumping data for table `companies`
--

INSERT INTO `companies` VALUES (7,'Z0NMLW',14,'Ben Ltd','0745678',NULL,NULL,NULL,NULL,NULL,NULL,NULL,1,'2025-08-05 15:16:01','2025-08-05 15:16:01',NULL),(8,'G4CXZF',15,'Ngoni Net','0716583413','sirnjovu86@gmail.com',NULL,'Dar',NULL,NULL,NULL,NULL,1,'2025-08-05 16:56:56','2025-08-07 19:29:06',NULL);

--
-- Table structure for table `company_bulk_messages`
--

CREATE TABLE `company_bulk_messages` (
  `id` bigint unsigned NOT NULL AUTO_INCREMENT,
  `ref_no` varchar(191) COLLATE utf8mb4_unicode_ci NOT NULL,
  `user_id` int DEFAULT NULL,
  `company_id` int DEFAULT NULL,
  `company_router_id` int DEFAULT NULL,
  `company_customer_service_plan_id` int DEFAULT NULL,
  `message_mode_id` bigint unsigned NOT NULL,
  `phone` varchar(191) COLLATE utf8mb4_unicode_ci DEFAULT NULL,
  `email` varchar(191) COLLATE utf8mb4_unicode_ci DEFAULT NULL,
  `title` varchar(191) COLLATE utf8mb4_unicode_ci DEFAULT NULL,
  `filename` varchar(191) COLLATE utf8mb4_unicode_ci DEFAULT NULL,
  `content` longtext COLLATE utf8mb4_unicode_ci NOT NULL,
  `created_at` timestamp NULL DEFAULT NULL,
  `updated_at` timestamp NULL DEFAULT NULL,
  `deleted_at` timestamp NULL DEFAULT NULL,
  PRIMARY KEY (`id`),
  KEY `company_bulk_messages_message_mode_id_foreign` (`message_mode_id`),
  CONSTRAINT `company_bulk_messages_message_mode_id_foreign` FOREIGN KEY (`message_mode_id`) REFERENCES `message_modes` (`id`) ON DELETE CASCADE
) ENGINE=InnoDB AUTO_INCREMENT=2 DEFAULT CHARSET=utf8mb4 COLLATE=utf8mb4_unicode_ci;

--
-- Dumping data for table `company_bulk_messages`
--

INSERT INTO `company_bulk_messages` VALUES (1,'BKXJA2',NULL,NULL,3,NULL,1,'0745678',NULL,NULL,NULL,'Dear Ben, this is a notification that your billing system subscription has expired. Pay Ksh 20,000 using below link; https://heritagegroup.co.ke/renew-company-router-subscription/3 ','2025-08-09 06:00:07','2025-08-09 06:00:07',NULL);

--
-- Table structure for table `company_customer_invoice_notify_rates`
--

CREATE TABLE `company_customer_invoice_notify_rates` (
  `id` bigint unsigned NOT NULL AUTO_INCREMENT,
  `company_id` bigint unsigned DEFAULT NULL,
  `days_before` varchar(191) COLLATE utf8mb4_unicode_ci NOT NULL,
  `created_at` timestamp NULL DEFAULT NULL,
  `updated_at` timestamp NULL DEFAULT NULL,
  PRIMARY KEY (`id`),
  KEY `company_customer_invoice_notify_rates_company_id_foreign` (`company_id`),
  CONSTRAINT `company_customer_invoice_notify_rates_company_id_foreign` FOREIGN KEY (`company_id`) REFERENCES `companies` (`id`) ON DELETE CASCADE
) ENGINE=InnoDB DEFAULT CHARSET=utf8mb4 COLLATE=utf8mb4_unicode_ci;

--
-- Dumping data for table `company_customer_invoice_notify_rates`
--


--
-- Table structure for table `company_customer_invoice_payments`
--

CREATE TABLE `company_customer_invoice_payments` (
  `id` bigint unsigned NOT NULL AUTO_INCREMENT,
  `customer_invoice_id` int NOT NULL,
  `grouped_transaction_id` int NOT NULL,
  `amount` decimal(8,2) NOT NULL DEFAULT '0.00',
  `payment_date` timestamp NOT NULL DEFAULT CURRENT_TIMESTAMP,
  `created_at` timestamp NULL DEFAULT NULL,
  `updated_at` timestamp NULL DEFAULT NULL,
  `deleted_at` timestamp NULL DEFAULT NULL,
  PRIMARY KEY (`id`)
) ENGINE=InnoDB DEFAULT CHARSET=utf8mb4 COLLATE=utf8mb4_unicode_ci;

--
-- Dumping data for table `company_customer_invoice_payments`
--


--
-- Table structure for table `company_customer_invoices`
--

CREATE TABLE `company_customer_invoices` (
  `id` bigint unsigned NOT NULL AUTO_INCREMENT,
  `ref_no` varchar(191) COLLATE utf8mb4_unicode_ci NOT NULL,
  `company_customer_id` bigint unsigned NOT NULL,
  `customer_service_plan_id` int NOT NULL,
  `company_service_plan_id` bigint unsigned NOT NULL,
  `from_date` timestamp NOT NULL,
  `to_date` timestamp NOT NULL,
  `amount` decimal(8,2) NOT NULL DEFAULT '0.00',
  `status` int NOT NULL DEFAULT '0' COMMENT '0=pending, 1=paid, 2=overdue',
  `created_at` timestamp NULL DEFAULT NULL,
  `updated_at` timestamp NULL DEFAULT NULL,
  `deleted_at` timestamp NULL DEFAULT NULL,
  PRIMARY KEY (`id`),
  KEY `company_customer_invoices_company_customer_id_foreign` (`company_customer_id`),
  KEY `company_customer_invoices_company_service_plan_id_foreign` (`company_service_plan_id`),
  CONSTRAINT `company_customer_invoices_company_customer_id_foreign` FOREIGN KEY (`company_customer_id`) REFERENCES `company_customers` (`id`) ON DELETE CASCADE,
  CONSTRAINT `company_customer_invoices_company_service_plan_id_foreign` FOREIGN KEY (`company_service_plan_id`) REFERENCES `company_service_plans` (`id`) ON DELETE CASCADE
) ENGINE=InnoDB DEFAULT CHARSET=utf8mb4 COLLATE=utf8mb4_unicode_ci;

--
-- Dumping data for table `company_customer_invoices`
--


--
-- Table structure for table `company_customer_service_plan_installation_item_payments`
--

CREATE TABLE `company_customer_service_plan_installation_item_payments` (
  `id` bigint unsigned NOT NULL AUTO_INCREMENT,
  `company_customer_service_plan_installation_item_id` int NOT NULL,
  `company_grouped_transaction_id` int DEFAULT NULL,
  `amount` decimal(8,2) NOT NULL DEFAULT '0.00',
  `created_at` timestamp NULL DEFAULT NULL,
  `updated_at` timestamp NULL DEFAULT NULL,
  `deleted_at` timestamp NULL DEFAULT NULL,
  PRIMARY KEY (`id`)
) ENGINE=InnoDB DEFAULT CHARSET=utf8mb4 COLLATE=utf8mb4_unicode_ci;

--
-- Dumping data for table `company_customer_service_plan_installation_item_payments`
--


--
-- Table structure for table `company_customer_service_plan_installation_items`
--

CREATE TABLE `company_customer_service_plan_installation_items` (
  `id` bigint unsigned NOT NULL AUTO_INCREMENT,
  `company_customer_service_plan_id` int NOT NULL,
  `name` varchar(191) COLLATE utf8mb4_unicode_ci NOT NULL,
  `cost` decimal(8,2) NOT NULL DEFAULT '0.00',
  `status` int NOT NULL DEFAULT '0' COMMENT '0=pending, 1=settled',
  `created_at` timestamp NULL DEFAULT NULL,
  `updated_at` timestamp NULL DEFAULT NULL,
  `deleted_at` timestamp NULL DEFAULT NULL,
  PRIMARY KEY (`id`)
) ENGINE=InnoDB DEFAULT CHARSET=utf8mb4 COLLATE=utf8mb4_unicode_ci;

--
-- Dumping data for table `company_customer_service_plan_installation_items`
--


--
-- Table structure for table `company_customer_service_plan_previous_debt_payments`
--

CREATE TABLE `company_customer_service_plan_previous_debt_payments` (
  `id` bigint unsigned NOT NULL AUTO_INCREMENT,
  `customer_service_plan_id` int DEFAULT NULL,
  `amount` decimal(8,2) NOT NULL DEFAULT '0.00',
  `created_at` timestamp NULL DEFAULT NULL,
  `updated_at` timestamp NULL DEFAULT NULL,
  `deleted_at` timestamp NULL DEFAULT NULL,
  PRIMARY KEY (`id`)
) ENGINE=InnoDB DEFAULT CHARSET=utf8mb4 COLLATE=utf8mb4_unicode_ci;

--
-- Dumping data for table `company_customer_service_plan_previous_debt_payments`
--


--
-- Table structure for table `company_customer_service_plans`
--

CREATE TABLE `company_customer_service_plans` (
  `id` bigint unsigned NOT NULL AUTO_INCREMENT,
  `ref_no` varchar(191) COLLATE utf8mb4_unicode_ci NOT NULL,
  `company_customer_id` int DEFAULT NULL,
  `company_router_id` bigint unsigned NOT NULL,
  `location` varchar(191) COLLATE utf8mb4_unicode_ci DEFAULT NULL,
  `latitude` varchar(191) COLLATE utf8mb4_unicode_ci DEFAULT NULL,
  `longitude` varchar(191) COLLATE utf8mb4_unicode_ci DEFAULT NULL,
  `installation_amount` decimal(8,2) NOT NULL DEFAULT '0.00',
  `profile_name` varchar(191) COLLATE utf8mb4_unicode_ci DEFAULT NULL,
  `username` varchar(191) COLLATE utf8mb4_unicode_ci DEFAULT NULL,
  `password` varchar(191) COLLATE utf8mb4_unicode_ci DEFAULT NULL,
  `mac_address` varchar(191) COLLATE utf8mb4_unicode_ci DEFAULT NULL,
  `static_ip_address` varchar(191) COLLATE utf8mb4_unicode_ci DEFAULT NULL,
  `ip_prefix_length_id` int DEFAULT NULL,
  `company_router_interface_id` int DEFAULT NULL,
  `company_service_plan_id` bigint unsigned NOT NULL,
  `company_grouped_transaction_id` int DEFAULT NULL,
  `company_prepaid_voucher_id` int DEFAULT NULL,
  `previous_debt` decimal(8,2) NOT NULL DEFAULT '0.00',
  `previous_overpayment` decimal(8,2) NOT NULL DEFAULT '0.00',
  `subscription_expiry_date` varchar(191) COLLATE utf8mb4_unicode_ci NOT NULL,
  `last_notified_at` timestamp NULL DEFAULT NULL,
  `monthly_sub_amount` decimal(8,2) NOT NULL DEFAULT '0.00',
  `online_status` int NOT NULL DEFAULT '1' COMMENT '0=offline, 1=online',
  `updated_status_id` int NOT NULL DEFAULT '0',
  `status` int NOT NULL DEFAULT '1' COMMENT '0=inactive, 1=active, 2=expired',
  `created_at` timestamp NULL DEFAULT NULL,
  `updated_at` timestamp NULL DEFAULT NULL,
  PRIMARY KEY (`id`),
  KEY `company_customer_service_plans_company_router_id_foreign` (`company_router_id`),
  KEY `company_customer_service_plans_company_service_plan_id_foreign` (`company_service_plan_id`),
  CONSTRAINT `company_customer_service_plans_company_router_id_foreign` FOREIGN KEY (`company_router_id`) REFERENCES `company_routers` (`id`) ON DELETE CASCADE,
  CONSTRAINT `company_customer_service_plans_company_service_plan_id_foreign` FOREIGN KEY (`company_service_plan_id`) REFERENCES `company_service_plans` (`id`) ON DELETE CASCADE
) ENGINE=InnoDB AUTO_INCREMENT=7 DEFAULT CHARSET=utf8mb4 COLLATE=utf8mb4_unicode_ci;

--
-- Dumping data for table `company_customer_service_plans`
--


--
-- Table structure for table `company_customers`
--

CREATE TABLE `company_customers` (
  `id` bigint unsigned NOT NULL AUTO_INCREMENT,
  `ref_no` varchar(191) COLLATE utf8mb4_unicode_ci NOT NULL,
  `company_id` bigint unsigned NOT NULL,
  `company_router_id` bigint unsigned NOT NULL,
  `names` varchar(191) COLLATE utf8mb4_unicode_ci DEFAULT NULL,
  `mac_address` varchar(191) COLLATE utf8mb4_unicode_ci DEFAULT NULL,
  `static_ip_address` varchar(191) COLLATE utf8mb4_unicode_ci DEFAULT NULL,
  `interface` varchar(191) COLLATE utf8mb4_unicode_ci DEFAULT NULL,
  `phone` varchar(191) COLLATE utf8mb4_unicode_ci DEFAULT NULL,
  `email` varchar(191) COLLATE utf8mb4_unicode_ci DEFAULT NULL,
  `status` int NOT NULL DEFAULT '1' COMMENT '0=inactive, 1=active',
  `created_at` timestamp NULL DEFAULT NULL,
  `updated_at` timestamp NULL DEFAULT NULL,
  `deleted_at` timestamp NULL DEFAULT NULL,
  PRIMARY KEY (`id`),
  KEY `company_customers_company_id_foreign` (`company_id`),
  KEY `company_customers_company_router_id_foreign` (`company_router_id`),
  CONSTRAINT `company_customers_company_id_foreign` FOREIGN KEY (`company_id`) REFERENCES `companies` (`id`) ON DELETE CASCADE,
  CONSTRAINT `company_customers_company_router_id_foreign` FOREIGN KEY (`company_router_id`) REFERENCES `company_routers` (`id`) ON DELETE CASCADE
) ENGINE=InnoDB AUTO_INCREMENT=7 DEFAULT CHARSET=utf8mb4 COLLATE=utf8mb4_unicode_ci;

--
-- Dumping data for table `company_customers`
--

INSERT INTO `company_customers` VALUES (2,'UHGD9X',8,2,'16:54:CC:BC:13:7C',NULL,NULL,NULL,'255763752350',NULL,1,'2025-08-05 18:59:16','2025-08-06 20:02:45',NULL),(3,'I2YGDV',8,2,'3A:EE:47:56:31:8E',NULL,NULL,NULL,'255693311437',NULL,1,'2025-08-05 19:03:34','2025-08-05 19:03:34',NULL),(4,'LV5XMT',8,2,'72:82:9F:D3:BA:72',NULL,NULL,NULL,'255672040034',NULL,1,'2025-08-07 18:53:51','2025-08-07 18:53:51',NULL),(5,'NY7OVJ',8,2,'5A:DD:D5:00:65:24',NULL,NULL,NULL,NULL,NULL,1,'2025-08-07 20:43:52','2025-08-07 20:43:52',NULL),(6,'YVJK4O',8,2,'5E:32:CC:C1:11:35',NULL,NULL,NULL,'255617595193',NULL,1,'2025-08-08 15:56:01','2025-08-08 15:56:01',NULL);

--
-- Table structure for table `company_email_configurations`
--

CREATE TABLE `company_email_configurations` (
  `id` bigint unsigned NOT NULL AUTO_INCREMENT,
  `company_id` bigint unsigned NOT NULL,
  `mail_driver` varchar(191) COLLATE utf8mb4_unicode_ci NOT NULL,
  `mail_host` varchar(191) COLLATE utf8mb4_unicode_ci NOT NULL,
  `mail_port` varchar(191) COLLATE utf8mb4_unicode_ci NOT NULL,
  `mail_username` varchar(191) COLLATE utf8mb4_unicode_ci NOT NULL,
  `mail_password` varchar(191) COLLATE utf8mb4_unicode_ci NOT NULL,
  `mail_encryption` varchar(191) COLLATE utf8mb4_unicode_ci NOT NULL,
  `mail_from_address` varchar(191) COLLATE utf8mb4_unicode_ci NOT NULL,
  `mail_from_name` varchar(191) COLLATE utf8mb4_unicode_ci NOT NULL,
  `created_at` timestamp NULL DEFAULT NULL,
  `updated_at` timestamp NULL DEFAULT NULL,
  `deleted_at` timestamp NULL DEFAULT NULL,
  PRIMARY KEY (`id`),
  KEY `company_email_configurations_company_id_foreign` (`company_id`),
  CONSTRAINT `company_email_configurations_company_id_foreign` FOREIGN KEY (`company_id`) REFERENCES `companies` (`id`) ON DELETE CASCADE
) ENGINE=InnoDB DEFAULT CHARSET=utf8mb4 COLLATE=utf8mb4_unicode_ci;

--
-- Dumping data for table `company_email_configurations`
--


--
-- Table structure for table `company_escrow_transactions`
--

CREATE TABLE `company_escrow_transactions` (
  `id` bigint unsigned NOT NULL AUTO_INCREMENT,
  `ref_no` varchar(191) COLLATE utf8mb4_unicode_ci NOT NULL,
  `company_id` int DEFAULT NULL,
  `company_customer_id` int DEFAULT NULL,
  `company_customer_service_plan_id` int DEFAULT NULL,
  `grouped_transaction_id` int DEFAULT NULL,
  `user_id` int DEFAULT NULL,
  `payment_mode_id` bigint unsigned NOT NULL,
  `phone_used` varchar(191) COLLATE utf8mb4_unicode_ci DEFAULT NULL,
  `transaction_code` varchar(191) COLLATE utf8mb4_unicode_ci DEFAULT NULL,
  `amount` decimal(8,2) NOT NULL DEFAULT '0.00',
  `checkout_id` varchar(191) COLLATE utf8mb4_unicode_ci DEFAULT NULL,
  `account_number` varchar(191) COLLATE utf8mb4_unicode_ci DEFAULT NULL,
  `short_code` varchar(191) COLLATE utf8mb4_unicode_ci DEFAULT NULL,
  `status` int NOT NULL DEFAULT '0' COMMENT '0=active, 1=inactive',
  `created_at` timestamp NULL DEFAULT NULL,
  `updated_at` timestamp NULL DEFAULT NULL,
  `deleted_at` timestamp NULL DEFAULT NULL,
  PRIMARY KEY (`id`),
  KEY `company_escrow_transactions_payment_mode_id_foreign` (`payment_mode_id`),
  CONSTRAINT `company_escrow_transactions_payment_mode_id_foreign` FOREIGN KEY (`payment_mode_id`) REFERENCES `payment_modes` (`id`) ON DELETE CASCADE
) ENGINE=InnoDB DEFAULT CHARSET=utf8mb4 COLLATE=utf8mb4_unicode_ci;

--
-- Dumping data for table `company_escrow_transactions`
--


--
-- Table structure for table `company_grouped_transactions`
--

CREATE TABLE `company_grouped_transactions` (
  `id` bigint unsigned NOT NULL AUTO_INCREMENT,
  `ref_no` varchar(191) COLLATE utf8mb4_unicode_ci NOT NULL,
  `company_id` bigint unsigned NOT NULL,
  `company_router_id` int DEFAULT NULL,
  `company_customer_id` bigint unsigned NOT NULL,
  `service_plan_id` bigint unsigned NOT NULL,
  `payment_mode_id` bigint unsigned NOT NULL,
  `phone_used` varchar(191) COLLATE utf8mb4_unicode_ci DEFAULT NULL,
  `transaction_code` varchar(191) COLLATE utf8mb4_unicode_ci DEFAULT NULL,
  `mac_address` varchar(191) COLLATE utf8mb4_unicode_ci DEFAULT NULL,
  `username` varchar(191) COLLATE utf8mb4_unicode_ci DEFAULT NULL,
  `password` varchar(191) COLLATE utf8mb4_unicode_ci DEFAULT NULL,
  `amount` decimal(8,2) NOT NULL DEFAULT '0.00',
  `checkout_id` varchar(191) COLLATE utf8mb4_unicode_ci DEFAULT NULL,
  `account_number` varchar(191) COLLATE utf8mb4_unicode_ci DEFAULT NULL,
  `settled_status` int NOT NULL DEFAULT '0' COMMENT '0=pending, 1=settled',
  `status` int NOT NULL DEFAULT '0' COMMENT '0=unused, 1=used',
  `created_at` timestamp NULL DEFAULT NULL,
  `updated_at` timestamp NULL DEFAULT NULL,
  `deleted_at` timestamp NULL DEFAULT NULL,
  PRIMARY KEY (`id`),
  KEY `company_grouped_transactions_company_id_foreign` (`company_id`),
  KEY `company_grouped_transactions_company_customer_id_foreign` (`company_customer_id`),
  KEY `company_grouped_transactions_service_plan_id_foreign` (`service_plan_id`),
  KEY `company_grouped_transactions_payment_mode_id_foreign` (`payment_mode_id`),
  CONSTRAINT `company_grouped_transactions_company_customer_id_foreign` FOREIGN KEY (`company_customer_id`) REFERENCES `company_customers` (`id`) ON DELETE CASCADE,
  CONSTRAINT `company_grouped_transactions_company_id_foreign` FOREIGN KEY (`company_id`) REFERENCES `companies` (`id`) ON DELETE CASCADE,
  CONSTRAINT `company_grouped_transactions_payment_mode_id_foreign` FOREIGN KEY (`payment_mode_id`) REFERENCES `payment_modes` (`id`) ON DELETE CASCADE,
  CONSTRAINT `company_grouped_transactions_service_plan_id_foreign` FOREIGN KEY (`service_plan_id`) REFERENCES `service_plans` (`id`) ON DELETE CASCADE
) ENGINE=InnoDB AUTO_INCREMENT=7 DEFAULT CHARSET=utf8mb4 COLLATE=utf8mb4_unicode_ci;

--
-- Dumping data for table `company_grouped_transactions`
--

INSERT INTO `company_grouped_transactions` VALUES (1,'U053Q4',8,2,2,1,1,'255763752350','0964382013',NULL,'E4:A4:71:0E:D7:FB','0035',210.00,'169443',NULL,0,0,'2025-08-05 18:59:16','2025-08-05 18:59:16',NULL),(2,'ELW06P',8,2,2,1,1,'255763752350','0964382832',NULL,'E4:A4:71:0E:D7:FB','5016',210.00,'022928',NULL,0,1,'2025-08-05 19:01:00','2025-08-07 07:24:12',NULL),(3,'V5A6PT',8,2,3,1,1,'255693311437','0964383972',NULL,'3A:EE:47:56:31:8E','2428',210.00,'514066',NULL,1,1,'2025-08-05 19:03:34','2025-08-07 07:24:18',NULL),(4,'58MNIO',8,2,2,1,1,'255763752350','0964774233',NULL,'16:54:CC:BC:13:7C','7933',210.00,'151783',NULL,1,1,'2025-08-06 20:02:45','2025-08-07 07:24:24',NULL),(5,'BA4L25',8,2,4,1,1,'255672040034','1307377571',NULL,'72:82:9F:D3:BA:72','7784',1000.00,'788624',NULL,1,1,'2025-08-07 18:53:51','2025-08-08 18:54:07',NULL),(6,'0VW3OZ',8,2,6,1,1,'255617595193','1308639764',NULL,'5E:32:CC:C1:11:35','1053',500.00,'762516',NULL,1,1,'2025-08-08 15:56:01','2025-08-09 03:56:07',NULL);

--
-- Table structure for table `company_inventories`
--

CREATE TABLE `company_inventories` (
  `id` bigint unsigned NOT NULL AUTO_INCREMENT,
  `ref_no` varchar(191) COLLATE utf8mb4_unicode_ci NOT NULL,
  `company_id` int DEFAULT NULL,
  `name` varchar(191) COLLATE utf8mb4_unicode_ci NOT NULL,
  `description` longtext COLLATE utf8mb4_unicode_ci,
  `cost` decimal(8,2) NOT NULL DEFAULT '0.00',
  `serial_number` varchar(191) COLLATE utf8mb4_unicode_ci DEFAULT NULL,
  `type` varchar(191) COLLATE utf8mb4_unicode_ci DEFAULT NULL,
  `model` varchar(191) COLLATE utf8mb4_unicode_ci DEFAULT NULL,
  `model_number` varchar(191) COLLATE utf8mb4_unicode_ci DEFAULT NULL,
  `date_bought` date DEFAULT NULL,
  `state` varchar(191) COLLATE utf8mb4_unicode_ci NOT NULL DEFAULT 'in store',
  `location` varchar(191) COLLATE utf8mb4_unicode_ci DEFAULT NULL,
  `supplier` varchar(191) COLLATE utf8mb4_unicode_ci DEFAULT NULL,
  `status` int NOT NULL DEFAULT '1' COMMENT '0=inactive, 1=active',
  `created_at` timestamp NULL DEFAULT NULL,
  `updated_at` timestamp NULL DEFAULT NULL,
  `deleted_at` timestamp NULL DEFAULT NULL,
  PRIMARY KEY (`id`)
) ENGINE=InnoDB DEFAULT CHARSET=utf8mb4 COLLATE=utf8mb4_unicode_ci;

--
-- Dumping data for table `company_inventories`
--


--
-- Table structure for table `company_ip_pools`
--

CREATE TABLE `company_ip_pools` (
  `id` bigint unsigned NOT NULL AUTO_INCREMENT,
  `ref_no` varchar(191) COLLATE utf8mb4_unicode_ci NOT NULL,
  `company_id` bigint unsigned NOT NULL,
  `company_router_id` bigint unsigned NOT NULL,
  `name` varchar(191) COLLATE utf8mb4_unicode_ci NOT NULL,
  `ip_from_range` varchar(191) COLLATE utf8mb4_unicode_ci NOT NULL,
  `ip_to_range` varchar(191) COLLATE utf8mb4_unicode_ci NOT NULL,
  `status` int NOT NULL DEFAULT '1' COMMENT '0=inactive, 1=active',
  `created_at` timestamp NULL DEFAULT NULL,
  `updated_at` timestamp NULL DEFAULT NULL,
  `deleted_at` timestamp NULL DEFAULT NULL,
  PRIMARY KEY (`id`),
  KEY `company_ip_pools_company_id_foreign` (`company_id`),
  KEY `company_ip_pools_company_router_id_foreign` (`company_router_id`),
  CONSTRAINT `company_ip_pools_company_id_foreign` FOREIGN KEY (`company_id`) REFERENCES `companies` (`id`) ON DELETE CASCADE,
  CONSTRAINT `company_ip_pools_company_router_id_foreign` FOREIGN KEY (`company_router_id`) REFERENCES `company_routers` (`id`) ON DELETE CASCADE
) ENGINE=InnoDB AUTO_INCREMENT=6 DEFAULT CHARSET=utf8mb4 COLLATE=utf8mb4_unicode_ci;

--
-- Dumping data for table `company_ip_pools`
--

INSERT INTO `company_ip_pools` VALUES (1,'LPKCN0',7,1,'hotspot-pool ','192.168.88.10','192.168.88.254',1,'2025-08-05 15:58:33','2025-08-05 15:58:33',NULL),(2,'Q7IZT8',7,3,'pppoe-pool ','192.168.90.2','192.168.90.254',1,'2025-08-05 15:58:33','2025-08-08 23:43:08',NULL),(3,'3SIWZT',8,2,'hotspot-pool','192.168.8.2','192.168.8.254',1,'2025-08-05 17:41:13','2025-08-05 17:41:13',NULL),(4,'E1S7M0',8,2,'pppoe-pool','192.168.90.2','192.168.90.254',1,'2025-08-05 17:41:29','2025-08-05 17:41:29',NULL),(5,'K29764',7,3,'hotspot-pool ','192.168.88.2','192.168.88.254',1,'2025-08-08 23:43:08','2025-08-08 23:43:08',NULL);

--
-- Table structure for table `company_payment_accounts`
--

CREATE TABLE `company_payment_accounts` (
  `id` bigint unsigned NOT NULL AUTO_INCREMENT,
  `company_id` bigint unsigned NOT NULL,
  `company_router_id` bigint unsigned NOT NULL,
  `ref_no` varchar(191) COLLATE utf8mb4_unicode_ci NOT NULL,
  `payment_method_id` bigint unsigned NOT NULL,
  `mpesa_type_id` int DEFAULT NULL COMMENT '1=phone, 2=paybill, 3=till',
  `phone_paybill_till_number` varchar(191) COLLATE utf8mb4_unicode_ci DEFAULT NULL,
  `settle_payments` int NOT NULL DEFAULT '1' COMMENT '0=no, 1=yes',
  `consumer_key` varchar(191) COLLATE utf8mb4_unicode_ci DEFAULT NULL,
  `secret_key` varchar(191) COLLATE utf8mb4_unicode_ci DEFAULT NULL,
  `pass_key` varchar(191) COLLATE utf8mb4_unicode_ci DEFAULT NULL,
  `bank_id` bigint unsigned DEFAULT NULL,
  `account_number` varchar(191) COLLATE utf8mb4_unicode_ci DEFAULT NULL,
  `status` int NOT NULL DEFAULT '1' COMMENT '0=inactive, 1=active',
  `created_at` timestamp NULL DEFAULT NULL,
  `updated_at` timestamp NULL DEFAULT NULL,
  `deleted_at` timestamp NULL DEFAULT NULL,
  PRIMARY KEY (`id`),
  KEY `company_payment_accounts_company_id_foreign` (`company_id`),
  KEY `company_payment_accounts_company_router_id_foreign` (`company_router_id`),
  KEY `company_payment_accounts_payment_method_id_foreign` (`payment_method_id`),
  KEY `company_payment_accounts_bank_id_foreign` (`bank_id`),
  CONSTRAINT `company_payment_accounts_bank_id_foreign` FOREIGN KEY (`bank_id`) REFERENCES `banks` (`id`) ON DELETE CASCADE,
  CONSTRAINT `company_payment_accounts_company_id_foreign` FOREIGN KEY (`company_id`) REFERENCES `companies` (`id`) ON DELETE CASCADE,
  CONSTRAINT `company_payment_accounts_company_router_id_foreign` FOREIGN KEY (`company_router_id`) REFERENCES `company_routers` (`id`) ON DELETE CASCADE,
  CONSTRAINT `company_payment_accounts_payment_method_id_foreign` FOREIGN KEY (`payment_method_id`) REFERENCES `payment_methods` (`id`) ON DELETE CASCADE
) ENGINE=InnoDB AUTO_INCREMENT=3 DEFAULT CHARSET=utf8mb4 COLLATE=utf8mb4_unicode_ci;

--
-- Dumping data for table `company_payment_accounts`
--

INSERT INTO `company_payment_accounts` VALUES (1,7,1,'ES3M5O',1,1,'0716327828',0,NULL,NULL,NULL,NULL,NULL,1,'2025-08-05 16:04:29','2025-08-05 16:04:29',NULL),(2,8,2,'5NTGPB',1,3,'123456',0,NULL,NULL,NULL,NULL,NULL,1,'2025-08-05 17:51:33','2025-08-05 17:51:33',NULL);

--
-- Table structure for table `company_prepaid_users`
--

CREATE TABLE `company_prepaid_users` (
  `id` bigint unsigned NOT NULL AUTO_INCREMENT,
  `ref_no` varchar(191) COLLATE utf8mb4_unicode_ci NOT NULL,
  `company_id` bigint unsigned NOT NULL,
  `username` varchar(191) COLLATE utf8mb4_unicode_ci NOT NULL,
  `names` varchar(191) COLLATE utf8mb4_unicode_ci DEFAULT NULL,
  `plan_name` varchar(191) COLLATE utf8mb4_unicode_ci NOT NULL,
  `company_service_plan_id` bigint unsigned NOT NULL,
  `mac_address` varchar(191) COLLATE utf8mb4_unicode_ci NOT NULL,
  `expires_on` varchar(191) COLLATE utf8mb4_unicode_ci NOT NULL,
  `method` varchar(191) COLLATE utf8mb4_unicode_ci NOT NULL,
  `created_at` timestamp NULL DEFAULT NULL,
  `updated_at` timestamp NULL DEFAULT NULL,
  `deleted_at` timestamp NULL DEFAULT NULL,
  PRIMARY KEY (`id`),
  KEY `company_prepaid_users_company_id_foreign` (`company_id`),
  KEY `company_prepaid_users_company_service_plan_id_foreign` (`company_service_plan_id`),
  CONSTRAINT `company_prepaid_users_company_id_foreign` FOREIGN KEY (`company_id`) REFERENCES `companies` (`id`) ON DELETE CASCADE,
  CONSTRAINT `company_prepaid_users_company_service_plan_id_foreign` FOREIGN KEY (`company_service_plan_id`) REFERENCES `company_service_plans` (`id`) ON DELETE CASCADE
) ENGINE=InnoDB DEFAULT CHARSET=utf8mb4 COLLATE=utf8mb4_unicode_ci;

--
-- Dumping data for table `company_prepaid_users`
--


--
-- Table structure for table `company_prepaid_vouchers`
--

CREATE TABLE `company_prepaid_vouchers` (
  `id` bigint unsigned NOT NULL AUTO_INCREMENT,
  `ref_no` varchar(191) COLLATE utf8mb4_unicode_ci NOT NULL,
  `company_id` bigint unsigned NOT NULL,
  `company_router_id` bigint unsigned NOT NULL,
  `company_service_plan_id` bigint unsigned NOT NULL,
  `voucher_code` varchar(191) COLLATE utf8mb4_unicode_ci NOT NULL,
  `engaged_voucher` int NOT NULL DEFAULT '0' COMMENT '0=inactive, 1=active',
  `status` int NOT NULL DEFAULT '1' COMMENT '0=inactive, 1=active',
  `created_at` timestamp NULL DEFAULT NULL,
  `updated_at` timestamp NULL DEFAULT NULL,
  `deleted_at` timestamp NULL DEFAULT NULL,
  PRIMARY KEY (`id`),
  KEY `company_prepaid_vouchers_company_id_foreign` (`company_id`),
  KEY `company_prepaid_vouchers_company_router_id_foreign` (`company_router_id`),
  KEY `company_prepaid_vouchers_company_service_plan_id_foreign` (`company_service_plan_id`),
  CONSTRAINT `company_prepaid_vouchers_company_id_foreign` FOREIGN KEY (`company_id`) REFERENCES `companies` (`id`) ON DELETE CASCADE,
  CONSTRAINT `company_prepaid_vouchers_company_router_id_foreign` FOREIGN KEY (`company_router_id`) REFERENCES `company_routers` (`id`) ON DELETE CASCADE,
  CONSTRAINT `company_prepaid_vouchers_company_service_plan_id_foreign` FOREIGN KEY (`company_service_plan_id`) REFERENCES `company_service_plans` (`id`) ON DELETE CASCADE
) ENGINE=InnoDB AUTO_INCREMENT=11 DEFAULT CHARSET=utf8mb4 COLLATE=utf8mb4_unicode_ci;

--
-- Dumping data for table `company_prepaid_vouchers`
--

INSERT INTO `company_prepaid_vouchers` VALUES (1,'9JL37Y',8,2,9,'5OXVS8',1,0,'2025-08-07 19:47:42','2025-08-08 20:44:06',NULL),(2,'9JL37Y',8,2,9,'SD66WK',0,1,'2025-08-07 19:47:42','2025-08-07 19:47:42',NULL),(3,'9JL37Y',8,2,9,'4ZAEYQ',0,1,'2025-08-07 19:47:42','2025-08-07 19:47:42',NULL),(4,'9JL37Y',8,2,9,'WGPFG5',0,1,'2025-08-07 19:47:42','2025-08-07 19:47:42',NULL),(5,'9JL37Y',8,2,9,'ABT6O4',0,1,'2025-08-07 19:47:42','2025-08-07 19:47:42',NULL),(6,'9JL37Y',8,2,9,'IOM23Q',0,1,'2025-08-07 19:47:42','2025-08-07 19:47:42',NULL),(7,'9JL37Y',8,2,9,'JAB0E4',0,1,'2025-08-07 19:47:42','2025-08-07 19:47:42',NULL),(8,'9JL37Y',8,2,9,'1A8653',0,1,'2025-08-07 19:47:42','2025-08-07 19:47:42',NULL),(9,'9JL37Y',8,2,9,'NPORDB',0,1,'2025-08-07 19:47:42','2025-08-07 19:47:42',NULL),(10,'9JL37Y',8,2,9,'DD93WK',0,1,'2025-08-07 19:47:42','2025-08-07 19:47:42',NULL);

--
-- Table structure for table `company_referral_payments`
--

CREATE TABLE `company_referral_payments` (
  `id` bigint unsigned NOT NULL AUTO_INCREMENT,
  `company_referral_id` bigint unsigned NOT NULL,
  `company_router_invoice_payment_id` int NOT NULL,
  `user_id` int DEFAULT NULL,
  `payment_mode_id` bigint unsigned NOT NULL,
  `transaction_code` varchar(191) COLLATE utf8mb4_unicode_ci DEFAULT NULL,
  `amount` decimal(8,2) NOT NULL DEFAULT '0.00',
  `created_at` timestamp NULL DEFAULT NULL,
  `updated_at` timestamp NULL DEFAULT NULL,
  `deleted_at` timestamp NULL DEFAULT NULL,
  PRIMARY KEY (`id`),
  KEY `company_referral_payments_company_referral_id_foreign` (`company_referral_id`),
  KEY `company_referral_payments_payment_mode_id_foreign` (`payment_mode_id`),
  CONSTRAINT `company_referral_payments_company_referral_id_foreign` FOREIGN KEY (`company_referral_id`) REFERENCES `company_referrals` (`id`) ON DELETE CASCADE,
  CONSTRAINT `company_referral_payments_payment_mode_id_foreign` FOREIGN KEY (`payment_mode_id`) REFERENCES `payment_modes` (`id`) ON DELETE CASCADE
) ENGINE=InnoDB DEFAULT CHARSET=utf8mb4 COLLATE=utf8mb4_unicode_ci;

--
-- Dumping data for table `company_referral_payments`
--


--
-- Table structure for table `company_referrals`
--

CREATE TABLE `company_referrals` (
  `id` bigint unsigned NOT NULL AUTO_INCREMENT,
  `company_id` bigint unsigned NOT NULL,
  `referrer_id` int NOT NULL,
  `percentage_commission` decimal(8,2) NOT NULL DEFAULT '0.00',
  `created_at` timestamp NULL DEFAULT NULL,
  `updated_at` timestamp NULL DEFAULT NULL,
  `deleted_at` timestamp NULL DEFAULT NULL,
  PRIMARY KEY (`id`),
  KEY `company_referrals_company_id_foreign` (`company_id`),
  CONSTRAINT `company_referrals_company_id_foreign` FOREIGN KEY (`company_id`) REFERENCES `companies` (`id`) ON DELETE CASCADE
) ENGINE=InnoDB DEFAULT CHARSET=utf8mb4 COLLATE=utf8mb4_unicode_ci;

--
-- Dumping data for table `company_referrals`
--


--
-- Table structure for table `company_router_customers`
--

CREATE TABLE `company_router_customers` (
  `id` bigint unsigned NOT NULL AUTO_INCREMENT,
  `company_router_id` bigint unsigned NOT NULL,
  `name` varchar(191) COLLATE utf8mb4_unicode_ci DEFAULT NULL,
  `phone` varchar(191) COLLATE utf8mb4_unicode_ci NOT NULL,
  `created_at` timestamp NULL DEFAULT NULL,
  `updated_at` timestamp NULL DEFAULT NULL,
  `deleted_at` timestamp NULL DEFAULT NULL,
  PRIMARY KEY (`id`),
  KEY `company_router_customers_company_router_id_foreign` (`company_router_id`),
  CONSTRAINT `company_router_customers_company_router_id_foreign` FOREIGN KEY (`company_router_id`) REFERENCES `company_routers` (`id`) ON DELETE CASCADE
) ENGINE=InnoDB AUTO_INCREMENT=5 DEFAULT CHARSET=utf8mb4 COLLATE=utf8mb4_unicode_ci;

--
-- Dumping data for table `company_router_customers`
--

INSERT INTO `company_router_customers` VALUES (1,2,'16:54:CC:BC:13:7C','255763752350','2025-08-05 18:59:16','2025-08-06 20:02:45',NULL),(2,2,'3A:EE:47:56:31:8E','255693311437','2025-08-05 19:03:34','2025-08-05 19:03:34',NULL),(3,2,'72:82:9F:D3:BA:72','255672040034','2025-08-07 18:53:51','2025-08-07 18:53:51',NULL),(4,2,'5E:32:CC:C1:11:35','255617595193','2025-08-08 15:56:01','2025-08-08 15:56:01',NULL);

--
-- Table structure for table `company_router_interfaces`
--

CREATE TABLE `company_router_interfaces` (
  `id` bigint unsigned NOT NULL AUTO_INCREMENT,
  `company_router_id` bigint unsigned NOT NULL,
  `name` varchar(191) COLLATE utf8mb4_unicode_ci NOT NULL,
  `status` int NOT NULL DEFAULT '1' COMMENT '0=inactive, 1=active',
  `created_at` timestamp NULL DEFAULT NULL,
  `updated_at` timestamp NULL DEFAULT NULL,
  `deleted_at` timestamp NULL DEFAULT NULL,
  PRIMARY KEY (`id`),
  KEY `company_router_interfaces_company_router_id_foreign` (`company_router_id`),
  CONSTRAINT `company_router_interfaces_company_router_id_foreign` FOREIGN KEY (`company_router_id`) REFERENCES `company_routers` (`id`) ON DELETE CASCADE
) ENGINE=InnoDB AUTO_INCREMENT=25 DEFAULT CHARSET=utf8mb4 COLLATE=utf8mb4_unicode_ci;

--
-- Dumping data for table `company_router_interfaces`
--

INSERT INTO `company_router_interfaces` VALUES (1,1,'ether1',1,'2025-08-05 15:58:38','2025-08-05 15:58:38',NULL),(2,1,'ether2',1,'2025-08-05 15:58:38','2025-08-05 15:58:38',NULL),(3,1,'ether3',1,'2025-08-05 15:58:38','2025-08-05 15:58:38',NULL),(4,1,'ether4',1,'2025-08-05 15:58:38','2025-08-05 15:58:38',NULL),(5,1,'pwr-line1',1,'2025-08-05 15:58:38','2025-08-05 15:58:38',NULL),(6,1,'bridge',1,'2025-08-05 15:58:38','2025-08-05 15:58:38',NULL),(7,1,'lo',1,'2025-08-05 15:58:38','2025-08-05 15:58:38',NULL),(8,1,'ovpn-out1',1,'2025-08-05 15:58:38','2025-08-05 15:58:38',NULL),(9,2,'ether1',1,'2025-08-05 17:44:20','2025-08-05 17:44:20',NULL),(10,2,'ether3',1,'2025-08-05 17:44:20','2025-08-05 17:44:20',NULL),(11,2,'ether4',1,'2025-08-05 17:44:20','2025-08-05 17:44:20',NULL),(12,2,'ether5',1,'2025-08-05 17:44:20','2025-08-05 17:44:20',NULL),(13,2,'bridge',1,'2025-08-05 17:44:20','2025-08-05 17:44:20',NULL),(14,2,'lo',1,'2025-08-05 17:44:20','2025-08-05 17:44:20',NULL),(15,2,'ovpn-out1',1,'2025-08-05 17:44:20','2025-08-05 17:44:20',NULL),(16,3,'ether1',1,'2025-08-08 23:43:14','2025-08-08 23:43:14',NULL),(17,3,'ether2',1,'2025-08-08 23:43:14','2025-08-08 23:43:14',NULL),(18,3,'ether3',1,'2025-08-08 23:43:14','2025-08-08 23:43:14',NULL),(19,3,'ether4',1,'2025-08-08 23:43:14','2025-08-08 23:43:14',NULL),(20,3,'pwr-line1',1,'2025-08-08 23:43:14','2025-08-08 23:43:14',NULL),(21,3,'wlan1',1,'2025-08-08 23:43:14','2025-08-08 23:43:14',NULL),(22,3,'bridge',1,'2025-08-08 23:43:14','2025-08-08 23:43:14',NULL),(23,3,'lo',1,'2025-08-08 23:43:14','2025-08-08 23:43:14',NULL),(24,3,'ovpn-out1',1,'2025-08-08 23:43:14','2025-08-08 23:43:14',NULL);

--
-- Table structure for table `company_router_invoice_payments`
--

CREATE TABLE `company_router_invoice_payments` (
  `id` bigint unsigned NOT NULL AUTO_INCREMENT,
  `router_invoice_id` int NOT NULL,
  `grouped_transaction_id` bigint unsigned NOT NULL,
  `amount` decimal(8,2) NOT NULL DEFAULT '0.00',
  `commission_amount` decimal(8,2) NOT NULL DEFAULT '0.00',
  `created_at` timestamp NULL DEFAULT NULL,
  `updated_at` timestamp NULL DEFAULT NULL,
  `deleted_at` timestamp NULL DEFAULT NULL,
  PRIMARY KEY (`id`),
  KEY `company_router_invoice_payments_grouped_transaction_id_foreign` (`grouped_transaction_id`),
  CONSTRAINT `company_router_invoice_payments_grouped_transaction_id_foreign` FOREIGN KEY (`grouped_transaction_id`) REFERENCES `grouped_transactions` (`id`) ON DELETE CASCADE
) ENGINE=InnoDB DEFAULT CHARSET=utf8mb4 COLLATE=utf8mb4_unicode_ci;

--
-- Dumping data for table `company_router_invoice_payments`
--


--
-- Table structure for table `company_router_invoices`
--

CREATE TABLE `company_router_invoices` (
  `id` bigint unsigned NOT NULL AUTO_INCREMENT,
  `ref_no` varchar(191) COLLATE utf8mb4_unicode_ci NOT NULL,
  `company_router_id` bigint unsigned NOT NULL,
  `from_date` timestamp NOT NULL,
  `to_date` timestamp NOT NULL,
  `amount` decimal(8,2) NOT NULL DEFAULT '0.00',
  `status` int NOT NULL DEFAULT '0' COMMENT '0=pending, 1=paid',
  `created_at` timestamp NULL DEFAULT NULL,
  `updated_at` timestamp NULL DEFAULT NULL,
  `deleted_at` timestamp NULL DEFAULT NULL,
  PRIMARY KEY (`id`),
  KEY `company_router_invoices_company_router_id_foreign` (`company_router_id`),
  CONSTRAINT `company_router_invoices_company_router_id_foreign` FOREIGN KEY (`company_router_id`) REFERENCES `company_routers` (`id`) ON DELETE CASCADE
) ENGINE=InnoDB AUTO_INCREMENT=4 DEFAULT CHARSET=utf8mb4 COLLATE=utf8mb4_unicode_ci;

--
-- Dumping data for table `company_router_invoices`
--

INSERT INTO `company_router_invoices` VALUES (1,'3NQBCR',1,'2025-08-04 22:00:00','2025-09-04 22:00:00',1000.00,0,'2025-08-05 15:16:01','2025-08-05 15:16:01',NULL),(2,'1052P9',2,'2025-08-04 22:00:00','2025-09-04 22:00:00',1000.00,0,'2025-08-05 16:56:56','2025-08-05 16:56:56',NULL),(3,'73DPN5',3,'2025-08-08 22:00:00','2025-09-08 22:00:00',20000.00,0,'2025-08-08 23:21:05','2025-08-09 06:00:07',NULL);

--
-- Table structure for table `company_routers`
--

CREATE TABLE `company_routers` (
  `id` bigint unsigned NOT NULL AUTO_INCREMENT,
  `ref_no` varchar(191) COLLATE utf8mb4_unicode_ci NOT NULL,
  `company_id` bigint unsigned NOT NULL,
  `name` varchar(191) COLLATE utf8mb4_unicode_ci NOT NULL,
  `ip_address` varchar(191) COLLATE utf8mb4_unicode_ci NOT NULL,
  `public_ip` varchar(191) COLLATE utf8mb4_unicode_ci DEFAULT NULL,
  `username` varchar(191) COLLATE utf8mb4_unicode_ci NOT NULL,
  `api_port` int NOT NULL DEFAULT '8728',
  `password` varchar(191) COLLATE utf8mb4_unicode_ci NOT NULL,
  `subscription_amount` decimal(8,2) NOT NULL DEFAULT '0.00',
  `expiry_date` varchar(191) COLLATE utf8mb4_unicode_ci NOT NULL,
  `customer_care_phone` varchar(191) COLLATE utf8mb4_unicode_ci DEFAULT NULL,
  `online_status` int NOT NULL DEFAULT '1' COMMENT '0=offline, 1=online',
  `online_status_counter` int NOT NULL DEFAULT '0',
  `file_location` varchar(191) COLLATE utf8mb4_unicode_ci DEFAULT NULL,
  `transaction_frequency_id` bigint unsigned DEFAULT NULL,
  `next_transaction_date` varchar(191) COLLATE utf8mb4_unicode_ci DEFAULT NULL,
  `hotspot_anti_sharing_enabled` int NOT NULL DEFAULT '0' COMMENT '0=no, 1=yes',
  `status` int NOT NULL DEFAULT '1' COMMENT '0=inactive, 1=active, 2=expired',
  `created_at` timestamp NULL DEFAULT NULL,
  `updated_at` timestamp NULL DEFAULT NULL,
  `deleted_at` timestamp NULL DEFAULT NULL,
  PRIMARY KEY (`id`),
  UNIQUE KEY `company_routers_ip_address_unique` (`ip_address`),
  UNIQUE KEY `company_routers_public_ip_unique` (`public_ip`),
  KEY `company_routers_company_id_foreign` (`company_id`),
  KEY `company_routers_transaction_frequency_id_foreign` (`transaction_frequency_id`),
  CONSTRAINT `company_routers_company_id_foreign` FOREIGN KEY (`company_id`) REFERENCES `companies` (`id`) ON DELETE CASCADE,
  CONSTRAINT `company_routers_transaction_frequency_id_foreign` FOREIGN KEY (`transaction_frequency_id`) REFERENCES `transaction_frequencies` (`id`) ON DELETE CASCADE
) ENGINE=InnoDB AUTO_INCREMENT=4 DEFAULT CHARSET=utf8mb4 COLLATE=utf8mb4_unicode_ci;

--
-- Dumping data for table `company_routers`
--

INSERT INTO `company_routers` VALUES (1,'BVDX08',7,'Router1','50.50.50.1','161.97.174.20:19362','heritage',8728,'MH7X5C',1000.00,'2025-08-05','0745678',0,0,NULL,1,'2025-08-05',0,2,'2025-08-05 15:16:01','2025-08-08 23:15:46',NULL),(2,'GI6BYT',8,'Ngoni Net 1','50.50.50.2','161.97.174.20:11186','heritage',8728,'67S20T',1000.00,'2025-08-05','0716583413',1,0,NULL,1,'2025-08-05',1,2,'2025-08-05 16:56:56','2025-08-09 05:36:06',NULL),(3,'U6KNCS',7,'Router3','50.50.50.3',NULL,'heritage',8728,'heritage@2025',20000.00,'2025-08-09','0745678864',1,0,NULL,NULL,NULL,0,2,'2025-08-08 23:21:05','2025-08-09 06:11:05',NULL);

--
-- Table structure for table `company_service_plans`
--

CREATE TABLE `company_service_plans` (
  `id` bigint unsigned NOT NULL AUTO_INCREMENT,
  `ref_no` varchar(191) COLLATE utf8mb4_unicode_ci NOT NULL,
  `company_id` bigint unsigned NOT NULL,
  `service_plan_id` bigint unsigned NOT NULL,
  `company_router_id` bigint unsigned DEFAULT NULL,
  `company_ip_pool_id` int DEFAULT NULL,
  `name` varchar(191) COLLATE utf8mb4_unicode_ci NOT NULL,
  `download_limit` varchar(191) COLLATE utf8mb4_unicode_ci DEFAULT NULL,
  `download_scale` varchar(191) COLLATE utf8mb4_unicode_ci DEFAULT NULL,
  `upload_limit` varchar(191) COLLATE utf8mb4_unicode_ci DEFAULT NULL,
  `upload_scale` varchar(191) COLLATE utf8mb4_unicode_ci DEFAULT NULL,
  `burst_download_limit` varchar(191) COLLATE utf8mb4_unicode_ci DEFAULT NULL,
  `burst_download_scale` varchar(191) COLLATE utf8mb4_unicode_ci DEFAULT NULL,
  `burst_time` varchar(191) COLLATE utf8mb4_unicode_ci DEFAULT NULL,
  `shared_users` varchar(191) COLLATE utf8mb4_unicode_ci NOT NULL DEFAULT '1',
  `valid_for` decimal(8,2) NOT NULL DEFAULT '1.00',
  `plan_validity_type_id` int DEFAULT NULL,
  `cost` decimal(8,2) NOT NULL DEFAULT '0.00',
  `status` int NOT NULL DEFAULT '1' COMMENT '0=inactive, 1=active',
  `created_at` timestamp NULL DEFAULT NULL,
  `updated_at` timestamp NULL DEFAULT NULL,
  `deleted_at` timestamp NULL DEFAULT NULL,
  PRIMARY KEY (`id`),
  KEY `company_service_plans_company_id_foreign` (`company_id`),
  KEY `company_service_plans_service_plan_id_foreign` (`service_plan_id`),
  KEY `company_service_plans_company_router_id_foreign` (`company_router_id`),
  CONSTRAINT `company_service_plans_company_id_foreign` FOREIGN KEY (`company_id`) REFERENCES `companies` (`id`) ON DELETE CASCADE,
  CONSTRAINT `company_service_plans_company_router_id_foreign` FOREIGN KEY (`company_router_id`) REFERENCES `company_routers` (`id`) ON DELETE CASCADE,
  CONSTRAINT `company_service_plans_service_plan_id_foreign` FOREIGN KEY (`service_plan_id`) REFERENCES `service_plans` (`id`) ON DELETE CASCADE
) ENGINE=InnoDB AUTO_INCREMENT=22 DEFAULT CHARSET=utf8mb4 COLLATE=utf8mb4_unicode_ci;

--
-- Dumping data for table `company_service_plans`
--

INSERT INTO `company_service_plans` VALUES (1,'Z4BGY3',7,1,1,1,'1 Hour','5','M','5','M',NULL,NULL,NULL,'1',1.00,2,10.00,1,'2025-08-05 15:59:59','2025-08-05 15:59:59',NULL),(2,'7TS5UL',7,1,1,1,'1 Hour','5','M','5','M',NULL,NULL,NULL,'1',1.00,2,10.00,1,'2025-08-05 16:02:47','2025-08-05 16:03:10','2025-08-05 16:03:10'),(3,'8WGE3C',7,1,1,1,'6 Hours','5','M','5','M',NULL,NULL,NULL,'1',6.00,2,20.00,1,'2025-08-05 16:03:42','2025-08-05 16:03:42',NULL),(4,'KJ7GQL',7,1,1,1,'12 Hours','5','M','5','M',NULL,NULL,NULL,'1',12.00,2,30.00,1,'2025-08-05 16:04:05','2025-08-05 16:04:05',NULL),(5,'HNY6K4',7,1,1,1,'24 Hours','5','M','5','M',NULL,NULL,NULL,'1',24.00,2,50.00,1,'2025-08-05 16:07:00','2025-08-05 16:07:00',NULL),(6,'F3L651',8,1,2,3,'1 Hour','5','M','5','M',NULL,NULL,NULL,'1',1.00,2,210.00,1,'2025-08-05 17:49:04','2025-08-05 17:49:04',NULL),(7,'YPH8AG',8,1,2,3,'3 Hours','3','M','2','M',NULL,NULL,NULL,'1',6.00,2,300.00,1,'2025-08-05 17:49:42','2025-08-08 19:55:28',NULL),(8,'RN5IOU',8,1,2,3,'12 Hours','5','M','5','M',NULL,NULL,NULL,'1',12.00,2,500.00,1,'2025-08-05 17:50:05','2025-08-05 19:21:03',NULL),(9,'SHZN7L',8,1,2,3,'24 Hours','5','M','5','M',NULL,NULL,NULL,'1',24.00,2,1000.00,1,'2025-08-05 17:50:21','2025-08-05 19:21:18',NULL),(10,'ICA7K6',8,1,2,3,'7day','3','M','3','M',NULL,NULL,NULL,'1',7.00,3,5000.00,1,'2025-08-08 19:52:48','2025-08-08 19:52:48',NULL),(11,'FOH3WJ',7,1,3,5,'1 Hour','5','M','5','M',NULL,NULL,NULL,'1',1.00,2,210.00,1,'2025-08-08 23:44:06','2025-08-09 00:15:17','2025-08-09 00:15:17'),(12,'MLHI1N',7,1,3,5,'6 Hours','5','M','5','M',NULL,NULL,NULL,'1',6.00,2,600.00,1,'2025-08-08 23:44:27','2025-08-09 00:14:34','2025-08-09 00:14:34'),(13,'G93XD4',7,1,3,5,'12 Hours','5','M','5','M',NULL,NULL,NULL,'1',12.00,2,1200.00,1,'2025-08-08 23:44:38','2025-08-09 00:14:30','2025-08-09 00:14:30'),(14,'2VDIBK',7,1,3,5,'24 Hours','5','M','5','M',NULL,NULL,NULL,'1',24.00,2,2000.00,1,'2025-08-09 00:05:11','2025-08-09 00:14:19','2025-08-09 00:14:19'),(15,'PQFK3A',7,1,3,5,'14 Days','5','M','5','M',NULL,NULL,NULL,'1',14.00,3,3500.00,1,'2025-08-09 00:07:50','2025-08-09 00:14:14','2025-08-09 00:14:14'),(16,'524SBF',7,1,3,5,'1 Hour','5','M','5','M',NULL,NULL,NULL,'1',1.00,2,210.00,1,'2025-08-09 00:15:34','2025-08-09 00:15:34',NULL),(17,'DSE8CN',7,1,3,5,'6 Hours','5','M','5','M',NULL,NULL,NULL,'1',6.00,2,1000.00,1,'2025-08-09 00:19:13','2025-08-09 00:19:13',NULL),(18,'27J60R',7,1,3,5,'12 Hours','5','M','5','M',NULL,NULL,NULL,'1',12.00,2,1500.00,1,'2025-08-09 00:19:29','2025-08-09 00:19:29',NULL),(19,'N964RW',7,1,3,5,'24 Hours','5','M','5','M',NULL,NULL,NULL,'1',24.00,2,2000.00,1,'2025-08-09 00:19:43','2025-08-09 00:19:43',NULL),(20,'B0V84O',7,1,3,5,'14 Days','5','M','5','M',NULL,NULL,NULL,'1',14.00,3,2500.00,1,'2025-08-09 00:20:03','2025-08-09 00:20:03',NULL),(21,'Y5MENU',7,1,3,5,'Monthly','5','M','5','M',NULL,NULL,NULL,'1',30.00,3,3000.00,1,'2025-08-09 00:20:16','2025-08-09 00:20:16',NULL);

--
-- Table structure for table `company_sms`
--

CREATE TABLE `company_sms` (
  `id` bigint unsigned NOT NULL AUTO_INCREMENT,
  `company_id` bigint unsigned NOT NULL,
  `sms_units` int NOT NULL,
  `created_at` timestamp NULL DEFAULT NULL,
  `updated_at` timestamp NULL DEFAULT NULL,
  `deleted_at` timestamp NULL DEFAULT NULL,
  PRIMARY KEY (`id`),
  KEY `company_sms_company_id_foreign` (`company_id`),
  CONSTRAINT `company_sms_company_id_foreign` FOREIGN KEY (`company_id`) REFERENCES `companies` (`id`) ON DELETE CASCADE
) ENGINE=InnoDB DEFAULT CHARSET=utf8mb4 COLLATE=utf8mb4_unicode_ci;

--
-- Dumping data for table `company_sms`
--


--
-- Table structure for table `company_sms_provider_entities`
--

CREATE TABLE `company_sms_provider_entities` (
  `id` bigint unsigned NOT NULL AUTO_INCREMENT,
  `company_sms_provider_id` bigint unsigned NOT NULL,
  `requirement_id` int NOT NULL,
  `name` varchar(191) COLLATE utf8mb4_unicode_ci NOT NULL,
  `created_at` timestamp NULL DEFAULT NULL,
  `updated_at` timestamp NULL DEFAULT NULL,
  `deleted_at` timestamp NULL DEFAULT NULL,
  PRIMARY KEY (`id`),
  KEY `company_sms_provider_entities_company_sms_provider_id_foreign` (`company_sms_provider_id`),
  CONSTRAINT `company_sms_provider_entities_company_sms_provider_id_foreign` FOREIGN KEY (`company_sms_provider_id`) REFERENCES `company_sms_providers` (`id`) ON DELETE CASCADE
) ENGINE=InnoDB DEFAULT CHARSET=utf8mb4 COLLATE=utf8mb4_unicode_ci;

--
-- Dumping data for table `company_sms_provider_entities`
--


--
-- Table structure for table `company_sms_providers`
--

CREATE TABLE `company_sms_providers` (
  `id` bigint unsigned NOT NULL AUTO_INCREMENT,
  `company_id` bigint unsigned NOT NULL,
  `sms_provider_id` bigint unsigned NOT NULL,
  `status` int NOT NULL DEFAULT '1' COMMENT '0=inactive, 1=active',
  `created_at` timestamp NULL DEFAULT NULL,
  `updated_at` timestamp NULL DEFAULT NULL,
  `deleted_at` timestamp NULL DEFAULT NULL,
  PRIMARY KEY (`id`),
  KEY `company_sms_providers_company_id_foreign` (`company_id`),
  KEY `company_sms_providers_sms_provider_id_foreign` (`sms_provider_id`),
  CONSTRAINT `company_sms_providers_company_id_foreign` FOREIGN KEY (`company_id`) REFERENCES `companies` (`id`) ON DELETE CASCADE,
  CONSTRAINT `company_sms_providers_sms_provider_id_foreign` FOREIGN KEY (`sms_provider_id`) REFERENCES `sms_providers` (`id`) ON DELETE CASCADE
) ENGINE=InnoDB DEFAULT CHARSET=utf8mb4 COLLATE=utf8mb4_unicode_ci;

--
-- Dumping data for table `company_sms_providers`
--


--
-- Table structure for table `company_sms_templates`
--

CREATE TABLE `company_sms_templates` (
  `id` bigint unsigned NOT NULL AUTO_INCREMENT,
  `company_id` int DEFAULT NULL,
  `sms_template_type_id` bigint unsigned NOT NULL,
  `content` longtext COLLATE utf8mb4_unicode_ci NOT NULL,
  `status` int NOT NULL DEFAULT '0' COMMENT '0=inactive, 1=active',
  `created_at` timestamp NULL DEFAULT NULL,
  `updated_at` timestamp NULL DEFAULT NULL,
  `deleted_at` timestamp NULL DEFAULT NULL,
  PRIMARY KEY (`id`),
  KEY `company_sms_templates_sms_template_type_id_foreign` (`sms_template_type_id`),
  CONSTRAINT `company_sms_templates_sms_template_type_id_foreign` FOREIGN KEY (`sms_template_type_id`) REFERENCES `sms_template_types` (`id`) ON DELETE CASCADE
) ENGINE=InnoDB AUTO_INCREMENT=13 DEFAULT CHARSET=utf8mb4 COLLATE=utf8mb4_unicode_ci;

--
-- Dumping data for table `company_sms_templates`
--

INSERT INTO `company_sms_templates` VALUES (1,0,1,'Dear [name], your internet plan is expiring in [expiry_days] day(s). Kindly make the payment at your earliest convenience to avoid service interruptions. Pay via paybill - [paybill] and account number [account_number]',1,'2025-08-03 19:10:09','2025-08-03 19:10:09',NULL),(2,0,2,'Dear [name], your invoice for [month] amounting to Ksh [balance] has been generated. Please pay via paybill - [paybill] and account number [account_number]',1,'2025-08-03 19:10:09','2025-08-03 19:10:09',NULL),(3,0,3,'Hello [name], this is to confirm that we have received your payment of Ksh [amount] for [month]. Your current balance as of now is Ksh [balance]',1,'2025-08-03 19:10:09','2025-08-03 19:10:09',NULL),(4,0,4,'Dear [name], this is a reminder that your payment of Ksh [balance] for [month] is due. Kindly make the payment at your earliest convenience to avoid service interruptions. Pay via paybill - [paybill] and account number [account_number]',1,'2025-08-03 19:10:09','2025-08-03 19:10:09',NULL),(5,0,5,'Dear [name], your payment of Ksh [balance] for [month] is overdue. Please settle the outstanding amount immediately to avoid service disruption. Pay via paybill - [paybill] and account number [account_number]',1,'2025-08-03 19:10:09','2025-08-03 19:10:09',NULL),(6,0,6,'Hello [name], due to an overdue balance of [balance], your service has been disconnected. To restore the services, please pay Ksh [balance] to paybill - [paybill] using account number [account_number]',1,'2025-08-03 19:10:09','2025-08-03 19:10:09',NULL),(7,0,7,'Hello [name], we are excited to have you on board! Your subscription to [internet_plan] is now active. If you have any questions, feel free to contact us. Thank you',1,'2025-08-03 19:10:09','2025-08-03 19:10:09',NULL),(8,0,8,'Hello [name], we are excited to have you on board! Your subscription to [internet_plan] is now active. If you have any questions, feel free to contact us.',1,'2025-08-03 19:10:09','2025-08-03 19:10:09',NULL),(9,0,9,'Dear [name], your request to change your plan to [internet_plan] has been processed successfully. Your new plan is now active. Contact us if you need assistance.',1,'2025-08-03 19:10:09','2025-08-03 19:10:09',NULL),(10,0,10,'Dear [name], we will be performing maintenance on 1st Jan 2025 from 09:30am to 11:30am. Service may be temporarily affected. Thank you for your patience.',1,'2025-08-03 19:10:09','2025-08-03 19:10:09',NULL),(11,0,11,'Dear [name], we are aware of an ongoing service disruption in your area. Our team is investigating and will restore service as soon as possible.',1,'2025-08-03 19:10:09','2025-08-03 19:10:09',NULL),(12,0,12,'Greetings, thank you for purchasing [plan] plan worthy [amount]. Please use [username] as the username and [password] as your password to reconnect yourself. Your subscription expires at [expiry_date].',1,'2025-08-03 19:10:09','2025-08-03 19:10:09',NULL);

--
-- Table structure for table `company_sms_usages`
--

CREATE TABLE `company_sms_usages` (
  `id` bigint unsigned NOT NULL AUTO_INCREMENT,
  `company_id` bigint unsigned NOT NULL,
  `sms_units` int NOT NULL,
  `created_at` timestamp NULL DEFAULT NULL,
  `updated_at` timestamp NULL DEFAULT NULL,
  `deleted_at` timestamp NULL DEFAULT NULL,
  PRIMARY KEY (`id`),
  KEY `company_sms_usages_company_id_foreign` (`company_id`),
  CONSTRAINT `company_sms_usages_company_id_foreign` FOREIGN KEY (`company_id`) REFERENCES `companies` (`id`) ON DELETE CASCADE
) ENGINE=InnoDB DEFAULT CHARSET=utf8mb4 COLLATE=utf8mb4_unicode_ci;

--
-- Dumping data for table `company_sms_usages`
--


--
-- Table structure for table `company_static_pages`
--

CREATE TABLE `company_static_pages` (
  `id` bigint unsigned NOT NULL AUTO_INCREMENT,
  `created_at` timestamp NULL DEFAULT NULL,
  `updated_at` timestamp NULL DEFAULT NULL,
  PRIMARY KEY (`id`)
) ENGINE=InnoDB DEFAULT CHARSET=utf8mb4 COLLATE=utf8mb4_unicode_ci;

--
-- Dumping data for table `company_static_pages`
--


--
-- Table structure for table `company_users`
--

CREATE TABLE `company_users` (
  `id` bigint unsigned NOT NULL AUTO_INCREMENT,
  `company_id` bigint unsigned NOT NULL,
  `user_id` bigint unsigned NOT NULL,
  `status` int NOT NULL DEFAULT '1' COMMENT '0=inactive, 1=active',
  `created_at` timestamp NULL DEFAULT NULL,
  `updated_at` timestamp NULL DEFAULT NULL,
  `deleted_at` timestamp NULL DEFAULT NULL,
  PRIMARY KEY (`id`),
  KEY `company_users_company_id_foreign` (`company_id`),
  KEY `company_users_user_id_foreign` (`user_id`),
  CONSTRAINT `company_users_company_id_foreign` FOREIGN KEY (`company_id`) REFERENCES `companies` (`id`) ON DELETE CASCADE,
  CONSTRAINT `company_users_user_id_foreign` FOREIGN KEY (`user_id`) REFERENCES `users` (`id`) ON DELETE CASCADE
) ENGINE=InnoDB AUTO_INCREMENT=9 DEFAULT CHARSET=utf8mb4 COLLATE=utf8mb4_unicode_ci;

--
-- Dumping data for table `company_users`
--

INSERT INTO `company_users` VALUES (7,7,14,1,'2025-08-05 15:16:01','2025-08-05 15:16:01',NULL),(8,8,15,1,'2025-08-05 16:56:56','2025-08-05 16:56:56',NULL);

--
-- Table structure for table `company_whatsapp_scans`
--

CREATE TABLE `company_whatsapp_scans` (
  `id` bigint unsigned NOT NULL AUTO_INCREMENT,
  `company_id` int DEFAULT NULL,
  `phone` varchar(191) COLLATE utf8mb4_unicode_ci NOT NULL,
  `created_at` timestamp NULL DEFAULT NULL,
  `updated_at` timestamp NULL DEFAULT NULL,
  `deleted_at` timestamp NULL DEFAULT NULL,
  PRIMARY KEY (`id`)
) ENGINE=InnoDB DEFAULT CHARSET=utf8mb4 COLLATE=utf8mb4_unicode_ci;

--
-- Dumping data for table `company_whatsapp_scans`
--


--
-- Table structure for table `customers`
--

CREATE TABLE `customers` (
  `id` bigint unsigned NOT NULL AUTO_INCREMENT,
  `phone` varchar(191) COLLATE utf8mb4_unicode_ci DEFAULT NULL,
  `first_name` varchar(191) COLLATE utf8mb4_unicode_ci DEFAULT NULL,
  `last_name` varchar(191) COLLATE utf8mb4_unicode_ci DEFAULT NULL,
  `email` varchar(191) COLLATE utf8mb4_unicode_ci DEFAULT NULL,
  `status` int NOT NULL DEFAULT '0' COMMENT '0=pending, 1=sent',
  `created_at` timestamp NULL DEFAULT NULL,
  `updated_at` timestamp NULL DEFAULT NULL,
  `deleted_at` timestamp NULL DEFAULT NULL,
  PRIMARY KEY (`id`)
) ENGINE=InnoDB DEFAULT CHARSET=utf8mb4 COLLATE=utf8mb4_unicode_ci;

--
-- Dumping data for table `customers`
--


--
-- Table structure for table `director_share_incomes`
--

CREATE TABLE `director_share_incomes` (
  `id` bigint unsigned NOT NULL AUTO_INCREMENT,
  `director_share_id` bigint unsigned NOT NULL,
  `grouped_transaction_id` bigint unsigned NOT NULL,
  `percentage_amount` decimal(8,2) NOT NULL DEFAULT '0.00',
  `amount` decimal(8,2) NOT NULL DEFAULT '0.00',
  `settled_status` int NOT NULL DEFAULT '0' COMMENT '0=pending, 1=sent',
  `created_at` timestamp NULL DEFAULT NULL,
  `updated_at` timestamp NULL DEFAULT NULL,
  `deleted_at` timestamp NULL DEFAULT NULL,
  PRIMARY KEY (`id`),
  KEY `director_share_incomes_director_share_id_foreign` (`director_share_id`),
  KEY `director_share_incomes_grouped_transaction_id_foreign` (`grouped_transaction_id`),
  CONSTRAINT `director_share_incomes_director_share_id_foreign` FOREIGN KEY (`director_share_id`) REFERENCES `director_shares` (`id`) ON DELETE CASCADE,
  CONSTRAINT `director_share_incomes_grouped_transaction_id_foreign` FOREIGN KEY (`grouped_transaction_id`) REFERENCES `grouped_transactions` (`id`) ON DELETE CASCADE
) ENGINE=InnoDB DEFAULT CHARSET=utf8mb4 COLLATE=utf8mb4_unicode_ci;

--
-- Dumping data for table `director_share_incomes`
--


--
-- Table structure for table `director_share_payment_accounts`
--

CREATE TABLE `director_share_payment_accounts` (
  `id` bigint unsigned NOT NULL AUTO_INCREMENT,
  `ref_no` varchar(191) COLLATE utf8mb4_unicode_ci NOT NULL,
  `director_share_id` bigint unsigned NOT NULL,
  `payment_method_id` bigint unsigned NOT NULL,
  `bank_id` bigint unsigned DEFAULT NULL,
  `phone_account_number` varchar(191) COLLATE utf8mb4_unicode_ci DEFAULT NULL,
  `status` int NOT NULL DEFAULT '1' COMMENT '0=inactive, 1=active',
  `created_at` timestamp NULL DEFAULT NULL,
  `updated_at` timestamp NULL DEFAULT NULL,
  `deleted_at` timestamp NULL DEFAULT NULL,
  PRIMARY KEY (`id`),
  KEY `director_share_payment_accounts_director_share_id_foreign` (`director_share_id`),
  KEY `director_share_payment_accounts_payment_method_id_foreign` (`payment_method_id`),
  KEY `director_share_payment_accounts_bank_id_foreign` (`bank_id`),
  CONSTRAINT `director_share_payment_accounts_bank_id_foreign` FOREIGN KEY (`bank_id`) REFERENCES `banks` (`id`) ON DELETE CASCADE,
  CONSTRAINT `director_share_payment_accounts_director_share_id_foreign` FOREIGN KEY (`director_share_id`) REFERENCES `director_shares` (`id`) ON DELETE CASCADE,
  CONSTRAINT `director_share_payment_accounts_payment_method_id_foreign` FOREIGN KEY (`payment_method_id`) REFERENCES `payment_methods` (`id`) ON DELETE CASCADE
) ENGINE=InnoDB DEFAULT CHARSET=utf8mb4 COLLATE=utf8mb4_unicode_ci;

--
-- Dumping data for table `director_share_payment_accounts`
--


--
-- Table structure for table `director_shares`
--

CREATE TABLE `director_shares` (
  `id` bigint unsigned NOT NULL AUTO_INCREMENT,
  `ref_no` varchar(191) COLLATE utf8mb4_unicode_ci NOT NULL,
  `names` varchar(191) COLLATE utf8mb4_unicode_ci NOT NULL,
  `phone` varchar(191) COLLATE utf8mb4_unicode_ci DEFAULT NULL,
  `email` varchar(191) COLLATE utf8mb4_unicode_ci DEFAULT NULL,
  `percentage_amount` decimal(8,2) NOT NULL DEFAULT '0.00',
  `status` int NOT NULL DEFAULT '1',
  `created_at` timestamp NULL DEFAULT NULL,
  `updated_at` timestamp NULL DEFAULT NULL,
  `deleted_at` timestamp NULL DEFAULT NULL,
  PRIMARY KEY (`id`)
) ENGINE=InnoDB AUTO_INCREMENT=4 DEFAULT CHARSET=utf8mb4 COLLATE=utf8mb4_unicode_ci;

--
-- Dumping data for table `director_shares`
--

INSERT INTO `director_shares` VALUES (1,'DS001','Jared Maera','+254716100572','maerajared12@gmail.com',50.00,1,'2025-08-03 19:10:08','2025-08-03 19:10:08',NULL),(2,'DS002','Dennis Bogonko','+254720579706','bogonkomokaya92@gmail.com',30.00,1,'2025-08-03 19:10:08','2025-08-03 19:10:08',NULL),(3,'DS003','Jaem Net','0716327828','info@jaemnet.com',20.00,1,'2025-08-03 19:10:08','2025-08-03 19:10:08',NULL);

--
-- Table structure for table `escrow_transactions`
--

CREATE TABLE `escrow_transactions` (
  `id` bigint unsigned NOT NULL AUTO_INCREMENT,
  `ref_no` varchar(191) COLLATE utf8mb4_unicode_ci NOT NULL,
  `company_id` int DEFAULT NULL,
  `company_router_id` int DEFAULT NULL,
  `payment_mode_id` bigint unsigned NOT NULL,
  `phone_used` varchar(191) COLLATE utf8mb4_unicode_ci DEFAULT NULL,
  `transaction_code` varchar(191) COLLATE utf8mb4_unicode_ci DEFAULT NULL,
  `amount` decimal(8,2) NOT NULL DEFAULT '0.00',
  `checkout_id` varchar(191) COLLATE utf8mb4_unicode_ci DEFAULT NULL,
  `account_number` varchar(191) COLLATE utf8mb4_unicode_ci DEFAULT NULL,
  `created_at` timestamp NULL DEFAULT NULL,
  `updated_at` timestamp NULL DEFAULT NULL,
  `deleted_at` timestamp NULL DEFAULT NULL,
  PRIMARY KEY (`id`),
  KEY `escrow_transactions_payment_mode_id_foreign` (`payment_mode_id`),
  CONSTRAINT `escrow_transactions_payment_mode_id_foreign` FOREIGN KEY (`payment_mode_id`) REFERENCES `payment_modes` (`id`) ON DELETE CASCADE
) ENGINE=InnoDB DEFAULT CHARSET=utf8mb4 COLLATE=utf8mb4_unicode_ci;

--
-- Dumping data for table `escrow_transactions`
--


--
-- Table structure for table `expenses`
--

CREATE TABLE `expenses` (
  `id` bigint unsigned NOT NULL AUTO_INCREMENT,
  `ref_no` varchar(191) COLLATE utf8mb4_unicode_ci NOT NULL,
  `description` longtext COLLATE utf8mb4_unicode_ci NOT NULL,
  `amount` decimal(8,2) NOT NULL DEFAULT '0.00',
  `created_at` timestamp NULL DEFAULT NULL,
  `updated_at` timestamp NULL DEFAULT NULL,
  `deleted_at` timestamp NULL DEFAULT NULL,
  PRIMARY KEY (`id`)
) ENGINE=InnoDB DEFAULT CHARSET=utf8mb4 COLLATE=utf8mb4_unicode_ci;

--
-- Dumping data for table `expenses`
--


--
-- Table structure for table `failed_jobs`
--

CREATE TABLE `failed_jobs` (
  `id` bigint unsigned NOT NULL AUTO_INCREMENT,
  `uuid` varchar(191) COLLATE utf8mb4_unicode_ci NOT NULL,
  `connection` text COLLATE utf8mb4_unicode_ci NOT NULL,
  `queue` text COLLATE utf8mb4_unicode_ci NOT NULL,
  `payload` longtext COLLATE utf8mb4_unicode_ci NOT NULL,
  `exception` longtext COLLATE utf8mb4_unicode_ci NOT NULL,
  `failed_at` timestamp NOT NULL DEFAULT CURRENT_TIMESTAMP,
  PRIMARY KEY (`id`),
  UNIQUE KEY `failed_jobs_uuid_unique` (`uuid`)
) ENGINE=InnoDB DEFAULT CHARSET=utf8mb4 COLLATE=utf8mb4_unicode_ci;

--
-- Dumping data for table `failed_jobs`
--


--
-- Table structure for table `failed_transactions`
--

CREATE TABLE `failed_transactions` (
  `id` bigint unsigned NOT NULL AUTO_INCREMENT,
  `payment_mode_id` bigint unsigned NOT NULL,
  `checkout_id` varchar(191) COLLATE utf8mb4_unicode_ci NOT NULL,
  `description` longtext COLLATE utf8mb4_unicode_ci NOT NULL,
  `created_at` timestamp NULL DEFAULT NULL,
  `updated_at` timestamp NULL DEFAULT NULL,
  PRIMARY KEY (`id`),
  KEY `failed_transactions_payment_mode_id_foreign` (`payment_mode_id`),
  CONSTRAINT `failed_transactions_payment_mode_id_foreign` FOREIGN KEY (`payment_mode_id`) REFERENCES `payment_modes` (`id`) ON DELETE CASCADE
) ENGINE=InnoDB DEFAULT CHARSET=utf8mb4 COLLATE=utf8mb4_unicode_ci;

--
-- Dumping data for table `failed_transactions`
--


--
-- Table structure for table `grouped_transactions`
--

CREATE TABLE `grouped_transactions` (
  `id` bigint unsigned NOT NULL AUTO_INCREMENT,
  `ref_no` varchar(191) COLLATE utf8mb4_unicode_ci NOT NULL,
  `transaction_type` int NOT NULL DEFAULT '1' COMMENT '1=invoice, 2=sms',
  `unit_sms_price` decimal(8,2) NOT NULL DEFAULT '0.00',
  `provider_sms_price` decimal(8,2) NOT NULL DEFAULT '0.00',
  `company_id` bigint unsigned NOT NULL,
  `company_router_id` int DEFAULT NULL,
  `user_id` int DEFAULT NULL,
  `payment_mode_id` bigint unsigned NOT NULL,
  `phone_used` varchar(191) COLLATE utf8mb4_unicode_ci DEFAULT NULL,
  `transaction_code` varchar(191) COLLATE utf8mb4_unicode_ci DEFAULT NULL,
  `amount` decimal(8,2) NOT NULL DEFAULT '0.00',
  `checkout_id` varchar(191) COLLATE utf8mb4_unicode_ci DEFAULT NULL,
  `account_number` varchar(191) COLLATE utf8mb4_unicode_ci DEFAULT NULL,
  `created_at` timestamp NULL DEFAULT NULL,
  `updated_at` timestamp NULL DEFAULT NULL,
  `deleted_at` timestamp NULL DEFAULT NULL,
  PRIMARY KEY (`id`),
  KEY `grouped_transactions_company_id_foreign` (`company_id`),
  KEY `grouped_transactions_payment_mode_id_foreign` (`payment_mode_id`),
  CONSTRAINT `grouped_transactions_company_id_foreign` FOREIGN KEY (`company_id`) REFERENCES `companies` (`id`) ON DELETE CASCADE,
  CONSTRAINT `grouped_transactions_payment_mode_id_foreign` FOREIGN KEY (`payment_mode_id`) REFERENCES `payment_modes` (`id`) ON DELETE CASCADE
) ENGINE=InnoDB DEFAULT CHARSET=utf8mb4 COLLATE=utf8mb4_unicode_ci;

--
-- Dumping data for table `grouped_transactions`
--


--
-- Table structure for table `ip_prefix_lengths`
--

CREATE TABLE `ip_prefix_lengths` (
  `id` bigint unsigned NOT NULL AUTO_INCREMENT,
  `name` varchar(191) COLLATE utf8mb4_unicode_ci NOT NULL,
  `prefix` varchar(191) COLLATE utf8mb4_unicode_ci NOT NULL,
  `created_at` timestamp NULL DEFAULT NULL,
  `updated_at` timestamp NULL DEFAULT NULL,
  `deleted_at` timestamp NULL DEFAULT NULL,
  PRIMARY KEY (`id`)
) ENGINE=InnoDB AUTO_INCREMENT=9 DEFAULT CHARSET=utf8mb4 COLLATE=utf8mb4_unicode_ci;

--
-- Dumping data for table `ip_prefix_lengths`
--

INSERT INTO `ip_prefix_lengths` VALUES (1,'8 (16,777,214 IPs)','8','2025-08-03 19:10:09','2025-08-03 19:10:09',NULL),(2,'12 (1,048,574 IPs)','12','2025-08-03 19:10:09','2025-08-03 19:10:09',NULL),(3,'16 (65,534 IPs)','16','2025-08-03 19:10:09','2025-08-03 19:10:09',NULL),(4,'20 (4,094 IPs)','20','2025-08-03 19:10:09','2025-08-03 19:10:09',NULL),(5,'24 (254 IPs)','24','2025-08-03 19:10:09','2025-08-03 19:10:09',NULL),(6,'28 (14 IPs)','28','2025-08-03 19:10:09','2025-08-03 19:10:09',NULL),(7,'30 (2 IPs)','30','2025-08-03 19:10:09','2025-08-03 19:10:09',NULL),(8,'32 (1 IP)','32','2025-08-03 19:10:09','2025-08-03 19:10:09',NULL);

--
-- Table structure for table `job_batches`
--

CREATE TABLE `job_batches` (
  `id` varchar(191) COLLATE utf8mb4_unicode_ci NOT NULL,
  `name` varchar(191) COLLATE utf8mb4_unicode_ci NOT NULL,
  `total_jobs` int NOT NULL,
  `pending_jobs` int NOT NULL,
  `failed_jobs` int NOT NULL,
  `failed_job_ids` longtext COLLATE utf8mb4_unicode_ci NOT NULL,
  `options` mediumtext COLLATE utf8mb4_unicode_ci,
  `cancelled_at` int DEFAULT NULL,
  `created_at` int NOT NULL,
  `finished_at` int DEFAULT NULL,
  PRIMARY KEY (`id`)
) ENGINE=InnoDB DEFAULT CHARSET=utf8mb4 COLLATE=utf8mb4_unicode_ci;

--
-- Dumping data for table `job_batches`
--


--
-- Table structure for table `jobs`
--

CREATE TABLE `jobs` (
  `id` bigint unsigned NOT NULL AUTO_INCREMENT,
  `queue` varchar(191) COLLATE utf8mb4_unicode_ci NOT NULL,
  `payload` longtext COLLATE utf8mb4_unicode_ci NOT NULL,
  `attempts` tinyint unsigned NOT NULL,
  `reserved_at` int unsigned DEFAULT NULL,
  `available_at` int unsigned NOT NULL,
  `created_at` int unsigned NOT NULL,
  PRIMARY KEY (`id`),
  KEY `jobs_queue_index` (`queue`)
) ENGINE=InnoDB DEFAULT CHARSET=utf8mb4 COLLATE=utf8mb4_unicode_ci;

--
-- Dumping data for table `jobs`
--


--
-- Table structure for table `message_modes`
--

CREATE TABLE `message_modes` (
  `id` bigint unsigned NOT NULL AUTO_INCREMENT,
  `name` varchar(191) COLLATE utf8mb4_unicode_ci NOT NULL,
  `status` int NOT NULL DEFAULT '1' COMMENT '0=inactive, 1=active',
  `created_at` timestamp NULL DEFAULT NULL,
  `updated_at` timestamp NULL DEFAULT NULL,
  `deleted_at` timestamp NULL DEFAULT NULL,
  PRIMARY KEY (`id`)
) ENGINE=InnoDB AUTO_INCREMENT=4 DEFAULT CHARSET=utf8mb4 COLLATE=utf8mb4_unicode_ci;

--
-- Dumping data for table `message_modes`
--

INSERT INTO `message_modes` VALUES (1,'SMS',1,'2025-08-03 19:10:04','2025-08-03 19:10:04',NULL),(2,'Email',1,'2025-08-03 19:10:04','2025-08-03 19:10:04',NULL),(3,'WhatsApp',1,'2025-08-03 19:10:04','2025-08-03 19:10:04',NULL);

--
-- Table structure for table `migrations`
--

CREATE TABLE `migrations` (
  `id` int unsigned NOT NULL AUTO_INCREMENT,
  `migration` varchar(191) COLLATE utf8mb4_unicode_ci NOT NULL,
  `batch` int NOT NULL,
  PRIMARY KEY (`id`)
) ENGINE=InnoDB AUTO_INCREMENT=78 DEFAULT CHARSET=utf8mb4 COLLATE=utf8mb4_unicode_ci;

--
-- Dumping data for table `migrations`
--

INSERT INTO `migrations` VALUES (1,'0001_01_01_000000_create_users_table',1),(2,'0001_01_01_000001_create_cache_table',1),(3,'0001_01_01_000002_create_jobs_table',1),(4,'2024_12_31_100452_create_permission_tables',1),(5,'2024_12_31_100952_create_companies_table',1),(6,'2024_12_31_100953_create_payment_types_table',1),(7,'2024_12_31_100954_create_transaction_frequencies_table',1),(8,'2024_12_31_101150_create_company_users_table',1),(9,'2024_12_31_101616_create_service_plans_table',1),(10,'2024_12_31_101618_create_plan_validity_types_table',1),(11,'2024_12_31_101619_create_company_routers_table',1),(12,'2024_12_31_101857_create_company_ip_pools_table',1),(13,'2024_12_31_101858_create_company_service_plans_table',1),(14,'2024_12_31_174557_create_user_verification_codes_table',1),(15,'2024_12_31_181637_create_notifications_table',1),(16,'2024_12_31_213650_create_message_modes_table',1),(17,'2024_12_31_221743_create_sms_providers_table',1),(18,'2024_12_31_221919_create_sms_requirements_table',1),(19,'2024_12_31_221940_create_sms_provider_requirements_table',1),(20,'2024_12_31_221957_create_company_sms_providers_table',1),(21,'2024_12_31_222005_create_company_sms_provider_entities_table',1),(22,'2025_01_01_122817_create_company_email_configurations_table',1),(23,'2025_01_01_173315_create_company_customers_table',1),(24,'2025_01_02_125417_create_company_prepaid_vouchers_table',1),(25,'2025_01_03_162401_create_company_prepaid_users_table',1),(26,'2025_01_03_162402_create_payment_modes_table',1),(27,'2025_01_03_163433_create_company_grouped_transactions_table',1),(28,'2025_01_08_121255_create_company_bulk_messages_table',1),(29,'2025_01_08_213530_create_banks_table',1),(30,'2025_01_08_213531_create_payment_methods_table',1),(31,'2025_01_08_213816_create_company_payment_accounts_table',1),(32,'2025_01_21_025009_create_company_static_pages_table',1),(33,'2025_01_22_020910_create_personal_access_tokens_table',1),(34,'2025_01_22_021305_create_failed_transactions_table',1),(35,'2025_01_22_022710_create_company_customer_service_plans_table',1),(36,'2025_01_22_151114_create_company_customer_invoices_table',1),(37,'2025_01_22_151543_create_company_customer_invoice_payments_table',1),(38,'2025_01_22_230339_create_grouped_transactions_table',1),(39,'2025_01_22_233047_create_company_router_invoices_table',1),(40,'2025_01_22_233054_create_company_router_invoice_payments_table',1),(41,'2025_01_24_174649_create_company_customer_service_plan_previous_debt_payments_table',1),(42,'2025_01_27_232712_create_company_referrals_table',1),(43,'2025_01_28_001754_create_company_referral_payments_table',1),(44,'2025_02_04_180817_create_company_escrow_transactions_table',1),(45,'2025_02_12_105715_create_paid_users_table',1),(46,'2025_02_16_144236_create_company_sms_table',1),(47,'2025_02_16_144254_create_company_sms_usages_table',1),(48,'2025_02_16_144918_create_expenses_table',1),(49,'2025_02_23_220746_create_customers_table',1),(50,'2025_02_24_231040_create_out_messages_table',1),(51,'2025_03_04_160220_create_company_router_interfaces_table',1),(52,'2025_03_08_213801_create_escrow_transactions_table',1),(53,'2025_03_08_213802_create_director_shares_table',1),(54,'2025_03_11_190100_create_outgoing_transactions_table',1),(55,'2025_03_13_115203_create_sms_template_types_table',1),(56,'2025_03_13_115729_create_company_sms_templates_table',1),(57,'2025_03_18_003524_create_company_customer_invoice_notify_rates_table',1),(58,'2025_03_20_010357_create_company_inventories_table',1),(59,'2025_03_20_124540_create_company_whatsapp_scans_table',1),(60,'2025_03_30_212850_create_potential_customers_table',1),(61,'2025_04_02_002642_create_paybill_transactions_table',1),(62,'2025_04_04_041618_create_director_share_incomes_table',1),(63,'2025_05_04_131513_create_b2b_outgoing_transaction_charges_table',1),(64,'2025_05_04_210449_create_outgoing_transaction_entities_table',1),(65,'2025_05_05_120828_create_temporary_grouped_transactions_table',1),(66,'2025_05_06_214708_create_b2c_outgoing_transaction_charges_table',1),(67,'2025_05_22_121943_create_tickets_table',1),(68,'2025_05_23_090344_create_ip_prefix_lengths_table',1),(69,'2025_05_25_122209_add_group_to_permissions_table',1),(70,'2025_06_02_232726_create_director_share_payment_accounts_table',1),(71,'2025_06_08_143800_create_company_router_customers_table',1),(72,'2025_07_04_013141_create_company_customer_service_plan_installation_items_table',1),(73,'2025_07_04_013148_create_company_customer_service_plan_installation_item_payments_table',1),(74,'2025_07_09_032524_create_client_to_be_disconnecteds_table',1),(77,'2025_08_01_223540_create_temporary_transaction_checks_table',2);

--
-- Table structure for table `model_has_permissions`
--

CREATE TABLE `model_has_permissions` (
  `permission_id` bigint unsigned NOT NULL,
  `model_type` varchar(191) COLLATE utf8mb4_unicode_ci NOT NULL,
  `model_id` bigint unsigned NOT NULL,
  PRIMARY KEY (`permission_id`,`model_id`,`model_type`),
  KEY `model_has_permissions_model_id_model_type_index` (`model_id`,`model_type`),
  CONSTRAINT `model_has_permissions_permission_id_foreign` FOREIGN KEY (`permission_id`) REFERENCES `permissions` (`id`) ON DELETE CASCADE
) ENGINE=InnoDB DEFAULT CHARSET=utf8mb4 COLLATE=utf8mb4_unicode_ci;

--
-- Dumping data for table `model_has_permissions`
--

INSERT INTO `model_has_permissions` VALUES (1,'App\\Models\\User',2),(1,'App\\Models\\User',3),(1,'App\\Models\\User',4),(1,'App\\Models\\User',5),(1,'App\\Models\\User',6),(1,'App\\Models\\User',7),(1,'App\\Models\\User',8),(1,'App\\Models\\User',9),(1,'App\\Models\\User',10),(1,'App\\Models\\User',11),(1,'App\\Models\\User',12),(1,'App\\Models\\User',13),(1,'App\\Models\\User',14),(1,'App\\Models\\User',15);

--
-- Table structure for table `model_has_roles`
--

CREATE TABLE `model_has_roles` (
  `role_id` bigint unsigned NOT NULL,
  `model_type` varchar(191) COLLATE utf8mb4_unicode_ci NOT NULL,
  `model_id` bigint unsigned NOT NULL,
  PRIMARY KEY (`role_id`,`model_id`,`model_type`),
  KEY `model_has_roles_model_id_model_type_index` (`model_id`,`model_type`),
  CONSTRAINT `model_has_roles_role_id_foreign` FOREIGN KEY (`role_id`) REFERENCES `roles` (`id`) ON DELETE CASCADE
) ENGINE=InnoDB DEFAULT CHARSET=utf8mb4 COLLATE=utf8mb4_unicode_ci;

--
-- Dumping data for table `model_has_roles`
--

INSERT INTO `model_has_roles` VALUES (1,'App\\Models\\User',1),(2,'App\\Models\\User',2),(2,'App\\Models\\User',3),(2,'App\\Models\\User',4),(2,'App\\Models\\User',5),(2,'App\\Models\\User',6),(2,'App\\Models\\User',7),(2,'App\\Models\\User',8),(2,'App\\Models\\User',9),(2,'App\\Models\\User',10),(2,'App\\Models\\User',11),(2,'App\\Models\\User',12),(2,'App\\Models\\User',13),(2,'App\\Models\\User',14),(2,'App\\Models\\User',15);

--
-- Table structure for table `notifications`
--

CREATE TABLE `notifications` (
  `id` bigint unsigned NOT NULL AUTO_INCREMENT,
  `company_id` int DEFAULT NULL,
  `user_id` int DEFAULT NULL,
  `title` varchar(191) COLLATE utf8mb4_unicode_ci NOT NULL,
  `content` longtext COLLATE utf8mb4_unicode_ci NOT NULL,
  `status` int NOT NULL DEFAULT '0' COMMENT '0=pending, 1=read',
  `created_at` timestamp NULL DEFAULT NULL,
  `updated_at` timestamp NULL DEFAULT NULL,
  PRIMARY KEY (`id`)
) ENGINE=InnoDB AUTO_INCREMENT=13 DEFAULT CHARSET=utf8mb4 COLLATE=utf8mb4_unicode_ci;

--
-- Dumping data for table `notifications`
--

INSERT INTO `notifications` VALUES (1,8,NULL,'Mikrotik Router Down','⚠️ Hi Erick, your mikrotik router - Ngoni Net 1 is offline. Please check it out.',1,'2025-08-07 20:32:05','2025-08-08 07:11:11'),(2,7,NULL,'Mikrotik Router Down','⚠️ Hi Ben, your mikrotik router - Router1 is offline. Please check it out.',0,'2025-08-08 09:12:05','2025-08-08 09:12:05'),(3,8,NULL,'Mikrotik Router Down','⚠️ Hi Erick, your mikrotik router - Ngoni Net 1 is offline. Please check it out.',1,'2025-08-08 12:03:07','2025-08-08 19:55:53'),(4,8,NULL,'Mikrotik Router Up','✅ Hi Erick, your mikrotik router - Ngoni Net 1 is back online.',1,'2025-08-08 12:19:06','2025-08-08 19:55:47'),(5,7,NULL,'Mikrotik Router Down','⚠️ Hi Ben, your mikrotik router - Router3 is offline. Please check it out.',0,'2025-08-08 23:24:10','2025-08-08 23:24:10'),(6,7,NULL,'Mikrotik Router Down','⚠️ Hi Ben, your mikrotik router - Router3 is offline. Please check it out.',0,'2025-08-09 02:52:09','2025-08-09 02:52:09'),(7,7,NULL,'Mikrotik Router Up','✅ Hi Ben, your mikrotik router - Router3 is back online.',0,'2025-08-09 02:56:05','2025-08-09 02:56:05'),(8,8,NULL,'Mikrotik Router Down','⚠️ Hi Erick, your mikrotik router - Ngoni Net 1 is offline. Please check it out.',0,'2025-08-09 05:32:07','2025-08-09 05:32:07'),(9,8,NULL,'Mikrotik Router Up','✅ Hi Erick, your mikrotik router - Ngoni Net 1 is back online.',0,'2025-08-09 05:36:05','2025-08-09 05:36:05'),(10,7,NULL,'Invoice Generated','Dear Ben, this is a notification that your billing system subscription has expired. Pay Ksh 20,000 using below link; https://heritagegroup.co.ke/renew-company-router-subscription/3 ',0,'2025-08-09 06:00:07','2025-08-09 06:00:07'),(11,7,NULL,'Mikrotik Router Down','⚠️ Hi Ben, your mikrotik router - Router3 is offline. Please check it out.',0,'2025-08-09 06:07:07','2025-08-09 06:07:07'),(12,7,NULL,'Mikrotik Router Up','✅ Hi Ben, your mikrotik router - Router3 is back online.',0,'2025-08-09 06:11:05','2025-08-09 06:11:05');

--
-- Table structure for table `out_messages`
--

CREATE TABLE `out_messages` (
  `id` bigint unsigned NOT NULL AUTO_INCREMENT,
  `message_mode_id` bigint unsigned NOT NULL,
  `phone` varchar(191) COLLATE utf8mb4_unicode_ci DEFAULT NULL,
  `email` varchar(191) COLLATE utf8mb4_unicode_ci DEFAULT NULL,
  `title` varchar(191) COLLATE utf8mb4_unicode_ci DEFAULT NULL,
  `content` longtext COLLATE utf8mb4_unicode_ci NOT NULL,
  `filename` varchar(191) COLLATE utf8mb4_unicode_ci DEFAULT NULL,
  `created_at` timestamp NULL DEFAULT NULL,
  `updated_at` timestamp NULL DEFAULT NULL,
  PRIMARY KEY (`id`),
  KEY `out_messages_message_mode_id_foreign` (`message_mode_id`),
  CONSTRAINT `out_messages_message_mode_id_foreign` FOREIGN KEY (`message_mode_id`) REFERENCES `message_modes` (`id`) ON DELETE CASCADE
) ENGINE=InnoDB DEFAULT CHARSET=utf8mb4 COLLATE=utf8mb4_unicode_ci;

--
-- Dumping data for table `out_messages`
--


--
-- Table structure for table `outgoing_transaction_entities`
--

CREATE TABLE `outgoing_transaction_entities` (
  `id` bigint unsigned NOT NULL AUTO_INCREMENT,
  `outgoing_transaction_id` int NOT NULL,
  `company_grouped_transaction_id` int NOT NULL,
  `amount` decimal(8,2) NOT NULL DEFAULT '0.00',
  `created_at` timestamp NULL DEFAULT NULL,
  `updated_at` timestamp NULL DEFAULT NULL,
  `deleted_at` timestamp NULL DEFAULT NULL,
  PRIMARY KEY (`id`)
) ENGINE=InnoDB AUTO_INCREMENT=5 DEFAULT CHARSET=utf8mb4 COLLATE=utf8mb4_unicode_ci;

--
-- Dumping data for table `outgoing_transaction_entities`
--

INSERT INTO `outgoing_transaction_entities` VALUES (1,1,3,210.00,'2025-08-05 19:03:36','2025-08-05 19:03:36',NULL),(2,2,4,210.00,'2025-08-06 20:02:48','2025-08-06 20:02:48',NULL),(3,3,5,1000.00,'2025-08-07 18:53:54','2025-08-07 18:53:54',NULL),(4,4,6,500.00,'2025-08-08 15:56:03','2025-08-08 15:56:03',NULL);

--
-- Table structure for table `outgoing_transactions`
--

CREATE TABLE `outgoing_transactions` (
  `id` bigint unsigned NOT NULL AUTO_INCREMENT,
  `ref_no` varchar(191) COLLATE utf8mb4_unicode_ci NOT NULL,
  `company_router_id` int DEFAULT NULL,
  `director_share_id` int DEFAULT NULL,
  `company_customer_invocie_id` int DEFAULT NULL,
  `user_id` int DEFAULT NULL,
  `transaction_code` varchar(191) COLLATE utf8mb4_unicode_ci NOT NULL,
  `amount` decimal(8,2) NOT NULL DEFAULT '0.00',
  `recipient` varchar(191) COLLATE utf8mb4_unicode_ci NOT NULL,
  `description` longtext COLLATE utf8mb4_unicode_ci,
  `checkout_id` varchar(191) COLLATE utf8mb4_unicode_ci DEFAULT NULL,
  `created_at` timestamp NULL DEFAULT NULL,
  `updated_at` timestamp NULL DEFAULT NULL,
  `deleted_at` timestamp NULL DEFAULT NULL,
  PRIMARY KEY (`id`)
) ENGINE=InnoDB AUTO_INCREMENT=5 DEFAULT CHARSET=utf8mb4 COLLATE=utf8mb4_unicode_ci;

--
-- Dumping data for table `outgoing_transactions`
--

INSERT INTO `outgoing_transactions` VALUES (1,'GA8S5U',2,NULL,NULL,NULL,'0964383972',210.00,'123456','Money sent to 123456 on account number 123456 ','514066','2025-08-05 19:03:36','2025-08-05 19:03:36',NULL),(2,'7YL9KT',2,NULL,NULL,NULL,'0964774233',210.00,'123456','Money sent to 123456 on account number 123456 ','151783','2025-08-06 20:02:48','2025-08-06 20:02:48',NULL),(3,'K9BH8E',2,NULL,NULL,NULL,'1307377571',1000.00,'123456','Money sent to 123456 on account number 123456 ','788624','2025-08-07 18:53:54','2025-08-07 18:53:54',NULL),(4,'8EPQ27',2,NULL,NULL,NULL,'1308639764',500.00,'123456','Money sent to 123456 on account number 123456 ','762516','2025-08-08 15:56:03','2025-08-08 15:56:03',NULL);

--
-- Table structure for table `paid_users`
--

CREATE TABLE `paid_users` (
  `id` bigint unsigned NOT NULL AUTO_INCREMENT,
  `company_router_id` bigint unsigned DEFAULT NULL,
  `company_grouped_transaction_id` int DEFAULT NULL,
  `mac_address` varchar(191) COLLATE utf8mb4_unicode_ci NOT NULL,
  `username` varchar(191) COLLATE utf8mb4_unicode_ci NOT NULL,
  `password` varchar(191) COLLATE utf8mb4_unicode_ci NOT NULL,
  `phone` varchar(191) COLLATE utf8mb4_unicode_ci DEFAULT NULL,
  `message` longtext COLLATE utf8mb4_unicode_ci,
  `created_at` timestamp NULL DEFAULT NULL,
  `updated_at` timestamp NULL DEFAULT NULL,
  PRIMARY KEY (`id`),
  KEY `paid_users_company_router_id_foreign` (`company_router_id`),
  CONSTRAINT `paid_users_company_router_id_foreign` FOREIGN KEY (`company_router_id`) REFERENCES `company_routers` (`id`) ON DELETE CASCADE
) ENGINE=InnoDB AUTO_INCREMENT=6 DEFAULT CHARSET=utf8mb4 COLLATE=utf8mb4_unicode_ci;

--
-- Dumping data for table `paid_users`
--


--
-- Table structure for table `password_reset_tokens`
--

CREATE TABLE `password_reset_tokens` (
  `email` varchar(191) COLLATE utf8mb4_unicode_ci NOT NULL,
  `token` varchar(191) COLLATE utf8mb4_unicode_ci NOT NULL,
  `created_at` timestamp NULL DEFAULT NULL,
  PRIMARY KEY (`email`)
) ENGINE=InnoDB DEFAULT CHARSET=utf8mb4 COLLATE=utf8mb4_unicode_ci;

--
-- Dumping data for table `password_reset_tokens`
--


--
-- Table structure for table `paybill_transactions`
--

CREATE TABLE `paybill_transactions` (
  `id` bigint unsigned NOT NULL AUTO_INCREMENT,
  `ref_no` varchar(191) COLLATE utf8mb4_unicode_ci NOT NULL,
  `payment_mode_id` bigint unsigned NOT NULL,
  `phone_used` varchar(191) COLLATE utf8mb4_unicode_ci DEFAULT NULL,
  `transaction_code` varchar(191) COLLATE utf8mb4_unicode_ci DEFAULT NULL,
  `amount` decimal(8,2) NOT NULL DEFAULT '0.00',
  `checkout_id` varchar(191) COLLATE utf8mb4_unicode_ci DEFAULT NULL,
  `account_number` varchar(191) COLLATE utf8mb4_unicode_ci DEFAULT NULL,
  `created_at` timestamp NULL DEFAULT NULL,
  `updated_at` timestamp NULL DEFAULT NULL,
  `deleted_at` timestamp NULL DEFAULT NULL,
  PRIMARY KEY (`id`),
  KEY `paybill_transactions_payment_mode_id_foreign` (`payment_mode_id`),
  CONSTRAINT `paybill_transactions_payment_mode_id_foreign` FOREIGN KEY (`payment_mode_id`) REFERENCES `payment_modes` (`id`) ON DELETE CASCADE
) ENGINE=InnoDB DEFAULT CHARSET=utf8mb4 COLLATE=utf8mb4_unicode_ci;

--
-- Dumping data for table `paybill_transactions`
--


--
-- Table structure for table `payment_methods`
--

CREATE TABLE `payment_methods` (
  `id` bigint unsigned NOT NULL AUTO_INCREMENT,
  `ref_no` varchar(191) COLLATE utf8mb4_unicode_ci NOT NULL,
  `name` varchar(191) COLLATE utf8mb4_unicode_ci NOT NULL,
  `status` int NOT NULL DEFAULT '1' COMMENT '0=inactive, 1=active',
  `created_at` timestamp NULL DEFAULT NULL,
  `updated_at` timestamp NULL DEFAULT NULL,
  `deleted_at` timestamp NULL DEFAULT NULL,
  PRIMARY KEY (`id`)
) ENGINE=InnoDB AUTO_INCREMENT=3 DEFAULT CHARSET=utf8mb4 COLLATE=utf8mb4_unicode_ci;

--
-- Dumping data for table `payment_methods`
--

INSERT INTO `payment_methods` VALUES (1,'0001','M-PESA',1,'2025-08-03 19:10:06','2025-08-03 19:10:06',NULL),(2,'0002','Bank',1,'2025-08-03 19:10:06','2025-08-03 19:10:06',NULL);

--
-- Table structure for table `payment_modes`
--

CREATE TABLE `payment_modes` (
  `id` bigint unsigned NOT NULL AUTO_INCREMENT,
  `ref_no` varchar(191) COLLATE utf8mb4_unicode_ci NOT NULL,
  `name` varchar(191) COLLATE utf8mb4_unicode_ci NOT NULL,
  `status` int NOT NULL DEFAULT '1' COMMENT '0=inactive, 1=active',
  `created_at` timestamp NULL DEFAULT NULL,
  `updated_at` timestamp NULL DEFAULT NULL,
  `deleted_at` timestamp NULL DEFAULT NULL,
  PRIMARY KEY (`id`)
) ENGINE=InnoDB AUTO_INCREMENT=4 DEFAULT CHARSET=utf8mb4 COLLATE=utf8mb4_unicode_ci;

--
-- Dumping data for table `payment_modes`
--

INSERT INTO `payment_modes` VALUES (1,'0001','M-PESA',1,'2025-08-03 19:10:05','2025-08-03 19:10:05',NULL),(2,'0002','M-PESA (Manually)',1,'2025-08-03 19:10:05','2025-08-03 19:10:05',NULL),(3,'0003','Cash',1,'2025-08-03 19:10:05','2025-08-03 19:10:05',NULL);

--
-- Table structure for table `payment_types`
--

CREATE TABLE `payment_types` (
  `id` bigint unsigned NOT NULL AUTO_INCREMENT,
  `name` varchar(191) COLLATE utf8mb4_unicode_ci NOT NULL,
  `created_at` timestamp NULL DEFAULT NULL,
  `updated_at` timestamp NULL DEFAULT NULL,
  `deleted_at` timestamp NULL DEFAULT NULL,
  PRIMARY KEY (`id`)
) ENGINE=InnoDB AUTO_INCREMENT=3 DEFAULT CHARSET=utf8mb4 COLLATE=utf8mb4_unicode_ci;

--
-- Dumping data for table `payment_types`
--

INSERT INTO `payment_types` VALUES (1,'Fixed Amount','2025-08-03 19:10:01','2025-08-03 19:10:01',NULL),(2,'Commission Based','2025-08-03 19:10:01','2025-08-03 19:10:01',NULL);

--
-- Table structure for table `permissions`
--

CREATE TABLE `permissions` (
  `id` bigint unsigned NOT NULL AUTO_INCREMENT,
  `name` varchar(191) COLLATE utf8mb4_unicode_ci NOT NULL,
  `group` varchar(191) COLLATE utf8mb4_unicode_ci DEFAULT NULL,
  `guard_name` varchar(191) COLLATE utf8mb4_unicode_ci NOT NULL,
  `created_at` timestamp NULL DEFAULT NULL,
  `updated_at` timestamp NULL DEFAULT NULL,
  PRIMARY KEY (`id`),
  UNIQUE KEY `permissions_name_guard_name_unique` (`name`,`guard_name`)
) ENGINE=InnoDB AUTO_INCREMENT=3 DEFAULT CHARSET=utf8mb4 COLLATE=utf8mb4_unicode_ci;

--
-- Dumping data for table `permissions`
--

INSERT INTO `permissions` VALUES (1,'Administer Company',NULL,'web','2025-08-03 19:10:01','2025-08-03 19:10:01'),(2,'Staff',NULL,'web','2025-08-03 19:10:01','2025-08-03 19:10:01');

--
-- Table structure for table `personal_access_tokens`
--

CREATE TABLE `personal_access_tokens` (
  `id` bigint unsigned NOT NULL AUTO_INCREMENT,
  `tokenable_type` varchar(191) COLLATE utf8mb4_unicode_ci NOT NULL,
  `tokenable_id` bigint unsigned NOT NULL,
  `name` varchar(191) COLLATE utf8mb4_unicode_ci NOT NULL,
  `token` varchar(64) COLLATE utf8mb4_unicode_ci NOT NULL,
  `abilities` text COLLATE utf8mb4_unicode_ci,
  `last_used_at` timestamp NULL DEFAULT NULL,
  `expires_at` timestamp NULL DEFAULT NULL,
  `created_at` timestamp NULL DEFAULT NULL,
  `updated_at` timestamp NULL DEFAULT NULL,
  PRIMARY KEY (`id`),
  UNIQUE KEY `personal_access_tokens_token_unique` (`token`),
  KEY `personal_access_tokens_tokenable_type_tokenable_id_index` (`tokenable_type`,`tokenable_id`)
) ENGINE=InnoDB DEFAULT CHARSET=utf8mb4 COLLATE=utf8mb4_unicode_ci;

--
-- Dumping data for table `personal_access_tokens`
--


--
-- Table structure for table `plan_validity_types`
--

CREATE TABLE `plan_validity_types` (
  `id` bigint unsigned NOT NULL AUTO_INCREMENT,
  `ref_no` varchar(191) COLLATE utf8mb4_unicode_ci NOT NULL,
  `name` varchar(191) COLLATE utf8mb4_unicode_ci NOT NULL,
  `entity` varchar(191) COLLATE utf8mb4_unicode_ci NOT NULL,
  `created_at` timestamp NULL DEFAULT NULL,
  `updated_at` timestamp NULL DEFAULT NULL,
  `deleted_at` timestamp NULL DEFAULT NULL,
  PRIMARY KEY (`id`)
) ENGINE=InnoDB AUTO_INCREMENT=4 DEFAULT CHARSET=utf8mb4 COLLATE=utf8mb4_unicode_ci;

--
-- Dumping data for table `plan_validity_types`
--

INSERT INTO `plan_validity_types` VALUES (1,'0001','Minutes','m','2025-08-03 19:10:02','2025-08-03 19:10:02',NULL),(2,'0002','Hours','h','2025-08-03 19:10:02','2025-08-03 19:10:02',NULL),(3,'0003','Days','d','2025-08-03 19:10:02','2025-08-03 19:10:02',NULL);

--
-- Table structure for table `potential_customers`
--

CREATE TABLE `potential_customers` (
  `id` bigint unsigned NOT NULL AUTO_INCREMENT,
  `company_id` int DEFAULT NULL,
  `names` varchar(191) COLLATE utf8mb4_unicode_ci DEFAULT NULL,
  `phone` varchar(191) COLLATE utf8mb4_unicode_ci NOT NULL,
  `description` longtext COLLATE utf8mb4_unicode_ci,
  `created_at` timestamp NULL DEFAULT NULL,
  `updated_at` timestamp NULL DEFAULT NULL,
  PRIMARY KEY (`id`)
) ENGINE=InnoDB DEFAULT CHARSET=utf8mb4 COLLATE=utf8mb4_unicode_ci;

--
-- Dumping data for table `potential_customers`
--


--
-- Table structure for table `role_has_permissions`
--

CREATE TABLE `role_has_permissions` (
  `permission_id` bigint unsigned NOT NULL,
  `role_id` bigint unsigned NOT NULL,
  PRIMARY KEY (`permission_id`,`role_id`),
  KEY `role_has_permissions_role_id_foreign` (`role_id`),
  CONSTRAINT `role_has_permissions_permission_id_foreign` FOREIGN KEY (`permission_id`) REFERENCES `permissions` (`id`) ON DELETE CASCADE,
  CONSTRAINT `role_has_permissions_role_id_foreign` FOREIGN KEY (`role_id`) REFERENCES `roles` (`id`) ON DELETE CASCADE
) ENGINE=InnoDB DEFAULT CHARSET=utf8mb4 COLLATE=utf8mb4_unicode_ci;

--
-- Dumping data for table `role_has_permissions`
--


--
-- Table structure for table `roles`
--

CREATE TABLE `roles` (
  `id` bigint unsigned NOT NULL AUTO_INCREMENT,
  `name` varchar(191) COLLATE utf8mb4_unicode_ci NOT NULL,
  `guard_name` varchar(191) COLLATE utf8mb4_unicode_ci NOT NULL,
  `created_at` timestamp NULL DEFAULT NULL,
  `updated_at` timestamp NULL DEFAULT NULL,
  PRIMARY KEY (`id`),
  UNIQUE KEY `roles_name_guard_name_unique` (`name`,`guard_name`)
) ENGINE=InnoDB AUTO_INCREMENT=4 DEFAULT CHARSET=utf8mb4 COLLATE=utf8mb4_unicode_ci;

--
-- Dumping data for table `roles`
--

INSERT INTO `roles` VALUES (1,'Administrator','web','2025-08-03 19:10:01','2025-08-03 19:10:01'),(2,'Client','web','2025-08-03 19:10:01','2025-08-03 19:10:01'),(3,'Referrer','web','2025-08-03 19:10:01','2025-08-03 19:10:01');

--
-- Table structure for table `service_plans`
--

CREATE TABLE `service_plans` (
  `id` bigint unsigned NOT NULL AUTO_INCREMENT,
  `ref_no` varchar(191) COLLATE utf8mb4_unicode_ci NOT NULL,
  `name` varchar(191) COLLATE utf8mb4_unicode_ci NOT NULL,
  `status` int NOT NULL DEFAULT '1' COMMENT '0=inactive, 1=active',
  `created_at` timestamp NULL DEFAULT NULL,
  `updated_at` timestamp NULL DEFAULT NULL,
  `deleted_at` timestamp NULL DEFAULT NULL,
  PRIMARY KEY (`id`)
) ENGINE=InnoDB AUTO_INCREMENT=4 DEFAULT CHARSET=utf8mb4 COLLATE=utf8mb4_unicode_ci;

--
-- Dumping data for table `service_plans`
--

INSERT INTO `service_plans` VALUES (1,'0001','Hotspot Plans',1,'2025-08-03 19:10:02','2025-08-03 19:10:02',NULL),(2,'0002','PPPoE Plans',1,'2025-08-03 19:10:02','2025-08-03 19:10:02',NULL),(3,'0003','Static Plans',1,'2025-08-03 19:10:02','2025-08-03 19:10:02',NULL);

--
-- Table structure for table `sessions`
--

CREATE TABLE `sessions` (
  `id` varchar(191) COLLATE utf8mb4_unicode_ci NOT NULL,
  `user_id` bigint unsigned DEFAULT NULL,
  `ip_address` varchar(45) COLLATE utf8mb4_unicode_ci DEFAULT NULL,
  `user_agent` text COLLATE utf8mb4_unicode_ci,
  `payload` longtext COLLATE utf8mb4_unicode_ci NOT NULL,
  `last_activity` int NOT NULL,
  PRIMARY KEY (`id`),
  KEY `sessions_user_id_index` (`user_id`),
  KEY `sessions_last_activity_index` (`last_activity`)
) ENGINE=InnoDB DEFAULT CHARSET=utf8mb4 COLLATE=utf8mb4_unicode_ci;

--
-- Dumping data for table `sessions`
--

INSERT INTO `sessions` VALUES ('0OJLT7XQSx79hz0yZbWXJdQjTZWdLyh2jPQ0L8pn',NULL,'223.199.190.106','Mozilla/5.0 (Windows NT 6.1) AppleWebKit/537.36 (KHTML, like Gecko) Chrome/49.0.2623.112 Safari/537.36','YTozOntzOjY6Il90b2tlbiI7czo0MDoiVjdwMHN4cHJFQnZZaU5OazhLVkh1Z0hPQnlWQnVLeHV4YktSWE1WTCI7czo5OiJfcHJldmlvdXMiO2E6MTp7czozOiJ1cmwiO3M6Mjc6Imh0dHBzOi8vaGVyaXRhZ2Vncm91cC5jby5rZSI7fXM6NjoiX2ZsYXNoIjthOjI6e3M6Mzoib2xkIjthOjA6e31zOjM6Im5ldyI7YTowOnt9fX0=',1754714742),('124bpfWXrl54eLKphUfhWAKNjcEfNVELe97Asnno',NULL,'145.239.161.191','Mozilla/5.0 (X11; Ubuntu; Linux x86_64; rv:115.0) Gecko/20100101 Chrome/115.0.0.0 Safari/537.36','YTozOntzOjY6Il90b2tlbiI7czo0MDoiUjhpM1FXVkVHWXJsODNiWnpZOTJndUJ2b0hHREZyM0llSlRyMUk3SiI7czo5OiJfcHJldmlvdXMiO2E6MTp7czozOiJ1cmwiO3M6Mjc6Imh0dHBzOi8vaGVyaXRhZ2Vncm91cC5jby5rZSI7fXM6NjoiX2ZsYXNoIjthOjI6e3M6Mzoib2xkIjthOjA6e31zOjM6Im5ldyI7YTowOnt9fX0=',1754728238),('16M9DYfJ3WrestWtY2OEl4kDfQ6542I2351ckf4N',NULL,'182.32.50.176','Mozilla/5.0 (Windows NT 6.1) AppleWebKit/537.36 (KHTML, like Gecko) Chrome/49.0.2623.112 Safari/537.36','YTozOntzOjY6Il90b2tlbiI7czo0MDoiYlo5NjR0U1gzWUJKeXdUcnZ1azQzVDNMeFo4NHRBZ3Zab3RIWDdvbCI7czo5OiJfcHJldmlvdXMiO2E6MTp7czozOiJ1cmwiO3M6MjY6Imh0dHA6Ly9oZXJpdGFnZWdyb3VwLmNvLmtlIjt9czo2OiJfZmxhc2giO2E6Mjp7czozOiJvbGQiO2E6MDp7fXM6MzoibmV3IjthOjA6e319fQ==',1754715093),('17GgjFf5cYsAJgALJ9igLfoNLb50kSXHFgT0sWvm',NULL,'124.31.106.252','Mozilla/5.0 (Windows NT 6.1) AppleWebKit/537.36 (KHTML, like Gecko) Chrome/49.0.2623.112 Safari/537.36','YTozOntzOjY6Il90b2tlbiI7czo0MDoia3FUa1BTZDd0YUxWVWdPTkdweE9BQjJ6OGw0R1dLZEhrWEhqWk9OZSI7czo5OiJfcHJldmlvdXMiO2E6MTp7czozOiJ1cmwiO3M6MjY6Imh0dHA6Ly9oZXJpdGFnZWdyb3VwLmNvLmtlIjt9czo2OiJfZmxhc2giO2E6Mjp7czozOiJvbGQiO2E6MDp7fXM6MzoibmV3IjthOjA6e319fQ==',1754715092),('1qGR600wbwHnnuFvxtEg2D4Rf0BNdibge8kXr5VJ',NULL,'220.167.233.148','Mozilla/5.0 (Windows NT 6.1) AppleWebKit/537.36 (KHTML, like Gecko) Chrome/49.0.2623.112 Safari/537.36','YTozOntzOjY6Il90b2tlbiI7czo0MDoiQU5zbUoyTUVhbEhNekJNOWZZVWN1VkJ6cjNIU1VXOVVsN3dlMk1lViI7czo5OiJfcHJldmlvdXMiO2E6MTp7czozOiJ1cmwiO3M6Mjc6Imh0dHBzOi8vaGVyaXRhZ2Vncm91cC5jby5rZSI7fXM6NjoiX2ZsYXNoIjthOjI6e3M6Mzoib2xkIjthOjA6e31zOjM6Im5ldyI7YTowOnt9fX0=',1754714973),('1tWuyf6pjV440SKGoPtbkGjlHvCgvwUtArOf0CAs',NULL,'153.0.43.106','Mozilla/5.0 (Windows NT 6.1) AppleWebKit/537.36 (KHTML, like Gecko) Chrome/49.0.2623.112 Safari/537.36','YTozOntzOjY6Il90b2tlbiI7czo0MDoiMmQ1WmNHYnA4aGo5cXNZaXE0YjRpV1VHTng3cGQ5Tm1abjVaNlZRcyI7czo5OiJfcHJldmlvdXMiO2E6MTp7czozOiJ1cmwiO3M6MzA6Imh0dHA6Ly93d3cuaGVyaXRhZ2Vncm91cC5jby5rZSI7fXM6NjoiX2ZsYXNoIjthOjI6e3M6Mzoib2xkIjthOjA6e31zOjM6Im5ldyI7YTowOnt9fX0=',1754714692),('1ZvVBP1UjZvuSVzBeGdmqkOQIq3wQKnayAtbYxKf',NULL,'183.185.110.180','Mozilla/5.0 (Windows NT 6.1) AppleWebKit/537.36 (KHTML, like Gecko) Chrome/49.0.2623.112 Safari/537.36','YTozOntzOjY6Il90b2tlbiI7czo0MDoiME04eWNsUk51OExobTFpN2hpYmlFV3pjTG94c3R1TE83Nk9Oa2dBVSI7czo5OiJfcHJldmlvdXMiO2E6MTp7czozOiJ1cmwiO3M6Mjc6Imh0dHBzOi8vaGVyaXRhZ2Vncm91cC5jby5rZSI7fXM6NjoiX2ZsYXNoIjthOjI6e3M6Mzoib2xkIjthOjA6e31zOjM6Im5ldyI7YTowOnt9fX0=',1754715087),('2Em8EityQJj0CLjBmrwuypiXixbyF7cabvGju0x9',NULL,'79.124.58.198','Mozilla/5.0 (Windows NT 10.0; Win64; x64) AppleWebKit/537.36 (KHTML, like Gecko) Chrome/78.0.3904.108 Safari/537.36','YTozOntzOjY6Il90b2tlbiI7czo0MDoibEpETHdxUnZnMWRqdzVNbHNJNmtHbkZqV0tMckhQQ3g0dXJmNlE3YSI7czo5OiJfcHJldmlvdXMiO2E6MTp7czozOiJ1cmwiO3M6NTI6Imh0dHBzOi8vMTYxLjk3LjE3NC4yMC8/WERFQlVHX1NFU1NJT05fU1RBUlQ9cGhwc3Rvcm0iO31zOjY6Il9mbGFzaCI7YToyOntzOjM6Im9sZCI7YTowOnt9czozOiJuZXciO2E6MDp7fX19',1754727555),('2PkbgjU8buTKIKH2HU7vMhwUXeCSbox4C21okqAD',NULL,'125.36.255.63','Mozilla/5.0 (Windows NT 6.1) AppleWebKit/537.36 (KHTML, like Gecko) Chrome/49.0.2623.112 Safari/537.36','YTozOntzOjY6Il90b2tlbiI7czo0MDoiUWgwYTNxSnM3MWJaUm4zZXN5c1pCellKMW5jOUV0Qzd5RVBzWHc2cSI7czo5OiJfcHJldmlvdXMiO2E6MTp7czozOiJ1cmwiO3M6MzA6Imh0dHA6Ly93d3cuaGVyaXRhZ2Vncm91cC5jby5rZSI7fXM6NjoiX2ZsYXNoIjthOjI6e3M6Mzoib2xkIjthOjA6e31zOjM6Im5ldyI7YTowOnt9fX0=',1754714612),('2VgCVl7Hoto5jHm2X49t7U8dG0yHDcfOIEgtllkJ',NULL,'58.59.246.70','Mozilla/5.0 (Windows NT 6.1) AppleWebKit/537.36 (KHTML, like Gecko) Chrome/49.0.2623.112 Safari/537.36','YTozOntzOjY6Il90b2tlbiI7czo0MDoiUzNVSHVJcVNOOXkyVGFtU1dWNlNNOWI3ZkJnMUd5emx4bXVpenZTTSI7czo5OiJfcHJldmlvdXMiO2E6MTp7czozOiJ1cmwiO3M6Mjc6Imh0dHBzOi8vaGVyaXRhZ2Vncm91cC5jby5rZSI7fXM6NjoiX2ZsYXNoIjthOjI6e3M6Mzoib2xkIjthOjA6e31zOjM6Im5ldyI7YTowOnt9fX0=',1754714923),('2wwywstJLRjdIReVv2qt5wakDoMvL74ilFZXROsS',NULL,'60.13.7.203','Mozilla/5.0 (Windows NT 6.1) AppleWebKit/537.36 (KHTML, like Gecko) Chrome/49.0.2623.112 Safari/537.36','YTozOntzOjY6Il90b2tlbiI7czo0MDoibzN3U2p1S0M1azVHSmZ6S01oRnhscjhkMEVNMm0yUDJwYmh0VExKSiI7czo5OiJfcHJldmlvdXMiO2E6MTp7czozOiJ1cmwiO3M6MzA6Imh0dHA6Ly93d3cuaGVyaXRhZ2Vncm91cC5jby5rZSI7fXM6NjoiX2ZsYXNoIjthOjI6e3M6Mzoib2xkIjthOjA6e31zOjM6Im5ldyI7YTowOnt9fX0=',1754714973),('3EU5YddyJ6qRVTKbNNMDeaLvJ4UlrpBZCCG38Yn7',NULL,'218.104.149.10','Mozilla/5.0 (Windows NT 6.1) AppleWebKit/537.36 (KHTML, like Gecko) Chrome/49.0.2623.112 Safari/537.36','YTozOntzOjY6Il90b2tlbiI7czo0MDoiaWRmVTZMYmRhUVBRT3Jham55NDV5YlRyN1NHb2VnVUEwbUozUFIydCI7czo5OiJfcHJldmlvdXMiO2E6MTp7czozOiJ1cmwiO3M6Mjc6Imh0dHBzOi8vaGVyaXRhZ2Vncm91cC5jby5rZSI7fXM6NjoiX2ZsYXNoIjthOjI6e3M6Mzoib2xkIjthOjA6e31zOjM6Im5ldyI7YTowOnt9fX0=',1754714973),('3TDWbR1RRYN1lZsG8tXzb1OHw7wNdXJAwmIhK0I5',NULL,'123.191.129.191','Mozilla/5.0 (Windows NT 6.1) AppleWebKit/537.36 (KHTML, like Gecko) Chrome/49.0.2623.112 Safari/537.36','YTozOntzOjY6Il90b2tlbiI7czo0MDoiNnFvWVVoaWN6czhtdGZOMXR2S0k5MjhpMTZOOWQ1QmZPV2F2NG5hRCI7czo5OiJfcHJldmlvdXMiO2E6MTp7czozOiJ1cmwiO3M6MjY6Imh0dHA6Ly9oZXJpdGFnZWdyb3VwLmNvLmtlIjt9czo2OiJfZmxhc2giO2E6Mjp7czozOiJvbGQiO2E6MDp7fXM6MzoibmV3IjthOjA6e319fQ==',1754715092),('3wsvd4fyHuIU09Awg7YCnCMuXczsgPprw3Jo5cdC',NULL,'182.32.50.93','Mozilla/5.0 (Windows NT 6.1) AppleWebKit/537.36 (KHTML, like Gecko) Chrome/49.0.2623.112 Safari/537.36','YTozOntzOjY6Il90b2tlbiI7czo0MDoiUWZBSFNUTURUbzNxRFF3VDlIOXJrazdEbVkwclNWM3VJd1FaaGd3MiI7czo5OiJfcHJldmlvdXMiO2E6MTp7czozOiJ1cmwiO3M6MjY6Imh0dHA6Ly9oZXJpdGFnZWdyb3VwLmNvLmtlIjt9czo2OiJfZmxhc2giO2E6Mjp7czozOiJvbGQiO2E6MDp7fXM6MzoibmV3IjthOjA6e319fQ==',1754714742),('54WDAfumRvAxwXwqXzED0AhCUyBQZdzT5BjLkHYh',NULL,'220.167.233.202','Mozilla/5.0 (Windows NT 6.1) AppleWebKit/537.36 (KHTML, like Gecko) Chrome/49.0.2623.112 Safari/537.36','YTozOntzOjY6Il90b2tlbiI7czo0MDoiVUluWUxnWjhOaDJCNU02T2c3dlpIMllWSGRXRllhd2hEdWNDdG1URSI7czo5OiJfcHJldmlvdXMiO2E6MTp7czozOiJ1cmwiO3M6MzA6Imh0dHA6Ly93d3cuaGVyaXRhZ2Vncm91cC5jby5rZSI7fXM6NjoiX2ZsYXNoIjthOjI6e3M6Mzoib2xkIjthOjA6e31zOjM6Im5ldyI7YTowOnt9fX0=',1754715101),('5AfPlmTKAqnjL26noBjoIfWLlIrHW579IRIGSclH',NULL,'121.225.149.40','Mozilla/5.0 (Windows NT 6.1) AppleWebKit/537.36 (KHTML, like Gecko) Chrome/49.0.2623.112 Safari/537.36','YTozOntzOjY6Il90b2tlbiI7czo0MDoiM0tmYWxhbEs5Nm9rNzNXQ1B0YUJyOFkzOWE1VVFBajh1MkJvSkFlVSI7czo5OiJfcHJldmlvdXMiO2E6MTp7czozOiJ1cmwiO3M6MjY6Imh0dHA6Ly9oZXJpdGFnZWdyb3VwLmNvLmtlIjt9czo2OiJfZmxhc2giO2E6Mjp7czozOiJvbGQiO2E6MDp7fXM6MzoibmV3IjthOjA6e319fQ==',1754714866),('5InahDBVayw4pThrN8WHUVPiVNieOl2hunZjWQwg',NULL,'124.90.55.26','Mozilla/5.0 (Windows NT 6.1) AppleWebKit/537.36 (KHTML, like Gecko) Chrome/49.0.2623.112 Safari/537.36','YTozOntzOjY6Il90b2tlbiI7czo0MDoiY3JrbzVpU1VyWHhkRFFES29ObTU5aGlSbDNnOGxUY3FEOXhwZjJhRiI7czo5OiJfcHJldmlvdXMiO2E6MTp7czozOiJ1cmwiO3M6Mjc6Imh0dHBzOi8vaGVyaXRhZ2Vncm91cC5jby5rZSI7fXM6NjoiX2ZsYXNoIjthOjI6e3M6Mzoib2xkIjthOjA6e31zOjM6Im5ldyI7YTowOnt9fX0=',1754714803),('5InY9VdHUY2EusCmA9t0n2clToz5FuN6O8fn3Cic',NULL,'111.224.221.57','Mozilla/5.0 (Windows NT 6.1) AppleWebKit/537.36 (KHTML, like Gecko) Chrome/49.0.2623.112 Safari/537.36','YTozOntzOjY6Il90b2tlbiI7czo0MDoiWHVmY1ZwUFdGbmhmNVA0U0JpMVlFd1JjejA0NGtydENRbUpVSUtlayI7czo5OiJfcHJldmlvdXMiO2E6MTp7czozOiJ1cmwiO3M6MjY6Imh0dHA6Ly9oZXJpdGFnZWdyb3VwLmNvLmtlIjt9czo2OiJfZmxhc2giO2E6Mjp7czozOiJvbGQiO2E6MDp7fXM6MzoibmV3IjthOjA6e319fQ==',1754715032),('5wyz0pni2a2DqtVxi5tGzWNd47eQju5OrKtJqyTH',NULL,'218.104.149.231','Mozilla/5.0 (Windows NT 6.1) AppleWebKit/537.36 (KHTML, like Gecko) Chrome/49.0.2623.112 Safari/537.36','YTozOntzOjY6Il90b2tlbiI7czo0MDoiZGJKSlJ0Z1lnSnMzVjR1bm1mbzN0ZWZSQUduUUkxelhwaUdpeW9paiI7czo5OiJfcHJldmlvdXMiO2E6MTp7czozOiJ1cmwiO3M6MjY6Imh0dHA6Ly9oZXJpdGFnZWdyb3VwLmNvLmtlIjt9czo2OiJfZmxhc2giO2E6Mjp7czozOiJvbGQiO2E6MDp7fXM6MzoibmV3IjthOjA6e319fQ==',1754715104),('5zKHZs6KTFeP65ywVdvO9fjk6SKSdUivcuz6Requ',NULL,'41.222.88.126','Mozilla/5.0 (Windows NT 10.0; Win64; x64; rv:141.0) Gecko/20100101 Firefox/141.0','YTozOntzOjY6Il90b2tlbiI7czo0MDoiNHdXYVVzNlpRRXVoT0d4SFNWOWZIY3ZNbEhibmZyNFo2OWsybkxyVCI7czo5OiJfcHJldmlvdXMiO2E6MTp7czozOiJ1cmwiO3M6NTM6Imh0dHBzOi8vaGVyaXRhZ2Vncm91cC5jby5rZS9jb21wYW55LXNtcy11bml0cy1iYWxhbmNlIjt9czo2OiJfZmxhc2giO2E6Mjp7czozOiJvbGQiO2E6MDp7fXM6MzoibmV3IjthOjA6e319fQ==',1754726395),('5ZnDQiiWm65KZhCDHFhchnyzBeLMVmLX4MAbk82T',NULL,'223.199.172.175','Mozilla/5.0 (Windows NT 6.1) AppleWebKit/537.36 (KHTML, like Gecko) Chrome/49.0.2623.112 Safari/537.36','YTozOntzOjY6Il90b2tlbiI7czo0MDoiNmVhZmcwNUdaWU52OTZDYjlCNTVibmR3ZnhHbDIzOWRYY0Z2M1FFNCI7czo5OiJfcHJldmlvdXMiO2E6MTp7czozOiJ1cmwiO3M6MzA6Imh0dHA6Ly93d3cuaGVyaXRhZ2Vncm91cC5jby5rZSI7fXM6NjoiX2ZsYXNoIjthOjI6e3M6Mzoib2xkIjthOjA6e31zOjM6Im5ldyI7YTowOnt9fX0=',1754714737),('616FxekreQnIl87R4LwyBn20Ghn4adlLpDbrXb4H',NULL,'156.146.48.214','Mozilla/5.0 (X11; Linux x86_64) AppleWebKit/537.36 (KHTML, like Gecko) Chrome/136.0.0.0 Safari/537.36','YTozOntzOjY6Il90b2tlbiI7czo0MDoiTHNTNHJuZTV4VTBCVk8xTW9tcDU1Z0FwRXE2Vm9iQURSMm55bTd1UiI7czo5OiJfcHJldmlvdXMiO2E6MTp7czozOiJ1cmwiO3M6Mjc6Imh0dHBzOi8vaGVyaXRhZ2Vncm91cC5jby5rZSI7fXM6NjoiX2ZsYXNoIjthOjI6e3M6Mzoib2xkIjthOjA6e31zOjM6Im5ldyI7YTowOnt9fX0=',1754731790),('6XQZz6HzP4eNtZrSJZFr4UTPsJllScXQ5OuDEQR1',NULL,'124.133.211.108','Mozilla/5.0 (Windows NT 6.1) AppleWebKit/537.36 (KHTML, like Gecko) Chrome/49.0.2623.112 Safari/537.36','YTozOntzOjY6Il90b2tlbiI7czo0MDoiUFFTbTdQZEdWZXVMMnkxMzZwbU5Mb3dPbVNLTm5NQjVQZDh5b01YdiI7czo5OiJfcHJldmlvdXMiO2E6MTp7czozOiJ1cmwiO3M6MjY6Imh0dHA6Ly9oZXJpdGFnZWdyb3VwLmNvLmtlIjt9czo2OiJfZmxhc2giO2E6Mjp7czozOiJvbGQiO2E6MDp7fXM6MzoibmV3IjthOjA6e319fQ==',1754715093),('71AbsfSFQXXNJlPcFgVSbO1r2ruu94jaPFyN8roD',NULL,'36.106.167.89','Mozilla/5.0 (Windows NT 6.1) AppleWebKit/537.36 (KHTML, like Gecko) Chrome/49.0.2623.112 Safari/537.36','YTozOntzOjY6Il90b2tlbiI7czo0MDoicXdFMkJPd0locWlkd0h2ZE15cldCVms1UXRaRWFtajdGTW1TTGNHeSI7czo5OiJfcHJldmlvdXMiO2E6MTp7czozOiJ1cmwiO3M6MjY6Imh0dHA6Ly9oZXJpdGFnZWdyb3VwLmNvLmtlIjt9czo2OiJfZmxhc2giO2E6Mjp7czozOiJvbGQiO2E6MDp7fXM6MzoibmV3IjthOjA6e319fQ==',1754715085),('7vlwWRS2NdyNvRvrHMHfI96VTUVrrZgL3T9p4e5L',NULL,'41.222.88.126','Mozilla/5.0 (Windows NT 10.0; Win64; x64; rv:141.0) Gecko/20100101 Firefox/141.0','YTozOntzOjY6Il90b2tlbiI7czo0MDoiWkMwZ21wMkxjdVVWSlJ4ekhJOUdjMENQVDc4V3QwbGtpV09sY3JjZCI7czo5OiJfcHJldmlvdXMiO2E6MTp7czozOiJ1cmwiO3M6NTM6Imh0dHBzOi8vaGVyaXRhZ2Vncm91cC5jby5rZS9jb21wYW55LXNtcy11bml0cy1iYWxhbmNlIjt9czo2OiJfZmxhc2giO2E6Mjp7czozOiJvbGQiO2E6MDp7fXM6MzoibmV3IjthOjA6e319fQ==',1754726027),('87FRKU2hPqQvlLwNPuaArqeZnrKxsSTyVLE1Oo09',NULL,'59.173.133.88','Mozilla/5.0 (Windows NT 6.1) AppleWebKit/537.36 (KHTML, like Gecko) Chrome/49.0.2623.112 Safari/537.36','YTozOntzOjY6Il90b2tlbiI7czo0MDoiaWVDTm45RWdCZDQ3ckFmZHRhSndoQmg3bEIxZ1lOSzVNQlpaWXM4eSI7czo5OiJfcHJldmlvdXMiO2E6MTp7czozOiJ1cmwiO3M6MjE6Imh0dHBzOi8vMTYxLjk3LjE3NC4yMCI7fXM6NjoiX2ZsYXNoIjthOjI6e3M6Mzoib2xkIjthOjA6e31zOjM6Im5ldyI7YTowOnt9fX0=',1754714727),('87jAQ0PAbVK2Sw57KktJkDiQoImcIeXnxu21wmXP',NULL,'59.52.103.60','Mozilla/5.0 (Windows NT 6.1) AppleWebKit/537.36 (KHTML, like Gecko) Chrome/49.0.2623.112 Safari/537.36','YTozOntzOjY6Il90b2tlbiI7czo0MDoieGlyNjJCNFMwZ2JDTjZ4SXA5YVliZENxM0E2SFBKNUZheE9kYzY5QSI7czo5OiJfcHJldmlvdXMiO2E6MTp7czozOiJ1cmwiO3M6MjY6Imh0dHA6Ly9oZXJpdGFnZWdyb3VwLmNvLmtlIjt9czo2OiJfZmxhc2giO2E6Mjp7czozOiJvbGQiO2E6MDp7fXM6MzoibmV3IjthOjA6e319fQ==',1754714858),('8lzCIK8rWKN1E9HvkFRzPwGyMlzzO0N1Gviw0Wl3',NULL,'124.31.106.225','Mozilla/5.0 (Windows NT 6.1) AppleWebKit/537.36 (KHTML, like Gecko) Chrome/49.0.2623.112 Safari/537.36','YTozOntzOjY6Il90b2tlbiI7czo0MDoiU3Q1QWVXcWdpcVhlMEQxa2ZZMDJoU0tWd2h6SnVwY3JpOFF2d3FCZSI7czo5OiJfcHJldmlvdXMiO2E6MTp7czozOiJ1cmwiO3M6Mjc6Imh0dHBzOi8vaGVyaXRhZ2Vncm91cC5jby5rZSI7fXM6NjoiX2ZsYXNoIjthOjI6e3M6Mzoib2xkIjthOjA6e31zOjM6Im5ldyI7YTowOnt9fX0=',1754715046),('8Ndd4U1gf9aZTIu3BmtD9fjH2rJ1GbxMIN0Cd1TE',NULL,'58.59.246.194','Mozilla/5.0 (Windows NT 6.1) AppleWebKit/537.36 (KHTML, like Gecko) Chrome/49.0.2623.112 Safari/537.36','YTozOntzOjY6Il90b2tlbiI7czo0MDoiSVZJOXJaM214SUdpZjBrN1dVMU8wVjdRNzJua29FcjVpb3AybmtkaSI7czo5OiJfcHJldmlvdXMiO2E6MTp7czozOiJ1cmwiO3M6Mjc6Imh0dHBzOi8vaGVyaXRhZ2Vncm91cC5jby5rZSI7fXM6NjoiX2ZsYXNoIjthOjI6e3M6Mzoib2xkIjthOjA6e31zOjM6Im5ldyI7YTowOnt9fX0=',1754715103),('8zi9SJHnGdBbQ0iOhg814E02rfiJiw47bes4MzZA',NULL,'43.130.60.195','Mozilla/5.0 (iPhone; CPU iPhone OS 13_2_3 like Mac OS X) AppleWebKit/605.1.15 (KHTML, like Gecko) Version/13.0.3 Mobile/15E148 Safari/604.1','YTozOntzOjY6Il90b2tlbiI7czo0MDoiTnd4aHFmazM4dmU1SXZzQ21LMTZLSURCbVpwYXRDSllmRGFaTDRPQSI7czo5OiJfcHJldmlvdXMiO2E6MTp7czozOiJ1cmwiO3M6MjY6Imh0dHA6Ly9oZXJpdGFnZWdyb3VwLmNvLmtlIjt9czo2OiJfZmxhc2giO2E6Mjp7czozOiJvbGQiO2E6MDp7fXM6MzoibmV3IjthOjA6e319fQ==',1754709908),('9iHwEnWXypKr3XyUTjxtn1YjMz1fYxRonDJqNZjV',NULL,'43.248.108.186','Mozilla/5.0 (Windows NT 6.1) AppleWebKit/537.36 (KHTML, like Gecko) Chrome/49.0.2623.112 Safari/537.36','YTozOntzOjY6Il90b2tlbiI7czo0MDoicGhObWhkZ1ZYVWlsbjQyT2pnbUJtQWlENGNKdXZ3djR3WkdOVnpDeCI7czo5OiJfcHJldmlvdXMiO2E6MTp7czozOiJ1cmwiO3M6Mjc6Imh0dHBzOi8vaGVyaXRhZ2Vncm91cC5jby5rZSI7fXM6NjoiX2ZsYXNoIjthOjI6e3M6Mzoib2xkIjthOjA6e31zOjM6Im5ldyI7YTowOnt9fX0=',1754715089),('9Jp1qEsdAbpiy4y0nsVGO3HN2UknJModbEyZA8r5',NULL,'112.94.252.174','Mozilla/5.0 (Windows NT 6.1) AppleWebKit/537.36 (KHTML, like Gecko) Chrome/49.0.2623.112 Safari/537.36','YTozOntzOjY6Il90b2tlbiI7czo0MDoiOHJlWlBMeTVnSHFVTEdBeEV0cWhUUzBzbWZwaWdvbEkxWUF3YlpqQyI7czo5OiJfcHJldmlvdXMiO2E6MTp7czozOiJ1cmwiO3M6MjY6Imh0dHA6Ly9oZXJpdGFnZWdyb3VwLmNvLmtlIjt9czo2OiJfZmxhc2giO2E6Mjp7czozOiJvbGQiO2E6MDp7fXM6MzoibmV3IjthOjA6e319fQ==',1754714862),('9xHf8id8onYUqCzNidCQEOzC5ls8xrZRETOq3qKy',NULL,'139.227.161.237','Mozilla/5.0 (Windows NT 6.1) AppleWebKit/537.36 (KHTML, like Gecko) Chrome/49.0.2623.112 Safari/537.36','YTozOntzOjY6Il90b2tlbiI7czo0MDoiUXh3bmNhV2tRTTRNM2hXa1NnVVA0QW44WVRNT01SSGNuMUE0RWJONSI7czo5OiJfcHJldmlvdXMiO2E6MTp7czozOiJ1cmwiO3M6Mjc6Imh0dHBzOi8vaGVyaXRhZ2Vncm91cC5jby5rZSI7fXM6NjoiX2ZsYXNoIjthOjI6e3M6Mzoib2xkIjthOjA6e31zOjM6Im5ldyI7YTowOnt9fX0=',1754715096),('a7m53gtX2FfQrTAJQMKOvnQ78mBXziP8OPd3H2Dl',NULL,'124.31.104.32','Mozilla/5.0 (Windows NT 6.1) AppleWebKit/537.36 (KHTML, like Gecko) Chrome/49.0.2623.112 Safari/537.36','YTozOntzOjY6Il90b2tlbiI7czo0MDoiOEt0emlRMkVqTE01amg5eXFzYWRZdnQzR2tudkY2WGRoYUtxN2JKNSI7czo5OiJfcHJldmlvdXMiO2E6MTp7czozOiJ1cmwiO3M6Mjc6Imh0dHBzOi8vaGVyaXRhZ2Vncm91cC5jby5rZSI7fXM6NjoiX2ZsYXNoIjthOjI6e3M6Mzoib2xkIjthOjA6e31zOjM6Im5ldyI7YTowOnt9fX0=',1754714967),('AGxYtzbjrxlhPNVgG72z7KnWTPxZrAQgFokPRwtg',NULL,'101.68.6.107','Mozilla/5.0 (Windows NT 6.1) AppleWebKit/537.36 (KHTML, like Gecko) Chrome/49.0.2623.112 Safari/537.36','YTozOntzOjY6Il90b2tlbiI7czo0MDoiaWlESUpkTjY4STZpaEZZWTlEQWF1T1k3TXpYN1h5djg2ZGxHSUd3ciI7czo5OiJfcHJldmlvdXMiO2E6MTp7czozOiJ1cmwiO3M6Mjc6Imh0dHBzOi8vaGVyaXRhZ2Vncm91cC5jby5rZSI7fXM6NjoiX2ZsYXNoIjthOjI6e3M6Mzoib2xkIjthOjA6e31zOjM6Im5ldyI7YTowOnt9fX0=',1754715102),('aHNm4fQppA1QyrIzKxFaZWmvKWvCtvi722IEd1Mk',NULL,'220.197.51.117','Mozilla/5.0 (Windows NT 6.1) AppleWebKit/537.36 (KHTML, like Gecko) Chrome/49.0.2623.112 Safari/537.36','YTozOntzOjY6Il90b2tlbiI7czo0MDoiRExNZVdJSFhiSWNKNksxZ3hKOEIxTVVNMlZXeXFRamdRa1VrMnBOaSI7czo5OiJfcHJldmlvdXMiO2E6MTp7czozOiJ1cmwiO3M6MjY6Imh0dHA6Ly9oZXJpdGFnZWdyb3VwLmNvLmtlIjt9czo2OiJfZmxhc2giO2E6Mjp7czozOiJvbGQiO2E6MDp7fXM6MzoibmV3IjthOjA6e319fQ==',1754715042),('Ak4LeFrLyYaOImdCl22OuyirN3uZ9arEBCovWPLS',NULL,'54.92.107.92','Mozilla/5.0 (Windows NT 10.0; Win64; x64) AppleWebKit/537.36 (KHTML, like Gecko) Chrome/112.0.0.0 Safari/537.36','YTozOntzOjY6Il90b2tlbiI7czo0MDoicmpqR0JLMHM5YlVkaG1Td0pRWDZkaDNwRWdBVmpGbmo1SXpQU0N0WSI7czo5OiJfcHJldmlvdXMiO2E6MTp7czozOiJ1cmwiO3M6Mjc6Imh0dHBzOi8vaGVyaXRhZ2Vncm91cC5jby5rZSI7fXM6NjoiX2ZsYXNoIjthOjI6e3M6Mzoib2xkIjthOjA6e31zOjM6Im5ldyI7YTowOnt9fX0=',1754715024),('arUcaRb1e1HMrkBzcf5ZCM6qsOhFoP9c1vi7weK9',NULL,'36.32.3.243','Mozilla/5.0 (Windows NT 6.1) AppleWebKit/537.36 (KHTML, like Gecko) Chrome/49.0.2623.112 Safari/537.36','YTozOntzOjY6Il90b2tlbiI7czo0MDoib0ZXVExKbkdPVXd5b1FlRTVNNXVkWXVzZnRiMlRYRDZjWEJTWDZoNCI7czo5OiJfcHJldmlvdXMiO2E6MTp7czozOiJ1cmwiO3M6MjE6Imh0dHBzOi8vMTYxLjk3LjE3NC4yMCI7fXM6NjoiX2ZsYXNoIjthOjI6e3M6Mzoib2xkIjthOjA6e31zOjM6Im5ldyI7YTowOnt9fX0=',1754714608),('aW21WHTm2x6DMHIjCoZ53Ts06hP45hVROPGSsjD9',NULL,'223.83.130.196','Mozilla/5.0 (Windows NT 6.1) AppleWebKit/537.36 (KHTML, like Gecko) Chrome/49.0.2623.112 Safari/537.36','YTozOntzOjY6Il90b2tlbiI7czo0MDoic0xpVXZoamxlZzQ2QTBEYkJkWEo1bHZiVTY4aW1iYW1IckV0eWE5diI7czo5OiJfcHJldmlvdXMiO2E6MTp7czozOiJ1cmwiO3M6MjY6Imh0dHA6Ly9oZXJpdGFnZWdyb3VwLmNvLmtlIjt9czo2OiJfZmxhc2giO2E6Mjp7czozOiJvbGQiO2E6MDp7fXM6MzoibmV3IjthOjA6e319fQ==',1754714968),('aZccgxylHKl4PuViTTWCGuHYbTUBTVh7MTaI5u8N',NULL,'183.230.204.243','Mozilla/5.0 (Windows NT 6.1) AppleWebKit/537.36 (KHTML, like Gecko) Chrome/49.0.2623.112 Safari/537.36','YTozOntzOjY6Il90b2tlbiI7czo0MDoiRGE2ejJiVWttV1NqcVQza1Q2a0FpY3VJYWZFaWxXa1k0YzBJSFRXayI7czo5OiJfcHJldmlvdXMiO2E6MTp7czozOiJ1cmwiO3M6MzA6Imh0dHA6Ly93d3cuaGVyaXRhZ2Vncm91cC5jby5rZSI7fXM6NjoiX2ZsYXNoIjthOjI6e3M6Mzoib2xkIjthOjA6e31zOjM6Im5ldyI7YTowOnt9fX0=',1754715086),('b0B4yhfExGGMXQ0jw16GSLwHFazcS2tGjV8a1MjZ',NULL,'35.203.211.245','Hello from Palo Alto Networks, find out more about our scans in https://docs-cortex.paloaltonetworks.com/r/1/Cortex-Xpanse/Scanning-activity','YTozOntzOjY6Il90b2tlbiI7czo0MDoicHNNNUlDYURqdjNYR2NnbkY2Yk1XRUxvZ2w2dHZYelRyMnQxRHAyNiI7czo5OiJfcHJldmlvdXMiO2E6MTp7czozOiJ1cmwiO3M6MjE6Imh0dHBzOi8vMTYxLjk3LjE3NC4yMCI7fXM6NjoiX2ZsYXNoIjthOjI6e3M6Mzoib2xkIjthOjA6e31zOjM6Im5ldyI7YTowOnt9fX0=',1754728966),('B1oBYHSYcjDFj0YdL4pTdVllJUjSbZ0VHZgLPaKw',NULL,'60.13.138.99','Mozilla/5.0 (Windows NT 6.1) AppleWebKit/537.36 (KHTML, like Gecko) Chrome/49.0.2623.112 Safari/537.36','YTozOntzOjY6Il90b2tlbiI7czo0MDoiTllOTDl0Y3c1aHlUbDRQMDZseVZ0aXJ2MXlQZ1dtYUY2dWFzMjBlVyI7czo5OiJfcHJldmlvdXMiO2E6MTp7czozOiJ1cmwiO3M6MzA6Imh0dHA6Ly93d3cuaGVyaXRhZ2Vncm91cC5jby5rZSI7fXM6NjoiX2ZsYXNoIjthOjI6e3M6Mzoib2xkIjthOjA6e31zOjM6Im5ldyI7YTowOnt9fX0=',1754715041),('b41j5kbevlCRP39XfcRxvjKsfyXwtwbIxB3mwFvP',NULL,'220.197.51.160','Mozilla/5.0 (Windows NT 6.1) AppleWebKit/537.36 (KHTML, like Gecko) Chrome/49.0.2623.112 Safari/537.36','YTozOntzOjY6Il90b2tlbiI7czo0MDoiYlJXcjRZcEY1anJsVjNzcUUxUnU4U0lvWWw1NzR5VnNXZXBDdnBKayI7czo5OiJfcHJldmlvdXMiO2E6MTp7czozOiJ1cmwiO3M6Mjc6Imh0dHBzOi8vaGVyaXRhZ2Vncm91cC5jby5rZSI7fXM6NjoiX2ZsYXNoIjthOjI6e3M6Mzoib2xkIjthOjA6e31zOjM6Im5ldyI7YTowOnt9fX0=',1754715093),('b6yWVtVSPLIRS8B4QAyTUtm2hHsYm9QgtXD1QcC0',NULL,'54.92.107.92','Mozilla/5.0 (X11; Linux x86_64) AppleWebKit/537.36 (KHTML, like Gecko) HeadlessChrome/124.0.6367.29 Safari/537.36','YTozOntzOjY6Il90b2tlbiI7czo0MDoiT3FVZlV0dHVyZEVrQlhjaHhQcEV6OG43NHVvSkdqZGxJTkcwVm45dSI7czo5OiJfcHJldmlvdXMiO2E6MTp7czozOiJ1cmwiO3M6Mjc6Imh0dHBzOi8vaGVyaXRhZ2Vncm91cC5jby5rZSI7fXM6NjoiX2ZsYXNoIjthOjI6e3M6Mzoib2xkIjthOjA6e31zOjM6Im5ldyI7YTowOnt9fX0=',1754715050),('B7wX0hJqcJIXGZxFLojPtyVqCn446lbIePukc9EI',NULL,'117.156.56.3','Mozilla/5.0 (Windows NT 6.1) AppleWebKit/537.36 (KHTML, like Gecko) Chrome/49.0.2623.112 Safari/537.36','YTozOntzOjY6Il90b2tlbiI7czo0MDoiZ3kzN0JnVW9GZUVETXRwejhaa0hSbTBvTWMzajVWcWoxM3lsZ0VKeiI7czo5OiJfcHJldmlvdXMiO2E6MTp7czozOiJ1cmwiO3M6Mjc6Imh0dHBzOi8vaGVyaXRhZ2Vncm91cC5jby5rZSI7fXM6NjoiX2ZsYXNoIjthOjI6e3M6Mzoib2xkIjthOjA6e31zOjM6Im5ldyI7YTowOnt9fX0=',1754714916),('BfKHWcV9mLkW1UPotSPlK7qqdv2s7YEyl27EOGQh',NULL,'102.213.48.6','Mozilla/5.0 (Windows NT 10.0; Win64; x64) AppleWebKit/537.36 (KHTML, like Gecko) Chrome/139.0.0.0 Safari/537.36','YTozOntzOjY6Il90b2tlbiI7czo0MDoiSVN2Tmx2Qkp6ZUw3dVVZdlBUVTU5NWJtNkhvc2xVOTZnYm9jUHZjQiI7czo5OiJfcHJldmlvdXMiO2E6MTp7czozOiJ1cmwiO3M6Mjc6Imh0dHBzOi8vaGVyaXRhZ2Vncm91cC5jby5rZSI7fXM6NjoiX2ZsYXNoIjthOjI6e3M6Mzoib2xkIjthOjA6e31zOjM6Im5ldyI7YTowOnt9fX0=',1754722580),('bkQ4tjbRpysNG549smPfnX8XoQcI4GRKhdCU6fW4',NULL,'1.85.216.149','Mozilla/5.0 (Windows NT 6.1) AppleWebKit/537.36 (KHTML, like Gecko) Chrome/49.0.2623.112 Safari/537.36','YTozOntzOjY6Il90b2tlbiI7czo0MDoiMUY3bEdPazhTZjNJcDJYbHhyd0dwSzNNQXhScFhZaFhqaFpaQ29ZSyI7czo5OiJfcHJldmlvdXMiO2E6MTp7czozOiJ1cmwiO3M6MzA6Imh0dHA6Ly93d3cuaGVyaXRhZ2Vncm91cC5jby5rZSI7fXM6NjoiX2ZsYXNoIjthOjI6e3M6Mzoib2xkIjthOjA6e31zOjM6Im5ldyI7YTowOnt9fX0=',1754715092),('BLLXSl3qILPLNsUF2lrGVsJzCaFmzTASrlxmYzix',NULL,'118.212.121.240','Mozilla/5.0 (Windows NT 6.1) AppleWebKit/537.36 (KHTML, like Gecko) Chrome/49.0.2623.112 Safari/537.36','YTozOntzOjY6Il90b2tlbiI7czo0MDoiODNMclNUdGZoVUdBMUpnYmV3NmRqb3FHVVdMSW9UR2g3MXZOcTJHZSI7czo5OiJfcHJldmlvdXMiO2E6MTp7czozOiJ1cmwiO3M6MjY6Imh0dHA6Ly9oZXJpdGFnZWdyb3VwLmNvLmtlIjt9czo2OiJfZmxhc2giO2E6Mjp7czozOiJvbGQiO2E6MDp7fXM6MzoibmV3IjthOjA6e319fQ==',1754714980),('bPZVn2OGd6xbol0nj19PtH36YfisW9NVY8COPEqH',NULL,'123.14.126.114','Mozilla/5.0 (Windows NT 6.1) AppleWebKit/537.36 (KHTML, like Gecko) Chrome/49.0.2623.112 Safari/537.36','YTozOntzOjY6Il90b2tlbiI7czo0MDoia21pbjZRdTFiUkpPbHd1U0R0c2NhWnlUb0R0dk00dE1IbEtVZG9SSyI7czo5OiJfcHJldmlvdXMiO2E6MTp7czozOiJ1cmwiO3M6MzA6Imh0dHA6Ly93d3cuaGVyaXRhZ2Vncm91cC5jby5rZSI7fXM6NjoiX2ZsYXNoIjthOjI6e3M6Mzoib2xkIjthOjA6e31zOjM6Im5ldyI7YTowOnt9fX0=',1754715091),('bqi2vKZAuzgngZIv7yvhuEv2Q3nAhxJsRbspWwRL',NULL,'111.113.88.122','Mozilla/5.0 (Windows NT 6.1) AppleWebKit/537.36 (KHTML, like Gecko) Chrome/49.0.2623.112 Safari/537.36','YTozOntzOjY6Il90b2tlbiI7czo0MDoiZGxURWZzN0VxeHU5OGc5M1BBczVMWVgwcU9TdGxMM3RGdGtRb0tFYyI7czo5OiJfcHJldmlvdXMiO2E6MTp7czozOiJ1cmwiO3M6MjY6Imh0dHA6Ly9oZXJpdGFnZWdyb3VwLmNvLmtlIjt9czo2OiJfZmxhc2giO2E6Mjp7czozOiJvbGQiO2E6MDp7fXM6MzoibmV3IjthOjA6e319fQ==',1754715103),('BS4BsjUyKp7DNoNmaTzm0MW56t3RmolKcE9hsD4s',NULL,'156.146.48.214','Mozilla/5.0 (X11; Linux x86_64) AppleWebKit/537.36 (KHTML, like Gecko) Chrome/136.0.0.0 Safari/537.36','YTozOntzOjY6Il90b2tlbiI7czo0MDoiMTNYNU5zY2hEMko1MkphVHNBbzlCaFZyRjNEZjBXRXk1aGtjdnM2eSI7czo5OiJfcHJldmlvdXMiO2E6MTp7czozOiJ1cmwiO3M6Mjc6Imh0dHBzOi8vaGVyaXRhZ2Vncm91cC5jby5rZSI7fXM6NjoiX2ZsYXNoIjthOjI6e3M6Mzoib2xkIjthOjA6e31zOjM6Im5ldyI7YTowOnt9fX0=',1754731783),('BSRvZV3dygQSiOXjXAe647dzmjV8DE86nqARomTu',NULL,'183.93.67.20','Mozilla/5.0 (Windows NT 6.1) AppleWebKit/537.36 (KHTML, like Gecko) Chrome/49.0.2623.112 Safari/537.36','YTozOntzOjY6Il90b2tlbiI7czo0MDoiVVZsWXU5SjFKY2dMaGFUN29iR3hzd3ZPTTg0QW54QlY3WDFxQTgyWiI7czo5OiJfcHJldmlvdXMiO2E6MTp7czozOiJ1cmwiO3M6MjY6Imh0dHA6Ly9oZXJpdGFnZWdyb3VwLmNvLmtlIjt9czo2OiJfZmxhc2giO2E6Mjp7czozOiJvbGQiO2E6MDp7fXM6MzoibmV3IjthOjA6e319fQ==',1754714995),('bYPOZ6KqGsL9E5VbPQRbVv0d93VMZsnqmVAbQs9N',NULL,'101.207.161.229','Mozilla/5.0 (Windows NT 6.1) AppleWebKit/537.36 (KHTML, like Gecko) Chrome/49.0.2623.112 Safari/537.36','YTozOntzOjY6Il90b2tlbiI7czo0MDoiS0V4ZDl4ZWVGOGR5MWNEa094dnlTbG5najN6bVFBR2FyRWNhU3V5SSI7czo5OiJfcHJldmlvdXMiO2E6MTp7czozOiJ1cmwiO3M6Mjc6Imh0dHBzOi8vaGVyaXRhZ2Vncm91cC5jby5rZSI7fXM6NjoiX2ZsYXNoIjthOjI6e3M6Mzoib2xkIjthOjA6e31zOjM6Im5ldyI7YTowOnt9fX0=',1754715032),('bZufnWVblfZwe1gRqY2j8Q0FmCNPYzeDFwl8tpgJ',NULL,'218.104.149.86','Mozilla/5.0 (Windows NT 6.1) AppleWebKit/537.36 (KHTML, like Gecko) Chrome/49.0.2623.112 Safari/537.36','YTozOntzOjY6Il90b2tlbiI7czo0MDoiV3hybnFlVFBLT1RzcmVlVExjZFJnQ1ZUdnFac3gzSThFVHhobzJwUyI7czo5OiJfcHJldmlvdXMiO2E6MTp7czozOiJ1cmwiO3M6MjY6Imh0dHA6Ly9oZXJpdGFnZWdyb3VwLmNvLmtlIjt9czo2OiJfZmxhc2giO2E6Mjp7czozOiJvbGQiO2E6MDp7fXM6MzoibmV3IjthOjA6e319fQ==',1754714862),('C1kQaWvGGG9pCzDGfepH4Luw4tIkU72jaxufhRpX',NULL,'36.32.3.120','Mozilla/5.0 (Windows NT 6.1) AppleWebKit/537.36 (KHTML, like Gecko) Chrome/49.0.2623.112 Safari/537.36','YTozOntzOjY6Il90b2tlbiI7czo0MDoiYmg0a2hxR3hBQXpUUGs1N280RFRRMVc2OXlpNFdEV0pCU2tOb2tSNCI7czo5OiJfcHJldmlvdXMiO2E6MTp7czozOiJ1cmwiO3M6MjY6Imh0dHA6Ly9oZXJpdGFnZWdyb3VwLmNvLmtlIjt9czo2OiJfZmxhc2giO2E6Mjp7czozOiJvbGQiO2E6MDp7fXM6MzoibmV3IjthOjA6e319fQ==',1754714973),('cSbeeCmWLkrXDkhfQNTNtM9NR8AEBCxH48nUQCYF',NULL,'49.113.92.149','Mozilla/5.0 (Windows NT 6.1) AppleWebKit/537.36 (KHTML, like Gecko) Chrome/49.0.2623.112 Safari/537.36','YTozOntzOjY6Il90b2tlbiI7czo0MDoiM0MzUXduYnR3NWJBdEZab0x5MFk0eklMdm9UQ0Q2RFZ1N01uNm9pTCI7czo5OiJfcHJldmlvdXMiO2E6MTp7czozOiJ1cmwiO3M6MjY6Imh0dHA6Ly9oZXJpdGFnZWdyb3VwLmNvLmtlIjt9czo2OiJfZmxhc2giO2E6Mjp7czozOiJvbGQiO2E6MDp7fXM6MzoibmV3IjthOjA6e319fQ==',1754715103),('cw8v9wmB6NJ2ELTe1AzmteowvF4WK4eo1D7vXvwt',NULL,'223.83.130.196','Mozilla/5.0 (Windows NT 6.1) AppleWebKit/537.36 (KHTML, like Gecko) Chrome/49.0.2623.112 Safari/537.36','YTozOntzOjY6Il90b2tlbiI7czo0MDoiOGdUbTVIODVXRXl3NnBWMzh6NHA1WnhHVkJpOFAxUGJDUURpNU1mZiI7czo5OiJfcHJldmlvdXMiO2E6MTp7czozOiJ1cmwiO3M6MzA6Imh0dHA6Ly93d3cuaGVyaXRhZ2Vncm91cC5jby5rZSI7fXM6NjoiX2ZsYXNoIjthOjI6e3M6Mzoib2xkIjthOjA6e31zOjM6Im5ldyI7YTowOnt9fX0=',1754715027),('D33Owhxh44AIZRPLEVzCRJnF0LCn8nPAsuutIjJi',NULL,'36.32.3.99','Mozilla/5.0 (Windows NT 6.1) AppleWebKit/537.36 (KHTML, like Gecko) Chrome/49.0.2623.112 Safari/537.36','YTozOntzOjY6Il90b2tlbiI7czo0MDoiNUxSN0NXUmpjbmlIWGx6cHlVZ1VGRE1GbkV5Q0JSbTF4eHk2Nlg1VyI7czo5OiJfcHJldmlvdXMiO2E6MTp7czozOiJ1cmwiO3M6MjY6Imh0dHA6Ly9oZXJpdGFnZWdyb3VwLmNvLmtlIjt9czo2OiJfZmxhc2giO2E6Mjp7czozOiJvbGQiO2E6MDp7fXM6MzoibmV3IjthOjA6e319fQ==',1754715095),('D3LwwACKqMeH2ZKe7vO6WrgPruhdsAO61h5Pi13g',NULL,'101.71.211.104','Mozilla/5.0 (Windows NT 6.1) AppleWebKit/537.36 (KHTML, like Gecko) Chrome/49.0.2623.112 Safari/537.36','YTozOntzOjY6Il90b2tlbiI7czo0MDoieU9zcmQ4SkZDajZTSk9meE9Yd2dQbEJEVEcweE4yM1VMaGdhSkhzUyI7czo5OiJfcHJldmlvdXMiO2E6MTp7czozOiJ1cmwiO3M6Mjc6Imh0dHBzOi8vaGVyaXRhZ2Vncm91cC5jby5rZSI7fXM6NjoiX2ZsYXNoIjthOjI6e3M6Mzoib2xkIjthOjA6e31zOjM6Im5ldyI7YTowOnt9fX0=',1754715033),('d4oGm0MpztFnxAXpc4GuUevfWkanw884yLbineD8',NULL,'218.104.149.189','Mozilla/5.0 (Windows NT 6.1) AppleWebKit/537.36 (KHTML, like Gecko) Chrome/49.0.2623.112 Safari/537.36','YTozOntzOjY6Il90b2tlbiI7czo0MDoid2hFT2FsRmpWdzRGQnp3dk5XV3pBOE9iZ0l2clFFOEt5ZWZUeW4wWiI7czo5OiJfcHJldmlvdXMiO2E6MTp7czozOiJ1cmwiO3M6MjY6Imh0dHA6Ly9oZXJpdGFnZWdyb3VwLmNvLmtlIjt9czo2OiJfZmxhc2giO2E6Mjp7czozOiJvbGQiO2E6MDp7fXM6MzoibmV3IjthOjA6e319fQ==',1754715094),('d7VWQWqFksk6q37knVhwGn0xE4gWvVGgmfVyh2RX',NULL,'124.133.208.5','Mozilla/5.0 (Windows NT 6.1) AppleWebKit/537.36 (KHTML, like Gecko) Chrome/49.0.2623.112 Safari/537.36','YTozOntzOjY6Il90b2tlbiI7czo0MDoiQUVRSk5FQWpxWms2THRhZjBoWWRkV1JNVEtsRnpNUVgwZTlZeFRWRCI7czo5OiJfcHJldmlvdXMiO2E6MTp7czozOiJ1cmwiO3M6MjY6Imh0dHA6Ly9oZXJpdGFnZWdyb3VwLmNvLmtlIjt9czo2OiJfZmxhc2giO2E6Mjp7czozOiJvbGQiO2E6MDp7fXM6MzoibmV3IjthOjA6e319fQ==',1754715085),('DC5dEilPLMDZuN5WXeNJND3ASieqcBtC9XEXUMpe',NULL,'59.52.101.9','Mozilla/5.0 (Windows NT 6.1) AppleWebKit/537.36 (KHTML, like Gecko) Chrome/49.0.2623.112 Safari/537.36','YTozOntzOjY6Il90b2tlbiI7czo0MDoiTkkzQ3BXZWlpZWdLUTVMRTk0dEtVYXlzUlgwTmNOanFGNnl3RjR1OCI7czo5OiJfcHJldmlvdXMiO2E6MTp7czozOiJ1cmwiO3M6Mjc6Imh0dHBzOi8vaGVyaXRhZ2Vncm91cC5jby5rZSI7fXM6NjoiX2ZsYXNoIjthOjI6e3M6Mzoib2xkIjthOjA6e31zOjM6Im5ldyI7YTowOnt9fX0=',1754715093),('decfmPIHeoZosZcFilpzryRgIADCVEhQ2fIyme7F',NULL,'156.146.48.214','Mozilla/5.0 (X11; Linux x86_64) AppleWebKit/537.36 (KHTML, like Gecko) Chrome/136.0.0.0 Safari/537.36','YTozOntzOjY6Il90b2tlbiI7czo0MDoiMHdvMUZTQ0E0dXJsa2tHRUQxZVM0NFZhYm55WHRQQXoweGZiMzR2NiI7czo5OiJfcHJldmlvdXMiO2E6MTp7czozOiJ1cmwiO3M6MzE6Imh0dHBzOi8vZnRwLmhlcml0YWdlZ3JvdXAuY28ua2UiO31zOjY6Il9mbGFzaCI7YToyOntzOjM6Im9sZCI7YTowOnt9czozOiJuZXciO2E6MDp7fX19',1754731705),('dJmwzM6Eqp6h2veU1kRmiL6PfpX0OshbGp58ipVg',NULL,'43.153.113.127','Mozilla/5.0 (iPhone; CPU iPhone OS 13_2_3 like Mac OS X) AppleWebKit/605.1.15 (KHTML, like Gecko) Version/13.0.3 Mobile/15E148 Safari/604.1','YTozOntzOjY6Il90b2tlbiI7czo0MDoiQnpucmdNbW1zZ3BzRko5dlpRd0xrdFNGV1A4VGJ6N1lYcGE3OUdLYyI7czo5OiJfcHJldmlvdXMiO2E6MTp7czozOiJ1cmwiO3M6MjY6Imh0dHA6Ly9oZXJpdGFnZWdyb3VwLmNvLmtlIjt9czo2OiJfZmxhc2giO2E6Mjp7czozOiJvbGQiO2E6MDp7fXM6MzoibmV3IjthOjA6e319fQ==',1754731509),('dk0yjIvWQMgJMOwd5pZERaa7tsNqI21uIzvuS5YY',NULL,'59.52.102.136','Mozilla/5.0 (Windows NT 6.1) AppleWebKit/537.36 (KHTML, like Gecko) Chrome/49.0.2623.112 Safari/537.36','YTozOntzOjY6Il90b2tlbiI7czo0MDoiVW96eldZUkhsQzM0b2ltbFlxYUJ4NkdjbHZzRzFqOG82R2hwSHFveiI7czo5OiJfcHJldmlvdXMiO2E6MTp7czozOiJ1cmwiO3M6MzA6Imh0dHA6Ly93d3cuaGVyaXRhZ2Vncm91cC5jby5rZSI7fXM6NjoiX2ZsYXNoIjthOjI6e3M6Mzoib2xkIjthOjA6e31zOjM6Im5ldyI7YTowOnt9fX0=',1754715085),('DNMoc503uq4OADKIJS1vzRczJXbQ60a7zDkfYJ5o',NULL,'122.188.34.138','Mozilla/5.0 (Windows NT 6.1) AppleWebKit/537.36 (KHTML, like Gecko) Chrome/49.0.2623.112 Safari/537.36','YTozOntzOjY6Il90b2tlbiI7czo0MDoiTlNKQlVtUWxVOVpHWDdsQ2xRVXlrN0xPcHZQeTdVbXp2Y3RqVzVGRSI7czo5OiJfcHJldmlvdXMiO2E6MTp7czozOiJ1cmwiO3M6MjY6Imh0dHA6Ly9oZXJpdGFnZWdyb3VwLmNvLmtlIjt9czo2OiJfZmxhc2giO2E6Mjp7czozOiJvbGQiO2E6MDp7fXM6MzoibmV3IjthOjA6e319fQ==',1754715032),('dQsr7IESECzIthRys7j2yBFWRLMUgiEXHbht82qN',NULL,'1.24.16.198','Mozilla/5.0 (Windows NT 6.1) AppleWebKit/537.36 (KHTML, like Gecko) Chrome/49.0.2623.112 Safari/537.36','YTozOntzOjY6Il90b2tlbiI7czo0MDoieXR2N1NYOFp4V240Zm1hMTlTUmN0RFpQcTcwbVNWNmFpU3dnREl0MCI7czo5OiJfcHJldmlvdXMiO2E6MTp7czozOiJ1cmwiO3M6MzA6Imh0dHA6Ly93d3cuaGVyaXRhZ2Vncm91cC5jby5rZSI7fXM6NjoiX2ZsYXNoIjthOjI6e3M6Mzoib2xkIjthOjA6e31zOjM6Im5ldyI7YTowOnt9fX0=',1754714857),('DquppIm2iPVXdIPUwpIoFLW3cGm7DkKqb3cPrXnf',NULL,'111.224.221.224','Mozilla/5.0 (Windows NT 6.1) AppleWebKit/537.36 (KHTML, like Gecko) Chrome/49.0.2623.112 Safari/537.36','YTozOntzOjY6Il90b2tlbiI7czo0MDoiY2RGODdrNVV1d3BqRWRhang0WTA1dm1WOEF3Tk1sSlFyM09LOVA5bCI7czo5OiJfcHJldmlvdXMiO2E6MTp7czozOiJ1cmwiO3M6MzA6Imh0dHA6Ly93d3cuaGVyaXRhZ2Vncm91cC5jby5rZSI7fXM6NjoiX2ZsYXNoIjthOjI6e3M6Mzoib2xkIjthOjA6e31zOjM6Im5ldyI7YTowOnt9fX0=',1754714855),('dr5WMgIVaoR5K9xIx3uEmQZZAN3RIW1zy2wFh0M9',NULL,'124.31.105.122','Mozilla/5.0 (Windows NT 6.1) AppleWebKit/537.36 (KHTML, like Gecko) Chrome/49.0.2623.112 Safari/537.36','YTozOntzOjY6Il90b2tlbiI7czo0MDoick5EbHY0WXdTS25iRzRlMkxzMkxWdHNRNmtCYnBFOFlTbkZCcHQyTCI7czo5OiJfcHJldmlvdXMiO2E6MTp7czozOiJ1cmwiO3M6MjY6Imh0dHA6Ly9oZXJpdGFnZWdyb3VwLmNvLmtlIjt9czo2OiJfZmxhc2giO2E6Mjp7czozOiJvbGQiO2E6MDp7fXM6MzoibmV3IjthOjA6e319fQ==',1754715042),('drc3vo3OWjpY4UzN8X1GPSopqQdcSyRgflT04nNR',NULL,'1.85.218.57','Mozilla/5.0 (Windows NT 6.1) AppleWebKit/537.36 (KHTML, like Gecko) Chrome/49.0.2623.112 Safari/537.36','YTozOntzOjY6Il90b2tlbiI7czo0MDoiVkl2aHJ4R01qcTVzM3hYWG50NXVvcjQ5dE1lNG1KdUlMRzlOM2ZwRCI7czo5OiJfcHJldmlvdXMiO2E6MTp7czozOiJ1cmwiO3M6MzA6Imh0dHA6Ly93d3cuaGVyaXRhZ2Vncm91cC5jby5rZSI7fXM6NjoiX2ZsYXNoIjthOjI6e3M6Mzoib2xkIjthOjA6e31zOjM6Im5ldyI7YTowOnt9fX0=',1754715038),('DssfjBwGy4sSwwSyJv9QDiClWXNe7FqR5cGEazo2',NULL,'60.13.138.88','Mozilla/5.0 (Windows NT 6.1) AppleWebKit/537.36 (KHTML, like Gecko) Chrome/49.0.2623.112 Safari/537.36','YTozOntzOjY6Il90b2tlbiI7czo0MDoiRWpyeUFPcHRNTnh1TFgzVm10Q25GT0xSUnozOWQzT2g5M0pITjVyZyI7czo5OiJfcHJldmlvdXMiO2E6MTp7czozOiJ1cmwiO3M6MzA6Imh0dHA6Ly93d3cuaGVyaXRhZ2Vncm91cC5jby5rZSI7fXM6NjoiX2ZsYXNoIjthOjI6e3M6Mzoib2xkIjthOjA6e31zOjM6Im5ldyI7YTowOnt9fX0=',1754715035),('Eb2EaOFFVruK9jHo7fdhaz2oG9ePDGZo5VTDYn0a',NULL,'125.82.242.110','Mozilla/5.0 (Windows NT 6.1) AppleWebKit/537.36 (KHTML, like Gecko) Chrome/49.0.2623.112 Safari/537.36','YTozOntzOjY6Il90b2tlbiI7czo0MDoiQTNVS0pwRGVCczdWYXF3eElna01zcU5DaXFGNVF3SDVTTzN5ZW0yVCI7czo5OiJfcHJldmlvdXMiO2E6MTp7czozOiJ1cmwiO3M6MzA6Imh0dHA6Ly93d3cuaGVyaXRhZ2Vncm91cC5jby5rZSI7fXM6NjoiX2ZsYXNoIjthOjI6e3M6Mzoib2xkIjthOjA6e31zOjM6Im5ldyI7YTowOnt9fX0=',1754715094),('EBZNQ4lP6FAwhaCuLWIbwryqROzsbGpj96nNAMX3',NULL,'122.96.28.119','Mozilla/5.0 (Windows NT 6.1) AppleWebKit/537.36 (KHTML, like Gecko) Chrome/49.0.2623.112 Safari/537.36','YTozOntzOjY6Il90b2tlbiI7czo0MDoiSWMxZFFqeThBQnVjTGtGRHBNamVUNFdsUlE3aUVBM3FyYkN0ZkNyRSI7czo5OiJfcHJldmlvdXMiO2E6MTp7czozOiJ1cmwiO3M6Mjc6Imh0dHBzOi8vaGVyaXRhZ2Vncm91cC5jby5rZSI7fXM6NjoiX2ZsYXNoIjthOjI6e3M6Mzoib2xkIjthOjA6e31zOjM6Im5ldyI7YTowOnt9fX0=',1754715031),('eNsR8tEmqQYKHKeLX30CavUnBW1JEbpE5rSdJL47',NULL,'43.248.108.131','Mozilla/5.0 (Windows NT 6.1) AppleWebKit/537.36 (KHTML, like Gecko) Chrome/49.0.2623.112 Safari/537.36','YTozOntzOjY6Il90b2tlbiI7czo0MDoiQUJTRFhRRjh2cEppWVZGUTFTRmFVUEFxQjdLaE1MbFN0c1lvRmpQaSI7czo5OiJfcHJldmlvdXMiO2E6MTp7czozOiJ1cmwiO3M6MzA6Imh0dHA6Ly93d3cuaGVyaXRhZ2Vncm91cC5jby5rZSI7fXM6NjoiX2ZsYXNoIjthOjI6e3M6Mzoib2xkIjthOjA6e31zOjM6Im5ldyI7YTowOnt9fX0=',1754714976),('et6xcRnNkJQdC1ofNkdtp5UFND81hdJw4NHDlU9e',NULL,'161.97.174.20','GuzzleHttp/7','YTozOntzOjY6Il90b2tlbiI7czo0MDoiN0JBRGdSTkRrV05uYUJ6N3lQNk4zbEh0R3NYVW16ZzlGRWUyeTFObSI7czo5OiJfcHJldmlvdXMiO2E6MTp7czozOiJ1cmwiO3M6NTU6Imh0dHBzOi8vaGVyaXRhZ2Vncm91cC5jby5rZS9ob3RzcG90LXN0YXRpYy1wYWdlcy9HSTZCWVQiO31zOjY6Il9mbGFzaCI7YToyOntzOjM6Im9sZCI7YTowOnt9czozOiJuZXciO2E6MDp7fX19',1754719130),('EVTPxU61kmtBNhUxYx62FVVcxpQ3wDkmxOz5OyIX',NULL,'111.113.89.81','Mozilla/5.0 (Windows NT 6.1) AppleWebKit/537.36 (KHTML, like Gecko) Chrome/49.0.2623.112 Safari/537.36','YTozOntzOjY6Il90b2tlbiI7czo0MDoiWGk5am1QazB6ZzFRSzdIYjhxRFhSemVqN3lNMjFaS0xvRmtmTUdodSI7czo5OiJfcHJldmlvdXMiO2E6MTp7czozOiJ1cmwiO3M6Mjc6Imh0dHBzOi8vaGVyaXRhZ2Vncm91cC5jby5rZSI7fXM6NjoiX2ZsYXNoIjthOjI6e3M6Mzoib2xkIjthOjA6e31zOjM6Im5ldyI7YTowOnt9fX0=',1754714973),('f3uZH7MZnNoDXfTmnw5N8cjAlUqQn77AixBw4Xf9',NULL,'112.94.252.95','Mozilla/5.0 (Windows NT 6.1) AppleWebKit/537.36 (KHTML, like Gecko) Chrome/49.0.2623.112 Safari/537.36','YTozOntzOjY6Il90b2tlbiI7czo0MDoiWWhEZVgxa0xWSnZZRmxkT25Xb3o2V212VXZkalQyN005NWd1cUNnYiI7czo5OiJfcHJldmlvdXMiO2E6MTp7czozOiJ1cmwiO3M6MjE6Imh0dHBzOi8vMTYxLjk3LjE3NC4yMCI7fXM6NjoiX2ZsYXNoIjthOjI6e3M6Mzoib2xkIjthOjA6e31zOjM6Im5ldyI7YTowOnt9fX0=',1754714852),('F4ogaSVyY0nkLcvHwyXGGJfjGUGRl4mRqGvunhQu',NULL,'221.207.35.89','Mozilla/5.0 (Windows NT 6.1) AppleWebKit/537.36 (KHTML, like Gecko) Chrome/49.0.2623.112 Safari/537.36','YTozOntzOjY6Il90b2tlbiI7czo0MDoiUzRheHQ4bjBXYUc3aGN1QmVkZkIwTW1FT0RnWUJQNjNURkdJQ3dmdiI7czo5OiJfcHJldmlvdXMiO2E6MTp7czozOiJ1cmwiO3M6Mjc6Imh0dHBzOi8vaGVyaXRhZ2Vncm91cC5jby5rZSI7fXM6NjoiX2ZsYXNoIjthOjI6e3M6Mzoib2xkIjthOjA6e31zOjM6Im5ldyI7YTowOnt9fX0=',1754714862),('fFlwBXjzXxZXV4velvyUre9439jzrRaMs6sFP8mD',NULL,'125.82.243.159','Mozilla/5.0 (Windows NT 6.1) AppleWebKit/537.36 (KHTML, like Gecko) Chrome/49.0.2623.112 Safari/537.36','YTozOntzOjY6Il90b2tlbiI7czo0MDoiNzZMM1hvV2NLa0duSE95ek1yNzRxZ090Q0tKYjAySHg3ZzgwMFlVNiI7czo5OiJfcHJldmlvdXMiO2E6MTp7czozOiJ1cmwiO3M6Mjc6Imh0dHBzOi8vaGVyaXRhZ2Vncm91cC5jby5rZSI7fXM6NjoiX2ZsYXNoIjthOjI6e3M6Mzoib2xkIjthOjA6e31zOjM6Im5ldyI7YTowOnt9fX0=',1754714857),('FksuxntaTdTktHOkYGuTjq7jgy0wBGjAqnsb4rmz',NULL,'111.113.89.185','Mozilla/5.0 (Windows NT 6.1) AppleWebKit/537.36 (KHTML, like Gecko) Chrome/49.0.2623.112 Safari/537.36','YTozOntzOjY6Il90b2tlbiI7czo0MDoibGppVUZsNnBvVlZLalUyT2xDS3BGUmVyWGNPMU5vYXhhT3hrMDBYSSI7czo5OiJfcHJldmlvdXMiO2E6MTp7czozOiJ1cmwiO3M6MzA6Imh0dHA6Ly93d3cuaGVyaXRhZ2Vncm91cC5jby5rZSI7fXM6NjoiX2ZsYXNoIjthOjI6e3M6Mzoib2xkIjthOjA6e31zOjM6Im5ldyI7YTowOnt9fX0=',1754714914),('fNv5CfNATojwGTbFw2vLpAe8i5wxtDNFjWQPaPXo',NULL,'223.199.160.248','Mozilla/5.0 (Windows NT 6.1) AppleWebKit/537.36 (KHTML, like Gecko) Chrome/49.0.2623.112 Safari/537.36','YTozOntzOjY6Il90b2tlbiI7czo0MDoiU2VGMkNHSHBMRzJYN01SOGNBWGlXenpCRDZmZTJleHFKQkFJYXduVCI7czo5OiJfcHJldmlvdXMiO2E6MTp7czozOiJ1cmwiO3M6MjY6Imh0dHA6Ly9oZXJpdGFnZWdyb3VwLmNvLmtlIjt9czo2OiJfZmxhc2giO2E6Mjp7czozOiJvbGQiO2E6MDp7fXM6MzoibmV3IjthOjA6e319fQ==',1754715031),('fOs91CLENVtFTekDs7pBGwWUUpogVAIIfRa6Y7f8',NULL,'197.136.9.5','Mozilla/5.0 (Linux; arm; Android 12; M2101K7BL) AppleWebKit/537.36 (KHTML, like Gecko) Chrome/118.0.5993.604 YaApp_Android/23.114.1 YaSearchBrowser/23.114.1 BroPP/1.0 SA/3 Mobile Safari/537.36','YTozOntzOjY6Il90b2tlbiI7czo0MDoia0lxNGcyMFphOHlZRWJpWERKV01KUkx2VnYwT1lGTDlWbVVFcmVLcyI7czo5OiJfcHJldmlvdXMiO2E6MTp7czozOiJ1cmwiO3M6Mjc6Imh0dHBzOi8vaGVyaXRhZ2Vncm91cC5jby5rZSI7fXM6NjoiX2ZsYXNoIjthOjI6e3M6Mzoib2xkIjthOjA6e31zOjM6Im5ldyI7YTowOnt9fX0=',1754722800),('FPHsEplhVD4OvNoggGFZqPjXeHjXX90SUAWB7Lzw',NULL,'175.152.197.135','Mozilla/5.0 (Windows NT 6.1) AppleWebKit/537.36 (KHTML, like Gecko) Chrome/49.0.2623.112 Safari/537.36','YTozOntzOjY6Il90b2tlbiI7czo0MDoiUzBZSmFLR2RzQklMc3o2MmN1ZklYeWJwVGhQNnNEd25jQ1RURXZqUiI7czo5OiJfcHJldmlvdXMiO2E6MTp7czozOiJ1cmwiO3M6MjY6Imh0dHA6Ly9oZXJpdGFnZWdyb3VwLmNvLmtlIjt9czo2OiJfZmxhc2giO2E6Mjp7czozOiJvbGQiO2E6MDp7fXM6MzoibmV3IjthOjA6e319fQ==',1754714966),('fSYqQWD54hppK7glVFg9SMWqW5c9zq8QqJkkkXv4',NULL,'118.212.121.200','Mozilla/5.0 (Windows NT 6.1) AppleWebKit/537.36 (KHTML, like Gecko) Chrome/49.0.2623.112 Safari/537.36','YTozOntzOjY6Il90b2tlbiI7czo0MDoiRDc2WENOeDM5Nk1GeGdnM2RidTBqeVcxazZkY0gxM09NR2FWY3F2NCI7czo5OiJfcHJldmlvdXMiO2E6MTp7czozOiJ1cmwiO3M6MzA6Imh0dHA6Ly93d3cuaGVyaXRhZ2Vncm91cC5jby5rZSI7fXM6NjoiX2ZsYXNoIjthOjI6e3M6Mzoib2xkIjthOjA6e31zOjM6Im5ldyI7YTowOnt9fX0=',1754715088),('fTZicMRdLcxu9YcOhmHkcVDzOfCl8Bz3WmNWD6QA',NULL,'142.250.32.40','Mozilla/5.0 (Linux; Android 10; K) AppleWebKit/537.36 (KHTML, like Gecko) Chrome/138.0.0.0 Mobile Safari/537.36 (compatible; Google-Read-Aloud; +https://support.google.com/webmasters/answer/1061943)','YTozOntzOjY6Il90b2tlbiI7czo0MDoiZlRCaFlESTR3TVA0bVRxUVNoZEJzemFhZzhOako0V3h6YUkzWlZ1QSI7czo5OiJfcHJldmlvdXMiO2E6MTp7czozOiJ1cmwiO3M6Mjc6Imh0dHBzOi8vaGVyaXRhZ2Vncm91cC5jby5rZSI7fXM6NjoiX2ZsYXNoIjthOjI6e3M6Mzoib2xkIjthOjA6e31zOjM6Im5ldyI7YTowOnt9fX0=',1754722801),('FwIAqTmjYfQy7ld70nVKo0jORO6mlNMUWdB81IBR',NULL,'36.106.166.241','Mozilla/5.0 (Windows NT 6.1) AppleWebKit/537.36 (KHTML, like Gecko) Chrome/49.0.2623.112 Safari/537.36','YTozOntzOjY6Il90b2tlbiI7czo0MDoib2VlV3BjRzhRNEszRzJNNUJvUDdRUXQySE8ySlNKb056ajNyRkNTdyI7czo5OiJfcHJldmlvdXMiO2E6MTp7czozOiJ1cmwiO3M6Mjc6Imh0dHBzOi8vaGVyaXRhZ2Vncm91cC5jby5rZSI7fXM6NjoiX2ZsYXNoIjthOjI6e3M6Mzoib2xkIjthOjA6e31zOjM6Im5ldyI7YTowOnt9fX0=',1754714853),('Fx2ZjEESMOQocpbRNU5ORBzR3xMswLvFRU1IXrvk',NULL,'59.52.176.230','Mozilla/5.0 (Windows NT 6.1) AppleWebKit/537.36 (KHTML, like Gecko) Chrome/49.0.2623.112 Safari/537.36','YTozOntzOjY6Il90b2tlbiI7czo0MDoiM0hCMmtLcW9Za0xCVjhaUzB4ZzNjMmh2QVVFT0NCTUN5cVcxeUY5MSI7czo5OiJfcHJldmlvdXMiO2E6MTp7czozOiJ1cmwiO3M6MzA6Imh0dHA6Ly93d3cuaGVyaXRhZ2Vncm91cC5jby5rZSI7fXM6NjoiX2ZsYXNoIjthOjI6e3M6Mzoib2xkIjthOjA6e31zOjM6Im5ldyI7YTowOnt9fX0=',1754714974),('FzSVipaF4MU23vseWSCI9IC1vmNGcy8sON21QTuM',NULL,'123.145.28.79','Mozilla/5.0 (Windows NT 6.1) AppleWebKit/537.36 (KHTML, like Gecko) Chrome/49.0.2623.112 Safari/537.36','YTozOntzOjY6Il90b2tlbiI7czo0MDoiWnc0T0ZEcmY3bkpVQUVsS2JDcFJtSmowakU3NlF6OUhRRlJxbm96RiI7czo5OiJfcHJldmlvdXMiO2E6MTp7czozOiJ1cmwiO3M6Mjc6Imh0dHBzOi8vaGVyaXRhZ2Vncm91cC5jby5rZSI7fXM6NjoiX2ZsYXNoIjthOjI6e3M6Mzoib2xkIjthOjA6e31zOjM6Im5ldyI7YTowOnt9fX0=',1754714854),('g7iY2nD8fDbqp82a4zqUHTLshFZhS7KucdPl2m22',NULL,'119.164.108.175','Mozilla/5.0 (Windows NT 6.1) AppleWebKit/537.36 (KHTML, like Gecko) Chrome/49.0.2623.112 Safari/537.36','YTozOntzOjY6Il90b2tlbiI7czo0MDoiUG9oTUZBcXVoa3pvb0tKS2JCV0w1UkZWUGU1VTVHN0J1akMyeHkwZyI7czo5OiJfcHJldmlvdXMiO2E6MTp7czozOiJ1cmwiO3M6MzA6Imh0dHA6Ly93d3cuaGVyaXRhZ2Vncm91cC5jby5rZSI7fXM6NjoiX2ZsYXNoIjthOjI6e3M6Mzoib2xkIjthOjA6e31zOjM6Im5ldyI7YTowOnt9fX0=',1754714866),('Gk9qFik3OukMC3cv7dKSk7orYTFA2PT1QqjpJUxh',NULL,'112.112.182.138','Mozilla/5.0 (Windows NT 6.1) AppleWebKit/537.36 (KHTML, like Gecko) Chrome/49.0.2623.112 Safari/537.36','YTozOntzOjY6Il90b2tlbiI7czo0MDoiZWkxMVdUdnRuYjZQSHFFdGZ2UzVzZEE1R2ZxaVhmS3hXQXc2UVIyMiI7czo5OiJfcHJldmlvdXMiO2E6MTp7czozOiJ1cmwiO3M6MzA6Imh0dHA6Ly93d3cuaGVyaXRhZ2Vncm91cC5jby5rZSI7fXM6NjoiX2ZsYXNoIjthOjI6e3M6Mzoib2xkIjthOjA6e31zOjM6Im5ldyI7YTowOnt9fX0=',1754715028),('Gmjp2d434UizXUAPHiOE1KQ1ry7IqXymphmWjd5k',NULL,'180.95.231.26','Mozilla/5.0 (Windows NT 6.1) AppleWebKit/537.36 (KHTML, like Gecko) Chrome/49.0.2623.112 Safari/537.36','YTozOntzOjY6Il90b2tlbiI7czo0MDoiNmVia3pSdDRJSnpySnFGSmZ3MFhvd29UZHBvckhib2o2clZvcTUxNCI7czo5OiJfcHJldmlvdXMiO2E6MTp7czozOiJ1cmwiO3M6Mjc6Imh0dHBzOi8vaGVyaXRhZ2Vncm91cC5jby5rZSI7fXM6NjoiX2ZsYXNoIjthOjI6e3M6Mzoib2xkIjthOjA6e31zOjM6Im5ldyI7YTowOnt9fX0=',1754714975),('GO2wLz9qhfTOZ3MumG2wxmyY0i3RtFTeIiqpdzkE',NULL,'220.167.232.73','Mozilla/5.0 (Windows NT 6.1) AppleWebKit/537.36 (KHTML, like Gecko) Chrome/49.0.2623.112 Safari/537.36','YTozOntzOjY6Il90b2tlbiI7czo0MDoiUlJSemZUSVMyTVRWbnRGV0xQQlE2bFJ1SWJaUHRITlpPbTJZZ00yciI7czo5OiJfcHJldmlvdXMiO2E6MTp7czozOiJ1cmwiO3M6Mjc6Imh0dHBzOi8vaGVyaXRhZ2Vncm91cC5jby5rZSI7fXM6NjoiX2ZsYXNoIjthOjI6e3M6Mzoib2xkIjthOjA6e31zOjM6Im5ldyI7YTowOnt9fX0=',1754714862),('gpQHWZ5umsdTB8tc9BWny4qglmcPy4sSZHQZVDv5',NULL,'60.13.138.71','Mozilla/5.0 (Windows NT 6.1) AppleWebKit/537.36 (KHTML, like Gecko) Chrome/49.0.2623.112 Safari/537.36','YTozOntzOjY6Il90b2tlbiI7czo0MDoiejhiRjBnRTRBdFppQ3l3bGxrZDlLNHBTYXN4SE1HV2E0enlya2t1NCI7czo5OiJfcHJldmlvdXMiO2E6MTp7czozOiJ1cmwiO3M6MjY6Imh0dHA6Ly9oZXJpdGFnZWdyb3VwLmNvLmtlIjt9czo2OiJfZmxhc2giO2E6Mjp7czozOiJvbGQiO2E6MDp7fXM6MzoibmV3IjthOjA6e319fQ==',1754715092),('grztKCwEWUWqi2ZHDpYkDxERfY14ENZhF3Ps4f83',NULL,'171.120.24.149','Mozilla/5.0 (Windows NT 6.1) AppleWebKit/537.36 (KHTML, like Gecko) Chrome/49.0.2623.112 Safari/537.36','YTozOntzOjY6Il90b2tlbiI7czo0MDoiOXN6dzNlb1Q5cGlpV1FrQ05kUk1TUmV2TVRlYlNQNmVtMFpVYkUyNyI7czo5OiJfcHJldmlvdXMiO2E6MTp7czozOiJ1cmwiO3M6MzA6Imh0dHA6Ly93d3cuaGVyaXRhZ2Vncm91cC5jby5rZSI7fXM6NjoiX2ZsYXNoIjthOjI6e3M6Mzoib2xkIjthOjA6e31zOjM6Im5ldyI7YTowOnt9fX0=',1754714973),('gtcsZQ2CmtWAoGvlv2UeoX3UgN1CvgniGrjIbdut',NULL,'124.31.106.71','Mozilla/5.0 (Windows NT 6.1) AppleWebKit/537.36 (KHTML, like Gecko) Chrome/49.0.2623.112 Safari/537.36','YTozOntzOjY6Il90b2tlbiI7czo0MDoiSlNVQUFORmxzdjJHM3k5S3hYMkVscjZlS1NmcUNMV3VUVFBxZ1NtcSI7czo5OiJfcHJldmlvdXMiO2E6MTp7czozOiJ1cmwiO3M6MjY6Imh0dHA6Ly9oZXJpdGFnZWdyb3VwLmNvLmtlIjt9czo2OiJfZmxhc2giO2E6Mjp7czozOiJvbGQiO2E6MDp7fXM6MzoibmV3IjthOjA6e319fQ==',1754715026),('GWxblWl2lt0H5Krgm5FBZz1TbnLeF96zsanhZL6K',NULL,'41.222.88.126','Mozilla/5.0 (Windows NT 10.0; Win64; x64; rv:141.0) Gecko/20100101 Firefox/141.0','YTozOntzOjY6Il90b2tlbiI7czo0MDoiZU5WZ1Vka0ExR1RUZ2hPMXhqOEFiN2wxUmJDekFVOVFlZVRSRGhoWiI7czo5OiJfcHJldmlvdXMiO2E6MTp7czozOiJ1cmwiO3M6NzE6Imh0dHBzOi8vaGVyaXRhZ2Vncm91cC5jby5rZS9tYXJrLW5vdGlmaWNhdGlvbi1hcy1yZWFkLzg/Xz0xNzU0NzIzNTQzNDQyIjt9czo2OiJfZmxhc2giO2E6Mjp7czozOiJvbGQiO2E6MDp7fXM6MzoibmV3IjthOjA6e319fQ==',1754725980),('HJeYY5P76VNsHyHXrJVoc5Rf7dodEv7mHdxt4KaB',NULL,'113.128.65.19','Mozilla/5.0 (Windows NT 6.1) AppleWebKit/537.36 (KHTML, like Gecko) Chrome/49.0.2623.112 Safari/537.36','YTozOntzOjY6Il90b2tlbiI7czo0MDoiR1VrVFREeE9xQTZTTGlsUkFwNFFqTldXeDJvd09Rckg5RHh2VFFWQyI7czo5OiJfcHJldmlvdXMiO2E6MTp7czozOiJ1cmwiO3M6Mjc6Imh0dHBzOi8vaGVyaXRhZ2Vncm91cC5jby5rZSI7fXM6NjoiX2ZsYXNoIjthOjI6e3M6Mzoib2xkIjthOjA6e31zOjM6Im5ldyI7YTowOnt9fX0=',1754715101),('hJqvVL2WMkHuqxtF98WFB7Y3tN2YV8hEVNWHYmiy',NULL,'61.167.255.219','Mozilla/5.0 (Windows NT 6.1) AppleWebKit/537.36 (KHTML, like Gecko) Chrome/49.0.2623.112 Safari/537.36','YTozOntzOjY6Il90b2tlbiI7czo0MDoibkI0emFUY2o4QjFxSVZ1S1E3ZzVtSGVySGtpcncwTE9HYk5uWkZzWiI7czo5OiJfcHJldmlvdXMiO2E6MTp7czozOiJ1cmwiO3M6Mjc6Imh0dHBzOi8vaGVyaXRhZ2Vncm91cC5jby5rZSI7fXM6NjoiX2ZsYXNoIjthOjI6e3M6Mzoib2xkIjthOjA6e31zOjM6Im5ldyI7YTowOnt9fX0=',1754715097),('hOB3TJTp09oGEc6xEofssHzxCtC4BFbzN4r44LXM',NULL,'61.133.211.68','Mozilla/5.0 (Windows NT 6.1) AppleWebKit/537.36 (KHTML, like Gecko) Chrome/49.0.2623.112 Safari/537.36','YTozOntzOjY6Il90b2tlbiI7czo0MDoicE1QcVV6ZEphd25hcnM5cW93dU05MHFXQnl3eVNacjJBQ05lZUJtWCI7czo5OiJfcHJldmlvdXMiO2E6MTp7czozOiJ1cmwiO3M6MjY6Imh0dHA6Ly9oZXJpdGFnZWdyb3VwLmNvLmtlIjt9czo2OiJfZmxhc2giO2E6Mjp7czozOiJvbGQiO2E6MDp7fXM6MzoibmV3IjthOjA6e319fQ==',1754714852),('hsi8qHZ0i9TXggrq3uVESMVFSP5UvIqbNjUIOI5W',NULL,'1.83.125.37','Mozilla/5.0 (Windows NT 6.1) AppleWebKit/537.36 (KHTML, like Gecko) Chrome/49.0.2623.112 Safari/537.36','YTozOntzOjY6Il90b2tlbiI7czo0MDoiTkdZVWlscU1vQWNWa0pCZnhnQ2NHcmEzSVBpNUVSWkpJN1ltQ3ZobSI7czo5OiJfcHJldmlvdXMiO2E6MTp7czozOiJ1cmwiO3M6MjY6Imh0dHA6Ly9oZXJpdGFnZWdyb3VwLmNvLmtlIjt9czo2OiJfZmxhc2giO2E6Mjp7czozOiJvbGQiO2E6MDp7fXM6MzoibmV3IjthOjA6e319fQ==',1754715094),('hyxYNSzltdlyYuCT5rQ7sPSMqWPYJ7wVajpuAtOU',NULL,'218.104.149.187','Mozilla/5.0 (Windows NT 6.1) AppleWebKit/537.36 (KHTML, like Gecko) Chrome/49.0.2623.112 Safari/537.36','YTozOntzOjY6Il90b2tlbiI7czo0MDoia2x4emlDRHpBODE0bDBiNEo4VGpCZnF5bUZ0V1ZBcWxLaHFua3ZCUiI7czo5OiJfcHJldmlvdXMiO2E6MTp7czozOiJ1cmwiO3M6MzA6Imh0dHA6Ly93d3cuaGVyaXRhZ2Vncm91cC5jby5rZSI7fXM6NjoiX2ZsYXNoIjthOjI6e3M6Mzoib2xkIjthOjA6e31zOjM6Im5ldyI7YTowOnt9fX0=',1754714919),('iB342kgodKXeCXqToIApKJ8SxRqQEtbZfzRvJrBz',NULL,'1.85.218.13','Mozilla/5.0 (Windows NT 6.1) AppleWebKit/537.36 (KHTML, like Gecko) Chrome/49.0.2623.112 Safari/537.36','YTozOntzOjY6Il90b2tlbiI7czo0MDoicmVVU0RqUU5WUUJmT05JQnd5RXEyVkR6NzZRZjBGY2ZmZDBUdWxBcCI7czo5OiJfcHJldmlvdXMiO2E6MTp7czozOiJ1cmwiO3M6MzA6Imh0dHA6Ly93d3cuaGVyaXRhZ2Vncm91cC5jby5rZSI7fXM6NjoiX2ZsYXNoIjthOjI6e3M6Mzoib2xkIjthOjA6e31zOjM6Im5ldyI7YTowOnt9fX0=',1754714983),('iGn6TKIgk010gDz9BRcorJ5Y9JBdicNZZ2QPTjFr',NULL,'91.107.176.168','libredtail-http','YTozOntzOjY6Il90b2tlbiI7czo0MDoiTWRqMHpZMTlqbnlDTjd3eEY5THBaT0hvWk5ISGFzRHVaTDVYdEliZyI7czo5OiJfcHJldmlvdXMiO2E6MTp7czozOiJ1cmwiO3M6MTUzOiJodHRwOi8vMTYxLjk3LjE3NC4yMC9wdWJsaWMvaW5kZXgucGhwP2Z1bmN0aW9uPWNhbGxfdXNlcl9mdW5jX2FycmF5JnM9JTJGaW5kZXglMkYlNUN0aGluayU1Q2FwcCUyRmludm9rZWZ1bmN0aW9uJnZhcnMlNUIwJTVEPW1kNSZ2YXJzJTVCMSU1RCU1QjAlNUQ9SGVsbG8iO31zOjY6Il9mbGFzaCI7YToyOntzOjM6Im9sZCI7YTowOnt9czozOiJuZXciO2E6MDp7fX19',1754710621),('IM3euqOp6nupeXt7eVKdF6GMxlEyGSuK3ccS3YAc',NULL,'221.11.60.157','Mozilla/5.0 (Windows NT 6.1) AppleWebKit/537.36 (KHTML, like Gecko) Chrome/49.0.2623.112 Safari/537.36','YTozOntzOjY6Il90b2tlbiI7czo0MDoiZGR5d2hQc3NpN1RDMUZzTFF6RTY3QmFKY1NaTUNHTmJWZndZOHVnRCI7czo5OiJfcHJldmlvdXMiO2E6MTp7czozOiJ1cmwiO3M6Mjc6Imh0dHBzOi8vaGVyaXRhZ2Vncm91cC5jby5rZSI7fXM6NjoiX2ZsYXNoIjthOjI6e3M6Mzoib2xkIjthOjA6e31zOjM6Im5ldyI7YTowOnt9fX0=',1754715093),('iUiJW4wYiBNNAzIEaHIFkhnhZpVAPa9z5SslrVMh',NULL,'124.31.107.12','Mozilla/5.0 (Windows NT 6.1) AppleWebKit/537.36 (KHTML, like Gecko) Chrome/49.0.2623.112 Safari/537.36','YTozOntzOjY6Il90b2tlbiI7czo0MDoiazVDSWxoYXNiQmhoRk9oWVNQeHVDa3BIaHdzZEZBQWhKTWlVb0M0dyI7czo5OiJfcHJldmlvdXMiO2E6MTp7czozOiJ1cmwiO3M6Mjc6Imh0dHBzOi8vaGVyaXRhZ2Vncm91cC5jby5rZSI7fXM6NjoiX2ZsYXNoIjthOjI6e3M6Mzoib2xkIjthOjA6e31zOjM6Im5ldyI7YTowOnt9fX0=',1754715042),('jFK4489ezPSIH4wvpcU6Y3vMB4mAvYsgTP2RcMry',NULL,'156.146.48.214','Mozilla/5.0 (X11; Linux x86_64) AppleWebKit/537.36 (KHTML, like Gecko) Chrome/136.0.0.0 Safari/537.36','YTozOntzOjY6Il90b2tlbiI7czo0MDoiY05xcmFHWjlmNHF2T09sc3htZ1BoTTRxYzFaNWdsekdSaWZIZUozRCI7czo5OiJfcHJldmlvdXMiO2E6MTp7czozOiJ1cmwiO3M6MzE6Imh0dHBzOi8vZnRwLmhlcml0YWdlZ3JvdXAuY28ua2UiO31zOjY6Il9mbGFzaCI7YToyOntzOjM6Im9sZCI7YTowOnt9czozOiJuZXciO2E6MDp7fX19',1754731690),('JgJJHCUBsJU7AySFqe8M88poR9PctYUrzIWfx02n',NULL,'113.206.131.85','Mozilla/5.0 (Windows NT 6.1) AppleWebKit/537.36 (KHTML, like Gecko) Chrome/49.0.2623.112 Safari/537.36','YTozOntzOjY6Il90b2tlbiI7czo0MDoiZDdGY3liSGJrRXJXTXZncWh4MXFVZEdnVDY2ckR2N1RVbVRaMlFMSCI7czo5OiJfcHJldmlvdXMiO2E6MTp7czozOiJ1cmwiO3M6MjY6Imh0dHA6Ly9oZXJpdGFnZWdyb3VwLmNvLmtlIjt9czo2OiJfZmxhc2giO2E6Mjp7czozOiJvbGQiO2E6MDp7fXM6MzoibmV3IjthOjA6e319fQ==',1754714922),('Jn9vzX6LqCbLWqyax2OwCrMXmQmtSLLH3Ihju3jL',NULL,'45.79.120.183','Mozilla/5.0 (Windows NT 10.0; Win64; x64; rv:99.0) Gecko/20100101 Firefox/99.0','YTozOntzOjY6Il90b2tlbiI7czo0MDoiRldiZ2JDWHBhMkZncjlyZlpkOUdtWEp5Q2c4Vkd6Y2k3VXI3NUVGZiI7czo5OiJfcHJldmlvdXMiO2E6MTp7czozOiJ1cmwiO3M6MjE6Imh0dHBzOi8vMTYxLjk3LjE3NC4yMCI7fXM6NjoiX2ZsYXNoIjthOjI6e3M6Mzoib2xkIjthOjA6e31zOjM6Im5ldyI7YTowOnt9fX0=',1754710391),('jNtR47LRtjzkSUswYtlcBYeKKrf6nHWHS28hwIcw',NULL,'58.212.237.164','Mozilla/5.0 (Windows NT 6.1) AppleWebKit/537.36 (KHTML, like Gecko) Chrome/49.0.2623.112 Safari/537.36','YTozOntzOjY6Il90b2tlbiI7czo0MDoiOUFHQkZiN25Zc0hCVncxQlZmNlhKd2NHUFpmcThqZjVxZWtnZk8wWCI7czo5OiJfcHJldmlvdXMiO2E6MTp7czozOiJ1cmwiO3M6MzA6Imh0dHA6Ly93d3cuaGVyaXRhZ2Vncm91cC5jby5rZSI7fXM6NjoiX2ZsYXNoIjthOjI6e3M6Mzoib2xkIjthOjA6e31zOjM6Im5ldyI7YTowOnt9fX0=',1754715100),('JofknuDxI1ZZqkUdUPnpHqqYQNsjGW2o69PvSArs',NULL,'124.31.106.23','Mozilla/5.0 (Windows NT 6.1) AppleWebKit/537.36 (KHTML, like Gecko) Chrome/49.0.2623.112 Safari/537.36','YTozOntzOjY6Il90b2tlbiI7czo0MDoiRkhYcHpEWFV5MnQzd0ZYcng3TWlsUkNQTTFiTWx4dVV6TkZ6QThwciI7czo5OiJfcHJldmlvdXMiO2E6MTp7czozOiJ1cmwiO3M6Mjc6Imh0dHBzOi8vaGVyaXRhZ2Vncm91cC5jby5rZSI7fXM6NjoiX2ZsYXNoIjthOjI6e3M6Mzoib2xkIjthOjA6e31zOjM6Im5ldyI7YTowOnt9fX0=',1754715032),('JoFrKzOMXuSTVpUqb7vlEhuRb3z8RcJTSkieBKTR',NULL,'123.178.210.116','Mozilla/5.0 (Windows NT 6.1) AppleWebKit/537.36 (KHTML, like Gecko) Chrome/49.0.2623.112 Safari/537.36','YTozOntzOjY6Il90b2tlbiI7czo0MDoiSVMxYU0wTFBFS3JjaFFTa0ZOU0FPb0M1bUJTNFh1WmdubUN6TzNkMCI7czo5OiJfcHJldmlvdXMiO2E6MTp7czozOiJ1cmwiO3M6Mjc6Imh0dHBzOi8vaGVyaXRhZ2Vncm91cC5jby5rZSI7fXM6NjoiX2ZsYXNoIjthOjI6e3M6Mzoib2xkIjthOjA6e31zOjM6Im5ldyI7YTowOnt9fX0=',1754714975),('JP26mDgE1zo0OAwcThAB9pjoAXVjUFEYnfTROWS1',NULL,'195.184.76.37','Mozilla/5.0 (X11; Ubuntu; Linux x86_64; rv:134.0) Gecko/20100101 Firefox/134.0','YTozOntzOjY6Il90b2tlbiI7czo0MDoiQVVtQ3ZWU2JoNnkyd1FjT1JkYW52aTJmdUlrZXo4cDlsbUJKaUNtVyI7czo5OiJfcHJldmlvdXMiO2E6MTp7czozOiJ1cmwiO3M6MjE6Imh0dHBzOi8vMTYxLjk3LjE3NC4yMCI7fXM6NjoiX2ZsYXNoIjthOjI6e3M6Mzoib2xkIjthOjA6e31zOjM6Im5ldyI7YTowOnt9fX0=',1754719736),('jp6b1d5cb37gugI1XnALeJ3aQiUEzXvrPBnjg3uG',NULL,'113.128.237.244','Mozilla/5.0 (Windows NT 6.1) AppleWebKit/537.36 (KHTML, like Gecko) Chrome/49.0.2623.112 Safari/537.36','YTozOntzOjY6Il90b2tlbiI7czo0MDoiYXdqb1BGS2hsNHhuMFBONHRiRWJ6NGdoNDVtZkxiQm9nWXBYbFFUdSI7czo5OiJfcHJldmlvdXMiO2E6MTp7czozOiJ1cmwiO3M6MzA6Imh0dHA6Ly93d3cuaGVyaXRhZ2Vncm91cC5jby5rZSI7fXM6NjoiX2ZsYXNoIjthOjI6e3M6Mzoib2xkIjthOjA6e31zOjM6Im5ldyI7YTowOnt9fX0=',1754715105),('jQ6tLCYM24qRhMvzhsEAKgZBhoc1WTINDOMk3O8T',NULL,'46.105.42.96','Mozilla/5.0 (compatible; MJ12bot/v2.0.2; http://mj12bot.com/)','YTozOntzOjY6Il90b2tlbiI7czo0MDoiaVF2cjRudEEwSDk1VzZIeElIUk50VzFhVFBpUWxHWlpEZHZLSHpRYiI7czo5OiJfcHJldmlvdXMiO2E6MTp7czozOiJ1cmwiO3M6MjY6Imh0dHA6Ly9oZXJpdGFnZWdyb3VwLmNvLmtlIjt9czo2OiJfZmxhc2giO2E6Mjp7czozOiJvbGQiO2E6MDp7fXM6MzoibmV3IjthOjA6e319fQ==',1754720264),('jSTKNEXkABfiTKusw7UNkyVwZjpMi2s0zXAeFook',NULL,'102.215.33.169','Mozilla/5.0 (Linux; Android 10; K) AppleWebKit/537.36 (KHTML, like Gecko) Chrome/138.0.0.0 Mobile Safari/537.36','YTozOntzOjY6Il90b2tlbiI7czo0MDoiZ2ZGMDU0dTQ5dVBBVnl0TVRZVFRiRWcwWk9ldUh2MW0wVHFpejlLWCI7czo5OiJfcHJldmlvdXMiO2E6MTp7czozOiJ1cmwiO3M6Mjc6Imh0dHBzOi8vaGVyaXRhZ2Vncm91cC5jby5rZSI7fXM6NjoiX2ZsYXNoIjthOjI6e3M6Mzoib2xkIjthOjA6e31zOjM6Im5ldyI7YTowOnt9fX0=',1754722795),('kbDNUJF039WJwo1thQUzRthNHIqKX0I3Y2VOWLZV',NULL,'124.89.89.150','Mozilla/5.0 (Windows NT 6.1) AppleWebKit/537.36 (KHTML, like Gecko) Chrome/49.0.2623.112 Safari/537.36','YTozOntzOjY6Il90b2tlbiI7czo0MDoiSzd4UjNFUzZ1RWpXZUE5dHVNMURVVVhnUGJPMm14N1plS2I2THBlYiI7czo5OiJfcHJldmlvdXMiO2E6MTp7czozOiJ1cmwiO3M6MjY6Imh0dHA6Ly9oZXJpdGFnZWdyb3VwLmNvLmtlIjt9czo2OiJfZmxhc2giO2E6Mjp7czozOiJvbGQiO2E6MDp7fXM6MzoibmV3IjthOjA6e319fQ==',1754715105),('kBHCqqTM8tzkVwWgQCuz9G9B27OZMCQWDyBiUvEw',NULL,'59.173.134.192','Mozilla/5.0 (Windows NT 6.1) AppleWebKit/537.36 (KHTML, like Gecko) Chrome/49.0.2623.112 Safari/537.36','YTozOntzOjY6Il90b2tlbiI7czo0MDoiY3pIbm9oRlVvNXpVODFRSVFFTmF2M1M5YlNpZXhzZlJkVE5Mb2FKNiI7czo5OiJfcHJldmlvdXMiO2E6MTp7czozOiJ1cmwiO3M6Mjc6Imh0dHBzOi8vaGVyaXRhZ2Vncm91cC5jby5rZSI7fXM6NjoiX2ZsYXNoIjthOjI6e3M6Mzoib2xkIjthOjA6e31zOjM6Im5ldyI7YTowOnt9fX0=',1754715092),('KBk0HhleGwKmzK6lMvoSz3EsFJHYGMVt2pwScKiu',NULL,'183.160.194.242','Mozilla/5.0 (Windows NT 6.1) AppleWebKit/537.36 (KHTML, like Gecko) Chrome/49.0.2623.112 Safari/537.36','YTozOntzOjY6Il90b2tlbiI7czo0MDoiYmtSMXBWNFJ3TmhKZm5oM3NxR2R5aW1GUTNrYXNLWmNuRXdHYzI2TiI7czo5OiJfcHJldmlvdXMiO2E6MTp7czozOiJ1cmwiO3M6MzA6Imh0dHA6Ly93d3cuaGVyaXRhZ2Vncm91cC5jby5rZSI7fXM6NjoiX2ZsYXNoIjthOjI6e3M6Mzoib2xkIjthOjA6e31zOjM6Im5ldyI7YTowOnt9fX0=',1754714972),('kcveohjG0slVzp55i6WiZTuKrfvISCcidrMVuaNt',NULL,'51.68.111.242','Mozilla/5.0 (compatible; MJ12bot/v2.0.2; http://mj12bot.com/)','YTozOntzOjY6Il90b2tlbiI7czo0MDoiU25nQ2RubUFFN3ltbXExQ0xGNlBxZFlNWGtLaG13YTduWGdNaHRXNSI7czo5OiJfcHJldmlvdXMiO2E6MTp7czozOiJ1cmwiO3M6Mjc6Imh0dHBzOi8vaGVyaXRhZ2Vncm91cC5jby5rZSI7fXM6NjoiX2ZsYXNoIjthOjI6e3M6Mzoib2xkIjthOjA6e31zOjM6Im5ldyI7YTowOnt9fX0=',1754727596),('kDuviYogSfKL1hfdSgxwPCkTrhDQhAmKDV5yGNJd',NULL,'116.172.201.104','','YTozOntzOjY6Il90b2tlbiI7czo0MDoiaWxKM1lQNlh2blhlQzhWRDdCV2NyRHU0NHJlb0VNNmtqQnIzeHVEVyI7czo5OiJfcHJldmlvdXMiO2E6MTp7czozOiJ1cmwiO3M6MjE6Imh0dHBzOi8vMTYxLjk3LjE3NC4yMCI7fXM6NjoiX2ZsYXNoIjthOjI6e3M6Mzoib2xkIjthOjA6e31zOjM6Im5ldyI7YTowOnt9fX0=',1754714444),('KKB3wVHwM3FLEmGInejzJuPQ1mNQ6xJ2WdOpkB50',NULL,'120.36.16.179','Mozilla/5.0 (Windows NT 6.1) AppleWebKit/537.36 (KHTML, like Gecko) Chrome/49.0.2623.112 Safari/537.36','YTozOntzOjY6Il90b2tlbiI7czo0MDoiQkR3YXVibmE1U1FITVJua0tvUjQ1WTRseDA0clBtTUZpNDJUNDJZaiI7czo5OiJfcHJldmlvdXMiO2E6MTp7czozOiJ1cmwiO3M6Mjc6Imh0dHBzOi8vaGVyaXRhZ2Vncm91cC5jby5rZSI7fXM6NjoiX2ZsYXNoIjthOjI6e3M6Mzoib2xkIjthOjA6e31zOjM6Im5ldyI7YTowOnt9fX0=',1754714967),('KMxm2wMxoB39yfm6ozXCiZrX0u4IFIVON7gO57Rr',NULL,'43.248.108.120','Mozilla/5.0 (Windows NT 6.1) AppleWebKit/537.36 (KHTML, like Gecko) Chrome/49.0.2623.112 Safari/537.36','YTozOntzOjY6Il90b2tlbiI7czo0MDoiMHJpWlh6N0NFYTVzOUVVZkYwVzVNMHNTTG5adnh0RnJOOEpHcEZPNSI7czo5OiJfcHJldmlvdXMiO2E6MTp7czozOiJ1cmwiO3M6MzA6Imh0dHA6Ly93d3cuaGVyaXRhZ2Vncm91cC5jby5rZSI7fXM6NjoiX2ZsYXNoIjthOjI6e3M6Mzoib2xkIjthOjA6e31zOjM6Im5ldyI7YTowOnt9fX0=',1754715106),('knVWAvV6FIRmQkNXpRJzEWG72nPKuH9lMOP6k9W1',NULL,'36.32.3.192','Mozilla/5.0 (Windows NT 6.1) AppleWebKit/537.36 (KHTML, like Gecko) Chrome/49.0.2623.112 Safari/537.36','YTozOntzOjY6Il90b2tlbiI7czo0MDoidWdOTTBFejBPNHY2ZkY4YVQ4eUVicFhRTjdZTnZucGhuVFhUSVRicSI7czo5OiJfcHJldmlvdXMiO2E6MTp7czozOiJ1cmwiO3M6MzA6Imh0dHA6Ly93d3cuaGVyaXRhZ2Vncm91cC5jby5rZSI7fXM6NjoiX2ZsYXNoIjthOjI6e3M6Mzoib2xkIjthOjA6e31zOjM6Im5ldyI7YTowOnt9fX0=',1754715039),('kPo2dFATBLXiVeZcCUGLC3N2aq7jGyjnpZSyuT80',NULL,'123.144.22.235','Mozilla/5.0 (Windows NT 6.1) AppleWebKit/537.36 (KHTML, like Gecko) Chrome/49.0.2623.112 Safari/537.36','YTozOntzOjY6Il90b2tlbiI7czo0MDoidUxMRXVyZm9UdFBTa21YSmxkM2F2MUZ4MzFRNVJLZm9BbUh3UWNOYyI7czo5OiJfcHJldmlvdXMiO2E6MTp7czozOiJ1cmwiO3M6MjY6Imh0dHA6Ly9oZXJpdGFnZWdyb3VwLmNvLmtlIjt9czo2OiJfZmxhc2giO2E6Mjp7czozOiJvbGQiO2E6MDp7fXM6MzoibmV3IjthOjA6e319fQ==',1754714927),('kskwNSXOCQj5yTCTb0qHDBNfstd6SB2GcWembBP4',NULL,'123.157.193.10','Mozilla/5.0 (Windows NT 6.1) AppleWebKit/537.36 (KHTML, like Gecko) Chrome/49.0.2623.112 Safari/537.36','YTozOntzOjY6Il90b2tlbiI7czo0MDoiOXc3SkQ3dlFXek9USlp1a3JEVElhQVh2aDV0akpmVDYwVm1neWU5UCI7czo5OiJfcHJldmlvdXMiO2E6MTp7czozOiJ1cmwiO3M6Mjc6Imh0dHBzOi8vaGVyaXRhZ2Vncm91cC5jby5rZSI7fXM6NjoiX2ZsYXNoIjthOjI6e3M6Mzoib2xkIjthOjA6e31zOjM6Im5ldyI7YTowOnt9fX0=',1754715050),('KviJ2Sm0g1XEWnzSVSb1UOnXqkLETnbNVuFGDVtX',NULL,'118.212.121.207','Mozilla/5.0 (Windows NT 6.1) AppleWebKit/537.36 (KHTML, like Gecko) Chrome/49.0.2623.112 Safari/537.36','YTozOntzOjY6Il90b2tlbiI7czo0MDoiZ1dNcXhrUE5qQThienF1dWZZRFlQaHBjN2lGc2JQSnB2VnZkTG9kTyI7czo5OiJfcHJldmlvdXMiO2E6MTp7czozOiJ1cmwiO3M6MjY6Imh0dHA6Ly9oZXJpdGFnZWdyb3VwLmNvLmtlIjt9czo2OiJfZmxhc2giO2E6Mjp7czozOiJvbGQiO2E6MDp7fXM6MzoibmV3IjthOjA6e319fQ==',1754714968),('L5Nuwt8mJHGAJod3BPhqH1rq5NeSdG79zXpHxh0l',NULL,'42.63.51.26','Mozilla/5.0 (Windows NT 6.1) AppleWebKit/537.36 (KHTML, like Gecko) Chrome/49.0.2623.112 Safari/537.36','YTozOntzOjY6Il90b2tlbiI7czo0MDoiMzVOTjF1bmt4c2NaRXF2SjlPU0hDVXJ4c3p2Uk1wbDdyaVd1RE9UMCI7czo5OiJfcHJldmlvdXMiO2E6MTp7czozOiJ1cmwiO3M6Mjc6Imh0dHBzOi8vaGVyaXRhZ2Vncm91cC5jby5rZSI7fXM6NjoiX2ZsYXNoIjthOjI6e3M6Mzoib2xkIjthOjA6e31zOjM6Im5ldyI7YTowOnt9fX0=',1754715094),('lCTvHws9b0xN4rK3excn8eXlAFxR74vWAfQ4Pxpn',NULL,'36.106.166.90','Mozilla/5.0 (Windows NT 6.1) AppleWebKit/537.36 (KHTML, like Gecko) Chrome/49.0.2623.112 Safari/537.36','YTozOntzOjY6Il90b2tlbiI7czo0MDoiRUZhMG1aelhlNnBWaVhJaXdrTE5ONjFINXkzSmJXalNEWnVNYlZocSI7czo5OiJfcHJldmlvdXMiO2E6MTp7czozOiJ1cmwiO3M6Mjc6Imh0dHBzOi8vaGVyaXRhZ2Vncm91cC5jby5rZSI7fXM6NjoiX2ZsYXNoIjthOjI6e3M6Mzoib2xkIjthOjA6e31zOjM6Im5ldyI7YTowOnt9fX0=',1754714730),('lmKRzbmcah2ZIlQu05Mq2t7aDMcGgq8lNvTgdSNl',NULL,'220.167.232.205','Mozilla/5.0 (Windows NT 6.1) AppleWebKit/537.36 (KHTML, like Gecko) Chrome/49.0.2623.112 Safari/537.36','YTozOntzOjY6Il90b2tlbiI7czo0MDoiY1I4a29QcFA5U1ZxU1RtUDlocDk3d1p0YnJMc2h1S05ReWo1MFpIMiI7czo5OiJfcHJldmlvdXMiO2E6MTp7czozOiJ1cmwiO3M6MjY6Imh0dHA6Ly9oZXJpdGFnZWdyb3VwLmNvLmtlIjt9czo2OiJfZmxhc2giO2E6Mjp7czozOiJvbGQiO2E6MDp7fXM6MzoibmV3IjthOjA6e319fQ==',1754714995),('lqv91cWpPuzi5UaizF0MCHD0isUtgsjHX8240Reh',NULL,'111.224.220.114','Mozilla/5.0 (Windows NT 6.1) AppleWebKit/537.36 (KHTML, like Gecko) Chrome/49.0.2623.112 Safari/537.36','YTozOntzOjY6Il90b2tlbiI7czo0MDoiNzBLcmJ4RGJZaXQ3Um5rdERSTU9tMFJaZTVuczZHZ0lWbnF3azluSCI7czo5OiJfcHJldmlvdXMiO2E6MTp7czozOiJ1cmwiO3M6Mjc6Imh0dHBzOi8vaGVyaXRhZ2Vncm91cC5jby5rZSI7fXM6NjoiX2ZsYXNoIjthOjI6e3M6Mzoib2xkIjthOjA6e31zOjM6Im5ldyI7YTowOnt9fX0=',1754714981),('lr3Nn3DVd3uVX8zIylWtXxxdH5jeuMZWvfvqNf5N',NULL,'167.94.138.177','Mozilla/5.0 (compatible; CensysInspect/1.1; +https://about.censys.io/)','YTozOntzOjY6Il90b2tlbiI7czo0MDoiWFVpZkpBanM2aUM2NzcwQldUUWNnb3NiUGJrM3dNTjFHMjhDM1dPeCI7czo5OiJfcHJldmlvdXMiO2E6MTp7czozOiJ1cmwiO3M6MjE6Imh0dHBzOi8vMTYxLjk3LjE3NC4yMCI7fXM6NjoiX2ZsYXNoIjthOjI6e3M6Mzoib2xkIjthOjA6e31zOjM6Im5ldyI7YTowOnt9fX0=',1754707714),('lxwcLnCfv9v2INTeS2gbMlFBWTx5aFVcw6cGJvuE',NULL,'183.160.195.37','Mozilla/5.0 (Windows NT 6.1) AppleWebKit/537.36 (KHTML, like Gecko) Chrome/49.0.2623.112 Safari/537.36','YTozOntzOjY6Il90b2tlbiI7czo0MDoiZEw4N1ZzV1FhVmgyTzNPakx6bDdqTlhqcTk5UjVOcG9JdVZKUkgyViI7czo5OiJfcHJldmlvdXMiO2E6MTp7czozOiJ1cmwiO3M6MzA6Imh0dHA6Ly93d3cuaGVyaXRhZ2Vncm91cC5jby5rZSI7fXM6NjoiX2ZsYXNoIjthOjI6e3M6Mzoib2xkIjthOjA6e31zOjM6Im5ldyI7YTowOnt9fX0=',1754714969),('lXYEYpBxjGwOy0lYOZQlXjLmcVbPi1Uc7W6T36NE',NULL,'124.31.106.150','','YTozOntzOjY6Il90b2tlbiI7czo0MDoiUE1QNWh0Wm1Hb2htWktpa0lLSGdtc2NZeTNoSVlncmtqUXhsaW5vSiI7czo5OiJfcHJldmlvdXMiO2E6MTp7czozOiJ1cmwiO3M6MjE6Imh0dHBzOi8vMTYxLjk3LjE3NC4yMCI7fXM6NjoiX2ZsYXNoIjthOjI6e3M6Mzoib2xkIjthOjA6e31zOjM6Im5ldyI7YTowOnt9fX0=',1754714455),('lzYRj575lx3bd9Wp6VFJ26TLjYBAzi39PXlFWuIf',NULL,'171.120.158.101','Mozilla/5.0 (Windows NT 6.1) AppleWebKit/537.36 (KHTML, like Gecko) Chrome/49.0.2623.112 Safari/537.36','YTozOntzOjY6Il90b2tlbiI7czo0MDoidE5qN1lWMlBuNXc4WnluNldtenVudE1YUFlrUU1Fb25LdE1rSmFldCI7czo5OiJfcHJldmlvdXMiO2E6MTp7czozOiJ1cmwiO3M6Mjc6Imh0dHBzOi8vaGVyaXRhZ2Vncm91cC5jby5rZSI7fXM6NjoiX2ZsYXNoIjthOjI6e3M6Mzoib2xkIjthOjA6e31zOjM6Im5ldyI7YTowOnt9fX0=',1754714912),('M5UeuG0DJLBWNJScAXcSu0iGNYmUSbrkfYrBrXX7',NULL,'182.138.158.228','Mozilla/5.0 (Windows NT 6.1) AppleWebKit/537.36 (KHTML, like Gecko) Chrome/49.0.2623.112 Safari/537.36','YTozOntzOjY6Il90b2tlbiI7czo0MDoiVWU5amxZZTI5clZ3MlNnejJWbGl4QkZjNmVzaVp4cmJMZWZkdEdoNSI7czo5OiJfcHJldmlvdXMiO2E6MTp7czozOiJ1cmwiO3M6MjY6Imh0dHA6Ly9oZXJpdGFnZWdyb3VwLmNvLmtlIjt9czo2OiJfZmxhc2giO2E6Mjp7czozOiJvbGQiO2E6MDp7fXM6MzoibmV3IjthOjA6e319fQ==',1754715103),('M7MmyIoieJZA6QqaKu6m9S9rGSmjbqhPyQ13pTUb',NULL,'60.13.6.197','Mozilla/5.0 (Windows NT 6.1) AppleWebKit/537.36 (KHTML, like Gecko) Chrome/49.0.2623.112 Safari/537.36','YTozOntzOjY6Il90b2tlbiI7czo0MDoidWNET2w2S283U0hZcndUeHRadzNpemVoMVRqUkQxMnlyRHFkNUtMcSI7czo5OiJfcHJldmlvdXMiO2E6MTp7czozOiJ1cmwiO3M6Mjc6Imh0dHBzOi8vaGVyaXRhZ2Vncm91cC5jby5rZSI7fXM6NjoiX2ZsYXNoIjthOjI6e3M6Mzoib2xkIjthOjA6e31zOjM6Im5ldyI7YTowOnt9fX0=',1754714973),('Mqp9BEhZBfHDMF9r5h4Umim1hmyXq4OP4VI0FTLH',NULL,'116.172.249.26','Mozilla/5.0 (Windows NT 6.1) AppleWebKit/537.36 (KHTML, like Gecko) Chrome/49.0.2623.112 Safari/537.36','YTozOntzOjY6Il90b2tlbiI7czo0MDoiVzlPdUhlUlVIOGpSeEtvMXJzZVdQN1RDdFVHME5BZElyT0N1NXVRTSI7czo5OiJfcHJldmlvdXMiO2E6MTp7czozOiJ1cmwiO3M6Mjc6Imh0dHBzOi8vaGVyaXRhZ2Vncm91cC5jby5rZSI7fXM6NjoiX2ZsYXNoIjthOjI6e3M6Mzoib2xkIjthOjA6e31zOjM6Im5ldyI7YTowOnt9fX0=',1754714969),('mWVRuLm4rGsQ0o0WDHt0BdI213XJdnYycFliqkdG',NULL,'41.222.88.126','Mozilla/5.0 (Windows NT 10.0; Win64; x64; rv:141.0) Gecko/20100101 Firefox/141.0','YTozOntzOjY6Il90b2tlbiI7czo0MDoiazU0MlBmVzZ1YzZJdk9zc3hzUEYzYjdmSlk0ZW5zWUNrZVdmOTh2cSI7czo5OiJfcHJldmlvdXMiO2E6MTp7czozOiJ1cmwiO3M6NTM6Imh0dHBzOi8vaGVyaXRhZ2Vncm91cC5jby5rZS9jb21wYW55LXNtcy11bml0cy1iYWxhbmNlIjt9czo2OiJfZmxhc2giO2E6Mjp7czozOiJvbGQiO2E6MDp7fXM6MzoibmV3IjthOjA6e319fQ==',1754726383),('n0i5KS7mgyP5Cjrp8e397RnU8KLo6w4uMK3GpDU2',NULL,'41.222.88.126','Mozilla/5.0 (Windows NT 10.0; Win64; x64; rv:141.0) Gecko/20100101 Firefox/141.0','YTozOntzOjY6Il90b2tlbiI7czo0MDoieUllZ2x2aG9zZVpVOTBFendkTEJoamQyenY4RjFrNlh5OEtqd0w0NyI7czo5OiJfcHJldmlvdXMiO2E6MTp7czozOiJ1cmwiO3M6NTM6Imh0dHBzOi8vaGVyaXRhZ2Vncm91cC5jby5rZS9jb21wYW55LXNtcy11bml0cy1iYWxhbmNlIjt9czo2OiJfZmxhc2giO2E6Mjp7czozOiJvbGQiO2E6MDp7fXM6MzoibmV3IjthOjA6e319fQ==',1754723579),('n9Pe4vfm3tWBKq24n2sK7SCB6dF0ftojLvtM7aBj',NULL,'121.225.148.36','Mozilla/5.0 (Windows NT 6.1) AppleWebKit/537.36 (KHTML, like Gecko) Chrome/49.0.2623.112 Safari/537.36','YTozOntzOjY6Il90b2tlbiI7czo0MDoiNE5JT3FlbFJSUVJmVURBdlRSWEFraVpVRUFXNGcxSU1uRUp6bmVNVyI7czo5OiJfcHJldmlvdXMiO2E6MTp7czozOiJ1cmwiO3M6MjE6Imh0dHBzOi8vMTYxLjk3LjE3NC4yMCI7fXM6NjoiX2ZsYXNoIjthOjI6e3M6Mzoib2xkIjthOjA6e31zOjM6Im5ldyI7YTowOnt9fX0=',1754715025),('ocgd5xNtMI5zLNezt9XEe5RZ2ioWOiSMxNqJLehJ',NULL,'124.31.106.97','Mozilla/5.0 (Windows NT 6.1) AppleWebKit/537.36 (KHTML, like Gecko) Chrome/49.0.2623.112 Safari/537.36','YTozOntzOjY6Il90b2tlbiI7czo0MDoiZHNGTHIxVWxOS1UyQkFubWVvdjdjank1SzNubUR6WTVmU21UcnJQWSI7czo5OiJfcHJldmlvdXMiO2E6MTp7czozOiJ1cmwiO3M6Mjc6Imh0dHBzOi8vaGVyaXRhZ2Vncm91cC5jby5rZSI7fXM6NjoiX2ZsYXNoIjthOjI6e3M6Mzoib2xkIjthOjA6e31zOjM6Im5ldyI7YTowOnt9fX0=',1754714969),('OcZmLzD97MY3Qk54wiTryxsOTXMVNefV4knivKgY',NULL,'223.199.179.88','Mozilla/5.0 (Windows NT 6.1) AppleWebKit/537.36 (KHTML, like Gecko) Chrome/49.0.2623.112 Safari/537.36','YTozOntzOjY6Il90b2tlbiI7czo0MDoiNWlDV3lCSTZSU2p5S1NvTElDSU1OMmhvTzNuRkZZbWk4T0ZINmZ3YyI7czo5OiJfcHJldmlvdXMiO2E6MTp7czozOiJ1cmwiO3M6Mjc6Imh0dHBzOi8vaGVyaXRhZ2Vncm91cC5jby5rZSI7fXM6NjoiX2ZsYXNoIjthOjI6e3M6Mzoib2xkIjthOjA6e31zOjM6Im5ldyI7YTowOnt9fX0=',1754714924),('OFnPIaEVj5IJgP2oldqhO7aJzsBl0KBUTCHP4h95',15,'41.222.88.126','Mozilla/5.0 (Windows NT 10.0; Win64; x64; rv:141.0) Gecko/20100101 Firefox/141.0','[encoded data, 17572 characters]',1754726391),('okVxeWmDKq9hg9zAwb3MDLGcvWjHVsIUeBKqP9yS',NULL,'111.113.88.68','Mozilla/5.0 (Windows NT 6.1) AppleWebKit/537.36 (KHTML, like Gecko) Chrome/49.0.2623.112 Safari/537.36','YTozOntzOjY6Il90b2tlbiI7czo0MDoiM0szdlNoeWdYRFl5amVkWm5EbnJ2aHRXV0p1bDhxU0pLejVNdnM0RyI7czo5OiJfcHJldmlvdXMiO2E6MTp7czozOiJ1cmwiO3M6MjY6Imh0dHA6Ly9oZXJpdGFnZWdyb3VwLmNvLmtlIjt9czo2OiJfZmxhc2giO2E6Mjp7czozOiJvbGQiO2E6MDp7fXM6MzoibmV3IjthOjA6e319fQ==',1754714734),('OOZV8QbgNETurbGgsDsqqsJ8CykH0SdLuEi494zc',NULL,'61.167.255.206','Mozilla/5.0 (Windows NT 6.1) AppleWebKit/537.36 (KHTML, like Gecko) Chrome/49.0.2623.112 Safari/537.36','YTozOntzOjY6Il90b2tlbiI7czo0MDoiU3FtUWZ5WDd6SzNwYmVkVnc5dndubkVQMUJTTjhkNnRrM3lycGtZNyI7czo5OiJfcHJldmlvdXMiO2E6MTp7czozOiJ1cmwiO3M6MzA6Imh0dHA6Ly93d3cuaGVyaXRhZ2Vncm91cC5jby5rZSI7fXM6NjoiX2ZsYXNoIjthOjI6e3M6Mzoib2xkIjthOjA6e31zOjM6Im5ldyI7YTowOnt9fX0=',1754714971),('Oxg86Dnk5422WeVA2vMotwqSr1aDoRnKdMW0oP29',NULL,'112.94.253.124','Mozilla/5.0 (Windows NT 6.1) AppleWebKit/537.36 (KHTML, like Gecko) Chrome/49.0.2623.112 Safari/537.36','YTozOntzOjY6Il90b2tlbiI7czo0MDoiMHZHRG8xeTNwaVpDNlU4aXVsVWxrczlIUjRORVZsM21sV1FNbjl5SCI7czo5OiJfcHJldmlvdXMiO2E6MTp7czozOiJ1cmwiO3M6MjY6Imh0dHA6Ly9oZXJpdGFnZWdyb3VwLmNvLmtlIjt9czo2OiJfZmxhc2giO2E6Mjp7czozOiJvbGQiO2E6MDp7fXM6MzoibmV3IjthOjA6e319fQ==',1754715092),('oZLyaVRKY47sru9ZJjZ46JfOCIqVQpnb1KUtwsrR',NULL,'59.52.177.31','Mozilla/5.0 (Windows NT 6.1) AppleWebKit/537.36 (KHTML, like Gecko) Chrome/49.0.2623.112 Safari/537.36','YTozOntzOjY6Il90b2tlbiI7czo0MDoiOEZtd1h3RndReU1IeFNFdWlTYTR6b2szcDV1RmRkdjVzbktDOVNoMiI7czo5OiJfcHJldmlvdXMiO2E6MTp7czozOiJ1cmwiO3M6Mjc6Imh0dHBzOi8vaGVyaXRhZ2Vncm91cC5jby5rZSI7fXM6NjoiX2ZsYXNoIjthOjI6e3M6Mzoib2xkIjthOjA6e31zOjM6Im5ldyI7YTowOnt9fX0=',1754715046),('p8bry2taFb616hiVhhYKGFBwkKyuriTWI5ZzeW91',NULL,'112.112.182.158','Mozilla/5.0 (Windows NT 6.1) AppleWebKit/537.36 (KHTML, like Gecko) Chrome/49.0.2623.112 Safari/537.36','YTozOntzOjY6Il90b2tlbiI7czo0MDoiN015T2s1dmdmQjNrd1BYNWt4eUtFN3luNkpLaHB4QVhMblVFU0tRbSI7czo5OiJfcHJldmlvdXMiO2E6MTp7czozOiJ1cmwiO3M6MjY6Imh0dHA6Ly9oZXJpdGFnZWdyb3VwLmNvLmtlIjt9czo2OiJfZmxhc2giO2E6Mjp7czozOiJvbGQiO2E6MDp7fXM6MzoibmV3IjthOjA6e319fQ==',1754714990),('PAQ49UhXeeh1vVSxMebP4dCKgJWrECAAAJgXrdSD',NULL,'54.236.5.227','Mozilla/5.0 (Windows NT 10.0; Win64; x64) AppleWebKit/537.36 (KHTML, like Gecko) Chrome/136.0.0.0 Safari/537.36','YTozOntzOjY6Il90b2tlbiI7czo0MDoic1Q5SmlIR2VEc0JtR0VLQWlSYmVSSHRDaWtDUlFVU0E4TXo2WXZkVCI7czo5OiJfcHJldmlvdXMiO2E6MTp7czozOiJ1cmwiO3M6MjE6Imh0dHBzOi8vMTYxLjk3LjE3NC4yMCI7fXM6NjoiX2ZsYXNoIjthOjI6e3M6Mzoib2xkIjthOjA6e31zOjM6Im5ldyI7YTowOnt9fX0=',1754722569),('pbHAkXbnTQUrVAbmLi7ao5XuYZn3EHh6ft570cO0',NULL,'41.222.88.126','Mozilla/5.0 (Windows NT 10.0; Win64; x64; rv:141.0) Gecko/20100101 Firefox/141.0','YTozOntzOjY6Il90b2tlbiI7czo0MDoibWdXRFBHNnZ5ekwzaTBYc2ZXTkdGNHNkRHIybVg5UFpiUm40bzdtUSI7czo5OiJfcHJldmlvdXMiO2E6MTp7czozOiJ1cmwiO3M6NTM6Imh0dHBzOi8vaGVyaXRhZ2Vncm91cC5jby5rZS9jb21wYW55LXNtcy11bml0cy1iYWxhbmNlIjt9czo2OiJfZmxhc2giO2E6Mjp7czozOiJvbGQiO2E6MDp7fXM6MzoibmV3IjthOjA6e319fQ==',1754726012),('piVKATTU6CepVykqfitTh2l4UuAVpcsdPxv6fjO4',NULL,'153.0.86.191','Mozilla/5.0 (Windows NT 6.1) AppleWebKit/537.36 (KHTML, like Gecko) Chrome/49.0.2623.112 Safari/537.36','YTozOntzOjY6Il90b2tlbiI7czo0MDoiYVhWWmJLdE1VSkN2TjNTVFkySEw1dTJSRnRTZzk3bWp4dThGcnF4SiI7czo5OiJfcHJldmlvdXMiO2E6MTp7czozOiJ1cmwiO3M6MzA6Imh0dHA6Ly93d3cuaGVyaXRhZ2Vncm91cC5jby5rZSI7fXM6NjoiX2ZsYXNoIjthOjI6e3M6Mzoib2xkIjthOjA6e31zOjM6Im5ldyI7YTowOnt9fX0=',1754715042),('PrzJL1FG5FMU4qvRH6K2tSGsEOdPWEM6JXe0aVRW',NULL,'218.104.149.103','Mozilla/5.0 (Windows NT 6.1) AppleWebKit/537.36 (KHTML, like Gecko) Chrome/49.0.2623.112 Safari/537.36','YTozOntzOjY6Il90b2tlbiI7czo0MDoiUUJFV29IOFlubmZBMU1xR2dLQVZLYWRsWm5BOVJOa0xpakw2ZVZjSiI7czo5OiJfcHJldmlvdXMiO2E6MTp7czozOiJ1cmwiO3M6MjY6Imh0dHA6Ly9oZXJpdGFnZWdyb3VwLmNvLmtlIjt9czo2OiJfZmxhc2giO2E6Mjp7czozOiJvbGQiO2E6MDp7fXM6MzoibmV3IjthOjA6e319fQ==',1754714973),('puYUTgSvOFiCmQM9RIKMApATHIp9o1SACzcX4qXY',NULL,'59.173.135.194','Mozilla/5.0 (Windows NT 6.1) AppleWebKit/537.36 (KHTML, like Gecko) Chrome/49.0.2623.112 Safari/537.36','YTozOntzOjY6Il90b2tlbiI7czo0MDoiN3RaZkRGMnZra0xLYWpOTjcwS0ljS1l6SEhxZGl5cTRqWXFsRFhKYyI7czo5OiJfcHJldmlvdXMiO2E6MTp7czozOiJ1cmwiO3M6MzA6Imh0dHA6Ly93d3cuaGVyaXRhZ2Vncm91cC5jby5rZSI7fXM6NjoiX2ZsYXNoIjthOjI6e3M6Mzoib2xkIjthOjA6e31zOjM6Im5ldyI7YTowOnt9fX0=',1754715093),('q5mmAuHcKgTbYfdJt5P9AMfRoJh4i6Wjz4P13WoG',NULL,'182.119.226.238','Mozilla/5.0 (Windows NT 6.1) AppleWebKit/537.36 (KHTML, like Gecko) Chrome/49.0.2623.112 Safari/537.36','YTozOntzOjY6Il90b2tlbiI7czo0MDoiMndyTnI4cWdmNjRNTjROTnhnbzB6TWNQTHlpcExnT2hUM2hweXVvRiI7czo5OiJfcHJldmlvdXMiO2E6MTp7czozOiJ1cmwiO3M6Mjc6Imh0dHBzOi8vaGVyaXRhZ2Vncm91cC5jby5rZSI7fXM6NjoiX2ZsYXNoIjthOjI6e3M6Mzoib2xkIjthOjA6e31zOjM6Im5ldyI7YTowOnt9fX0=',1754715041),('QboONuxPMpwiUWBwEgO3xZl4LVx6P81BZY93479c',NULL,'1.24.16.214','Mozilla/5.0 (Windows NT 6.1) AppleWebKit/537.36 (KHTML, like Gecko) Chrome/49.0.2623.112 Safari/537.36','YTozOntzOjY6Il90b2tlbiI7czo0MDoiTlc2Y1FYZFZsdzRCa2VySFZrYlJPOHk4OU8yVGE3WWFkRlpYaHlVayI7czo5OiJfcHJldmlvdXMiO2E6MTp7czozOiJ1cmwiO3M6Mjc6Imh0dHBzOi8vaGVyaXRhZ2Vncm91cC5jby5rZSI7fXM6NjoiX2ZsYXNoIjthOjI6e3M6Mzoib2xkIjthOjA6e31zOjM6Im5ldyI7YTowOnt9fX0=',1754715041),('qj3OH7xrMOw0yRCScKZ2xKJYSgG31FcPjpimH0jw',NULL,'175.19.74.154','Mozilla/5.0 (Windows NT 6.1) AppleWebKit/537.36 (KHTML, like Gecko) Chrome/49.0.2623.112 Safari/537.36','YTozOntzOjY6Il90b2tlbiI7czo0MDoiaVhpc3BZZUVkM1VZZzRUUmpOZXVqUmYwSG9KNll4VjVXNkZsYnozWCI7czo5OiJfcHJldmlvdXMiO2E6MTp7czozOiJ1cmwiO3M6MzA6Imh0dHA6Ly93d3cuaGVyaXRhZ2Vncm91cC5jby5rZSI7fXM6NjoiX2ZsYXNoIjthOjI6e3M6Mzoib2xkIjthOjA6e31zOjM6Im5ldyI7YTowOnt9fX0=',1754715045),('qnpP48jeCKM6MkRJjG7Ckwrwf8G954CCBZUe4VOa',NULL,'36.106.166.219','Mozilla/5.0 (Windows NT 6.1) AppleWebKit/537.36 (KHTML, like Gecko) Chrome/49.0.2623.112 Safari/537.36','YTozOntzOjY6Il90b2tlbiI7czo0MDoiWUJhWnZsNkx6eW95ZnB0UllnY0VKS2xWWWhBZFdDRFhTYjF6VUhiNSI7czo5OiJfcHJldmlvdXMiO2E6MTp7czozOiJ1cmwiO3M6Mjc6Imh0dHBzOi8vaGVyaXRhZ2Vncm91cC5jby5rZSI7fXM6NjoiX2ZsYXNoIjthOjI6e3M6Mzoib2xkIjthOjA6e31zOjM6Im5ldyI7YTowOnt9fX0=',1754715094),('QtEBhmZgBhdLXjUgKYDimLaz7vuQK4N3ie0xzeVD',NULL,'118.212.121.105','Mozilla/5.0 (Windows NT 6.1) AppleWebKit/537.36 (KHTML, like Gecko) Chrome/49.0.2623.112 Safari/537.36','YTozOntzOjY6Il90b2tlbiI7czo0MDoiWFlJbHVhYU1icEpxdE9HQmhRVjRjTWJ0ZngycWRDUzZzUjJzd1JmWCI7czo5OiJfcHJldmlvdXMiO2E6MTp7czozOiJ1cmwiO3M6Mjc6Imh0dHBzOi8vaGVyaXRhZ2Vncm91cC5jby5rZSI7fXM6NjoiX2ZsYXNoIjthOjI6e3M6Mzoib2xkIjthOjA6e31zOjM6Im5ldyI7YTowOnt9fX0=',1754715103),('QvDTnK07FbdwBeLNlbhSRceWfsdFPU3wdqdlPhfC',NULL,'118.212.122.144','Mozilla/5.0 (Windows NT 6.1) AppleWebKit/537.36 (KHTML, like Gecko) Chrome/49.0.2623.112 Safari/537.36','YTozOntzOjY6Il90b2tlbiI7czo0MDoieVd0QUliWnB5UXZyb1cycGpQeU1BYUo1ZDFqOUJZSEdvcEhEb29BOSI7czo5OiJfcHJldmlvdXMiO2E6MTp7czozOiJ1cmwiO3M6MzA6Imh0dHA6Ly93d3cuaGVyaXRhZ2Vncm91cC5jby5rZSI7fXM6NjoiX2ZsYXNoIjthOjI6e3M6Mzoib2xkIjthOjA6e31zOjM6Im5ldyI7YTowOnt9fX0=',1754715091),('QwLAJbORLDrhLUV8kQSeMBhTLha71cYRVLuVlN6n',NULL,'101.207.160.240','Mozilla/5.0 (Windows NT 6.1) AppleWebKit/537.36 (KHTML, like Gecko) Chrome/49.0.2623.112 Safari/537.36','YTozOntzOjY6Il90b2tlbiI7czo0MDoiOUJBcmtDdVpHUUlLaTBvWWptZGpBMm5HUUFFc3B6YXp1bk56bGZzWSI7czo5OiJfcHJldmlvdXMiO2E6MTp7czozOiJ1cmwiO3M6MzA6Imh0dHA6Ly93d3cuaGVyaXRhZ2Vncm91cC5jby5rZSI7fXM6NjoiX2ZsYXNoIjthOjI6e3M6Mzoib2xkIjthOjA6e31zOjM6Im5ldyI7YTowOnt9fX0=',1754715101),('r3ijLyXwIQi5JbNBv8KtaoZ5h7fMwqx8AN969oNS',NULL,'102.213.48.6','WhatsApp/2.2531.4 W','YTozOntzOjY6Il90b2tlbiI7czo0MDoiczRyWmVRU1BKY0NzTkI4R0RtTXVpVk5nUzE2MGFzSURqUmNtbnFqMyI7czo5OiJfcHJldmlvdXMiO2E6MTp7czozOiJ1cmwiO3M6Mjc6Imh0dHBzOi8vaGVyaXRhZ2Vncm91cC5jby5rZSI7fXM6NjoiX2ZsYXNoIjthOjI6e3M6Mzoib2xkIjthOjA6e31zOjM6Im5ldyI7YTowOnt9fX0=',1754722765),('R9WEq8YpQsjqu62YUkN0q93cbJY3zXUmnHEylmPp',NULL,'220.167.233.130','Mozilla/5.0 (Windows NT 6.1) AppleWebKit/537.36 (KHTML, like Gecko) Chrome/49.0.2623.112 Safari/537.36','YTozOntzOjY6Il90b2tlbiI7czo0MDoidno0QXNOSkNZRFBJRWltcDU3VVJBdU1yZnNKZXVsc2ppSE9JSHV1cSI7czo5OiJfcHJldmlvdXMiO2E6MTp7czozOiJ1cmwiO3M6MjY6Imh0dHA6Ly9oZXJpdGFnZWdyb3VwLmNvLmtlIjt9czo2OiJfZmxhc2giO2E6Mjp7czozOiJvbGQiO2E6MDp7fXM6MzoibmV3IjthOjA6e319fQ==',1754714608),('Rq4l5cFIrKTCkbC3ULpTQ1eHSTLDPA56fB08xhWi',1,'102.208.180.254','Mozilla/5.0 (Windows NT 10.0; Win64; x64) AppleWebKit/537.36 (KHTML, like Gecko) Chrome/138.0.0.0 Safari/537.36','[encoded data, 17764 characters]',1754719161),('RTvRdbXg6TZmJMqPsaEfEwL2jmRY0KfAC19lav5Q',NULL,'206.168.34.49','Mozilla/5.0 (compatible; CensysInspect/1.1; +https://about.censys.io/)','YTozOntzOjY6Il90b2tlbiI7czo0MDoiUmdXMDRlandlODRmQThFMlU3WTZ4WnczVHQ3WHFMNDFQQW9PbjlpRCI7czo5OiJfcHJldmlvdXMiO2E6MTp7czozOiJ1cmwiO3M6MjE6Imh0dHBzOi8vMTYxLjk3LjE3NC4yMCI7fXM6NjoiX2ZsYXNoIjthOjI6e3M6Mzoib2xkIjthOjA6e31zOjM6Im5ldyI7YTowOnt9fX0=',1754720879),('RwSFQy0lLKbGMF0xwUMPDiPOgzLNPUZAow36K116',NULL,'218.64.60.247','Mozilla/5.0 (Windows NT 6.1) AppleWebKit/537.36 (KHTML, like Gecko) Chrome/49.0.2623.112 Safari/537.36','YTozOntzOjY6Il90b2tlbiI7czo0MDoiVDJ3MHFtczRuN1VySjk0S25KSTlablQyT2ZBTUxDNnZOeG5WR1NvciI7czo5OiJfcHJldmlvdXMiO2E6MTp7czozOiJ1cmwiO3M6Mjc6Imh0dHBzOi8vaGVyaXRhZ2Vncm91cC5jby5rZSI7fXM6NjoiX2ZsYXNoIjthOjI6e3M6Mzoib2xkIjthOjA6e31zOjM6Im5ldyI7YTowOnt9fX0=',1754715091),('S54EOzmlFosWXLeRr6u8TAP5NiFWNnajsKKF7P90',NULL,'119.48.135.133','Mozilla/5.0 (Windows NT 6.1) AppleWebKit/537.36 (KHTML, like Gecko) Chrome/49.0.2623.112 Safari/537.36','YTozOntzOjY6Il90b2tlbiI7czo0MDoiYlc5Y21nWERFcWwwejh6dTdCaHVlWGFuM0R3YVhhcTlZRlFUUm5oaCI7czo5OiJfcHJldmlvdXMiO2E6MTp7czozOiJ1cmwiO3M6Mjc6Imh0dHBzOi8vaGVyaXRhZ2Vncm91cC5jby5rZSI7fXM6NjoiX2ZsYXNoIjthOjI6e3M6Mzoib2xkIjthOjA6e31zOjM6Im5ldyI7YTowOnt9fX0=',1754715035),('s9EJe2tUnoBBZEBOtyfXOq0wkzozaHBRkRpJwdqR',NULL,'36.32.3.142','Mozilla/5.0 (Windows NT 6.1) AppleWebKit/537.36 (KHTML, like Gecko) Chrome/49.0.2623.112 Safari/537.36','YTozOntzOjY6Il90b2tlbiI7czo0MDoidGNhRUZ0MncyTmFUeWpEd0xpbWg3U2lmbDR2anp2VFBadHhrcWR6TiI7czo5OiJfcHJldmlvdXMiO2E6MTp7czozOiJ1cmwiO3M6Mjc6Imh0dHBzOi8vaGVyaXRhZ2Vncm91cC5jby5rZSI7fXM6NjoiX2ZsYXNoIjthOjI6e3M6Mzoib2xkIjthOjA6e31zOjM6Im5ldyI7YTowOnt9fX0=',1754715041),('SEREN6i8LQMuP0AQJ6kc5FqErzjHUCJHjrCTfisX',NULL,'123.178.210.207','Mozilla/5.0 (Windows NT 6.1) AppleWebKit/537.36 (KHTML, like Gecko) Chrome/49.0.2623.112 Safari/537.36','YTozOntzOjY6Il90b2tlbiI7czo0MDoiZkw2WXB2YkFITFg1UWIzRHVwaGtrbGliQTA0WFhNajI4SFYwdXA0ciI7czo5OiJfcHJldmlvdXMiO2E6MTp7czozOiJ1cmwiO3M6Mjc6Imh0dHBzOi8vaGVyaXRhZ2Vncm91cC5jby5rZSI7fXM6NjoiX2ZsYXNoIjthOjI6e3M6Mzoib2xkIjthOjA6e31zOjM6Im5ldyI7YTowOnt9fX0=',1754714929),('sSGfLnRE5dmoR8v1rTEArXHSBkj9eTTa4p9pikad',NULL,'156.146.48.214','Mozilla/5.0 (X11; Linux x86_64) AppleWebKit/537.36 (KHTML, like Gecko) Chrome/136.0.0.0 Safari/537.36','YTozOntzOjY6Il90b2tlbiI7czo0MDoicndUM2E5Zm55N1l1b0o5S3R1ZDhwS2F2dERkaTZIV1I2TGdwVUl6byI7czo5OiJfcHJldmlvdXMiO2E6MTp7czozOiJ1cmwiO3M6MzE6Imh0dHBzOi8vZnRwLmhlcml0YWdlZ3JvdXAuY28ua2UiO31zOjY6Il9mbGFzaCI7YToyOntzOjM6Im9sZCI7YTowOnt9czozOiJuZXciO2E6MDp7fX19',1754731685),('stDAjcmNrGhgaI4s4KWmurP7xmS9FE2B58bKj2rE',NULL,'180.95.238.89','Mozilla/5.0 (Windows NT 6.1) AppleWebKit/537.36 (KHTML, like Gecko) Chrome/49.0.2623.112 Safari/537.36','YTozOntzOjY6Il90b2tlbiI7czo0MDoiUVFadDAwUGIxbGRiQmx3empxWGh3R20xbzUwRUx6dG1HSEFKdVhTMCI7czo5OiJfcHJldmlvdXMiO2E6MTp7czozOiJ1cmwiO3M6MzA6Imh0dHA6Ly93d3cuaGVyaXRhZ2Vncm91cC5jby5rZSI7fXM6NjoiX2ZsYXNoIjthOjI6e3M6Mzoib2xkIjthOjA6e31zOjM6Im5ldyI7YTowOnt9fX0=',1754715094),('Suqyzy4K1JbbjNtFu67Cna6y2jyQdT86KJUT2eqb',NULL,'124.66.73.35','Mozilla/5.0 (Windows NT 6.1) AppleWebKit/537.36 (KHTML, like Gecko) Chrome/49.0.2623.112 Safari/537.36','YTozOntzOjY6Il90b2tlbiI7czo0MDoiRUpJQjFXVmllcTl1RG04bXZEMmV0bWlXZDVXT0hOT0JJcmphTlA5byI7czo5OiJfcHJldmlvdXMiO2E6MTp7czozOiJ1cmwiO3M6Mjc6Imh0dHBzOi8vaGVyaXRhZ2Vncm91cC5jby5rZSI7fXM6NjoiX2ZsYXNoIjthOjI6e3M6Mzoib2xkIjthOjA6e31zOjM6Im5ldyI7YTowOnt9fX0=',1754714969),('Swl6jkkDVsEwsNBnC2OJHKW3m6DTQQK4epoagTuT',NULL,'220.250.11.80','Mozilla/5.0 (Windows NT 6.1) AppleWebKit/537.36 (KHTML, like Gecko) Chrome/49.0.2623.112 Safari/537.36','YTozOntzOjY6Il90b2tlbiI7czo0MDoiWVNOdWFoSUZteGJWREY2YlJtUzkyRFdPUTdNNGh0d2RrYWlxUmNWdSI7czo5OiJfcHJldmlvdXMiO2E6MTp7czozOiJ1cmwiO3M6Mjc6Imh0dHBzOi8vaGVyaXRhZ2Vncm91cC5jby5rZSI7fXM6NjoiX2ZsYXNoIjthOjI6e3M6Mzoib2xkIjthOjA6e31zOjM6Im5ldyI7YTowOnt9fX0=',1754714969),('t5ZZYIwB5RH2K2FNwXioU1cKhiXZiVmIvLvoY3jg',NULL,'111.224.219.218','Mozilla/5.0 (Windows NT 6.1) AppleWebKit/537.36 (KHTML, like Gecko) Chrome/49.0.2623.112 Safari/537.36','YTozOntzOjY6Il90b2tlbiI7czo0MDoicG5NdkZ5Y0h4ak5kQlJ4QkljUzJRdjFFZUZQZnRkZTJJbFlEWlFwVyI7czo5OiJfcHJldmlvdXMiO2E6MTp7czozOiJ1cmwiO3M6MzA6Imh0dHA6Ly93d3cuaGVyaXRhZ2Vncm91cC5jby5rZSI7fXM6NjoiX2ZsYXNoIjthOjI6e3M6Mzoib2xkIjthOjA6e31zOjM6Im5ldyI7YTowOnt9fX0=',1754714856),('taclVejy6E320MqCdOyyjNyByXiNrGJFJlktRa6A',NULL,'198.235.24.168','','YTozOntzOjY6Il90b2tlbiI7czo0MDoidFdpZmh2OTBCYzVLNGppVktGWVN0R2tGT1JrcnZXcDJENURNZDdhSCI7czo5OiJfcHJldmlvdXMiO2E6MTp7czozOiJ1cmwiO3M6MzY6Imh0dHBzOi8vYmlsbGluZy5qYWVtdGVjaG5vbG9naWVzLmNvbSI7fXM6NjoiX2ZsYXNoIjthOjI6e3M6Mzoib2xkIjthOjA6e31zOjM6Im5ldyI7YTowOnt9fX0=',1754715546),('TBqJiWl2CXSxigyqMfucKAPRlIF9N2vNzLfb7PkX',NULL,'220.250.11.238','Mozilla/5.0 (Windows NT 6.1) AppleWebKit/537.36 (KHTML, like Gecko) Chrome/49.0.2623.112 Safari/537.36','YTozOntzOjY6Il90b2tlbiI7czo0MDoiOVl4dlpCMHFqUmlCNUpOTndmaExuOVI5TmJoMEJ5VFgyZndHNm45YiI7czo5OiJfcHJldmlvdXMiO2E6MTp7czozOiJ1cmwiO3M6MzA6Imh0dHA6Ly93d3cuaGVyaXRhZ2Vncm91cC5jby5rZSI7fXM6NjoiX2ZsYXNoIjthOjI6e3M6Mzoib2xkIjthOjA6e31zOjM6Im5ldyI7YTowOnt9fX0=',1754715100),('TcTjn4JZGTXIgbXoIfIvHDpZhRSnBHzUEkqYgEUQ',NULL,'112.112.182.222','Mozilla/5.0 (Windows NT 6.1) AppleWebKit/537.36 (KHTML, like Gecko) Chrome/49.0.2623.112 Safari/537.36','YTozOntzOjY6Il90b2tlbiI7czo0MDoiZERoaDhxRHJGSzhHMTEwamhQQmQyV1RFZ2N2dW11NFZJS0tsekk5bSI7czo5OiJfcHJldmlvdXMiO2E6MTp7czozOiJ1cmwiO3M6MjY6Imh0dHA6Ly9oZXJpdGFnZWdyb3VwLmNvLmtlIjt9czo2OiJfZmxhc2giO2E6Mjp7czozOiJvbGQiO2E6MDp7fXM6MzoibmV3IjthOjA6e319fQ==',1754715092),('TISzh832KDMiTIrNyf0gI0n3lVxzfHh0bPxQtiw2',NULL,'119.164.99.106','Mozilla/5.0 (Windows NT 6.1) AppleWebKit/537.36 (KHTML, like Gecko) Chrome/49.0.2623.112 Safari/537.36','YTozOntzOjY6Il90b2tlbiI7czo0MDoidkF1ZTdleTZvRENFMGhJbUtpNGphM3JUVG5NT2xtT2M0emlyWHZCMiI7czo5OiJfcHJldmlvdXMiO2E6MTp7czozOiJ1cmwiO3M6MjY6Imh0dHA6Ly9oZXJpdGFnZWdyb3VwLmNvLmtlIjt9czo2OiJfZmxhc2giO2E6Mjp7czozOiJvbGQiO2E6MDp7fXM6MzoibmV3IjthOjA6e319fQ==',1754715029),('TKPMQTp36HYdXrvOn4Wvhkk4T6U7Gq9F4rP4REdw',NULL,'124.31.104.211','Mozilla/5.0 (Windows NT 6.1) AppleWebKit/537.36 (KHTML, like Gecko) Chrome/49.0.2623.112 Safari/537.36','YTozOntzOjY6Il90b2tlbiI7czo0MDoiSUs0UTMwRk9nRFZnRXNkOFdLUlZEaHVxWjFOMUhIeTNwWE9IS2E3eiI7czo5OiJfcHJldmlvdXMiO2E6MTp7czozOiJ1cmwiO3M6MjY6Imh0dHA6Ly9oZXJpdGFnZWdyb3VwLmNvLmtlIjt9czo2OiJfZmxhc2giO2E6Mjp7czozOiJvbGQiO2E6MDp7fXM6MzoibmV3IjthOjA6e319fQ==',1754715031),('Ts2UN4eiIdEDARK0PhVrx6bPzzavtkPMgtJWVCbl',NULL,'183.160.194.124','Mozilla/5.0 (Windows NT 6.1) AppleWebKit/537.36 (KHTML, like Gecko) Chrome/49.0.2623.112 Safari/537.36','YTozOntzOjY6Il90b2tlbiI7czo0MDoiSUY1VmkweE11cWQ1T1QwWXIxRmt0bzVLc1FzdGJnNmZNOWhvMTA3bCI7czo5OiJfcHJldmlvdXMiO2E6MTp7czozOiJ1cmwiO3M6MzA6Imh0dHA6Ly93d3cuaGVyaXRhZ2Vncm91cC5jby5rZSI7fXM6NjoiX2ZsYXNoIjthOjI6e3M6Mzoib2xkIjthOjA6e31zOjM6Im5ldyI7YTowOnt9fX0=',1754715095),('TSI1zlfQFvvQSqt2fURf3dUm1xO1rKAtfKxB6mZI',NULL,'125.82.242.241','Mozilla/5.0 (Windows NT 6.1) AppleWebKit/537.36 (KHTML, like Gecko) Chrome/49.0.2623.112 Safari/537.36','YTozOntzOjY6Il90b2tlbiI7czo0MDoibWxVQU9iYWNnWGE4Tnp1bU15UFFNY2FBNnJLZzZ1djBuS1N1ZWJLSyI7czo5OiJfcHJldmlvdXMiO2E6MTp7czozOiJ1cmwiO3M6MzA6Imh0dHA6Ly93d3cuaGVyaXRhZ2Vncm91cC5jby5rZSI7fXM6NjoiX2ZsYXNoIjthOjI6e3M6Mzoib2xkIjthOjA6e31zOjM6Im5ldyI7YTowOnt9fX0=',1754715093),('tssTukz5Y4nYpIaCvdtXAIoZG0g7v4E0X921yi2q',NULL,'116.172.200.236','Mozilla/5.0 (Windows NT 6.1) AppleWebKit/537.36 (KHTML, like Gecko) Chrome/49.0.2623.112 Safari/537.36','YTozOntzOjY6Il90b2tlbiI7czo0MDoiNHVOUW92dkZwTDJrYUFmdElVdXVWRXlHTmdSeWhiVzFVeWJmZ2JPdyI7czo5OiJfcHJldmlvdXMiO2E6MTp7czozOiJ1cmwiO3M6MzA6Imh0dHA6Ly93d3cuaGVyaXRhZ2Vncm91cC5jby5rZSI7fXM6NjoiX2ZsYXNoIjthOjI6e3M6Mzoib2xkIjthOjA6e31zOjM6Im5ldyI7YTowOnt9fX0=',1754715089),('Tt2ivv9SAwJ2BpCM0YtWAFPwKhdWmB0XI350TMoU',NULL,'123.245.85.246','Mozilla/5.0 (Windows NT 6.1) AppleWebKit/537.36 (KHTML, like Gecko) Chrome/49.0.2623.112 Safari/537.36','YTozOntzOjY6Il90b2tlbiI7czo0MDoibVJ4cFpLWEo0QWNKYmpaUEJrcUgwTXVpTDF1OGV3NjBmQnpNOXVyYyI7czo5OiJfcHJldmlvdXMiO2E6MTp7czozOiJ1cmwiO3M6MzA6Imh0dHA6Ly93d3cuaGVyaXRhZ2Vncm91cC5jby5rZSI7fXM6NjoiX2ZsYXNoIjthOjI6e3M6Mzoib2xkIjthOjA6e31zOjM6Im5ldyI7YTowOnt9fX0=',1754715086),('tuf0pRhka8aAFnKMwNOhbwhB5qW1RUlza7dVUMp7',NULL,'149.154.161.251','TelegramBot (like TwitterBot)','YTozOntzOjY6Il90b2tlbiI7czo0MDoiMFZUbXFoUzlUTHVKQlZYVWlYV3l5WHk0U0pMM29sb2dPWjVva01FNyI7czo5OiJfcHJldmlvdXMiO2E6MTp7czozOiJ1cmwiO3M6NjM6Imh0dHBzOi8vaGVyaXRhZ2Vncm91cC5jby5rZS9yZW5ldy1jb21wYW55LXJvdXRlci1zdWJzY3JpcHRpb24vMyI7fXM6NjoiX2ZsYXNoIjthOjI6e3M6Mzoib2xkIjthOjA6e31zOjM6Im5ldyI7YTowOnt9fX0=',1754715608),('TuTAjg15CCpaBlkodsYVQtJ2fenTsk3lZvpslfsl',NULL,'121.225.148.141','Mozilla/5.0 (Windows NT 6.1) AppleWebKit/537.36 (KHTML, like Gecko) Chrome/49.0.2623.112 Safari/537.36','YTozOntzOjY6Il90b2tlbiI7czo0MDoiY2JWYXpEUHAzVjg0U1V6R0JjOHJLb0h3TXp5NVpwak9tNEVSQVVuRCI7czo5OiJfcHJldmlvdXMiO2E6MTp7czozOiJ1cmwiO3M6MzA6Imh0dHA6Ly93d3cuaGVyaXRhZ2Vncm91cC5jby5rZSI7fXM6NjoiX2ZsYXNoIjthOjI6e3M6Mzoib2xkIjthOjA6e31zOjM6Im5ldyI7YTowOnt9fX0=',1754714919),('u0nMlJd8j6HDdD3IZ5qLBYhbTuHcDzrfJBPETFY4',NULL,'123.14.123.167','Mozilla/5.0 (Windows NT 6.1) AppleWebKit/537.36 (KHTML, like Gecko) Chrome/49.0.2623.112 Safari/537.36','YTozOntzOjY6Il90b2tlbiI7czo0MDoiaEoyc01HcHhqS1czemVmSFZpVjUzMFFnMnIxQzVEMkU1SUZxWHE2VCI7czo5OiJfcHJldmlvdXMiO2E6MTp7czozOiJ1cmwiO3M6Mjc6Imh0dHBzOi8vaGVyaXRhZ2Vncm91cC5jby5rZSI7fXM6NjoiX2ZsYXNoIjthOjI6e3M6Mzoib2xkIjthOjA6e31zOjM6Im5ldyI7YTowOnt9fX0=',1754715041),('ULv8vJ5O5gMQsSOOcvECrNnflhoy9FafwUsP4bvJ',NULL,'58.212.237.136','Mozilla/5.0 (Windows NT 6.1) AppleWebKit/537.36 (KHTML, like Gecko) Chrome/49.0.2623.112 Safari/537.36','YTozOntzOjY6Il90b2tlbiI7czo0MDoicE9rczF4MU5BSnExZTdqMHVSR09LTFRBRTVhZHZLSFZGcEg2ckMyaiI7czo5OiJfcHJldmlvdXMiO2E6MTp7czozOiJ1cmwiO3M6MjY6Imh0dHA6Ly9oZXJpdGFnZWdyb3VwLmNvLmtlIjt9czo2OiJfZmxhc2giO2E6Mjp7czozOiJvbGQiO2E6MDp7fXM6MzoibmV3IjthOjA6e319fQ==',1754714856),('un40KGg1G2oXgQaLyk2Zda5DVb7ZrNmUXe17mTkQ',NULL,'112.112.182.209','Mozilla/5.0 (Windows NT 6.1) AppleWebKit/537.36 (KHTML, like Gecko) Chrome/49.0.2623.112 Safari/537.36','YTozOntzOjY6Il90b2tlbiI7czo0MDoiY1ZERml0UDNpOWRCckdtOUgzcXRqSjhiSHFpQ2JjdlRSVlBUc0syaiI7czo5OiJfcHJldmlvdXMiO2E6MTp7czozOiJ1cmwiO3M6Mjc6Imh0dHBzOi8vaGVyaXRhZ2Vncm91cC5jby5rZSI7fXM6NjoiX2ZsYXNoIjthOjI6e3M6Mzoib2xkIjthOjA6e31zOjM6Im5ldyI7YTowOnt9fX0=',1754715093),('URdl7coEJHjyiDHubkGFx4LqU5UqQ35MAGpyaRHv',NULL,'221.207.35.104','Mozilla/5.0 (Windows NT 6.1) AppleWebKit/537.36 (KHTML, like Gecko) Chrome/49.0.2623.112 Safari/537.36','YTozOntzOjY6Il90b2tlbiI7czo0MDoiTUFCdkcwSmtoQVZiMmtBMFVuY3hWYmExalZ1V0RKVDluY3JVcFlabSI7czo5OiJfcHJldmlvdXMiO2E6MTp7czozOiJ1cmwiO3M6MjY6Imh0dHA6Ly9oZXJpdGFnZWdyb3VwLmNvLmtlIjt9czo2OiJfZmxhc2giO2E6Mjp7czozOiJvbGQiO2E6MDp7fXM6MzoibmV3IjthOjA6e319fQ==',1754715094),('uRUDJ7LYOVr70y31mo95SQZ0VyXe0T3F1htUxrUM',NULL,'61.167.255.39','Mozilla/5.0 (Windows NT 6.1) AppleWebKit/537.36 (KHTML, like Gecko) Chrome/49.0.2623.112 Safari/537.36','YTozOntzOjY6Il90b2tlbiI7czo0MDoiSjFFTjdiNzRBaUk1S3FMb2t4d1BYekRXcThnWmV3YlI4em9hYWxnMCI7czo5OiJfcHJldmlvdXMiO2E6MTp7czozOiJ1cmwiO3M6MzA6Imh0dHA6Ly93d3cuaGVyaXRhZ2Vncm91cC5jby5rZSI7fXM6NjoiX2ZsYXNoIjthOjI6e3M6Mzoib2xkIjthOjA6e31zOjM6Im5ldyI7YTowOnt9fX0=',1754714969),('uUe2DK4KGxJvlHJH75tBRzbKvETQbCKGJ6u9hTud',NULL,'220.197.51.201','Mozilla/5.0 (Windows NT 6.1) AppleWebKit/537.36 (KHTML, like Gecko) Chrome/49.0.2623.112 Safari/537.36','YTozOntzOjY6Il90b2tlbiI7czo0MDoieDRVSnlnS3ZpZ3ZSMUR0MVFkYlBRVWxxaml2NmFkWkdYTjNrckxMRiI7czo5OiJfcHJldmlvdXMiO2E6MTp7czozOiJ1cmwiO3M6MjY6Imh0dHA6Ly9oZXJpdGFnZWdyb3VwLmNvLmtlIjt9czo2OiJfZmxhc2giO2E6Mjp7czozOiJvbGQiO2E6MDp7fXM6MzoibmV3IjthOjA6e319fQ==',1754715093),('Vc6V7bZbwoLoJRGCJAOcJiGo2nHCAzK30gzLSVxo',NULL,'182.119.229.117','Mozilla/5.0 (Windows NT 6.1) AppleWebKit/537.36 (KHTML, like Gecko) Chrome/49.0.2623.112 Safari/537.36','YTozOntzOjY6Il90b2tlbiI7czo0MDoiU1R4VG82TlJNb0VSQ05ZWHhyN0s2aUlLZUpveUZPUDF1ZmhtanI1OSI7czo5OiJfcHJldmlvdXMiO2E6MTp7czozOiJ1cmwiO3M6MjE6Imh0dHBzOi8vMTYxLjk3LjE3NC4yMCI7fXM6NjoiX2ZsYXNoIjthOjI6e3M6Mzoib2xkIjthOjA6e31zOjM6Im5ldyI7YTowOnt9fX0=',1754714488),('vTVjiG4flgB8xizYEgI6uBrkCgDKiTA077exIBFE',NULL,'223.167.169.118','Mozilla/5.0 (Windows NT 6.1) AppleWebKit/537.36 (KHTML, like Gecko) Chrome/49.0.2623.112 Safari/537.36','YTozOntzOjY6Il90b2tlbiI7czo0MDoiSjdaMW9VQkFRaG50NDF3dG9XYUFwcFJCa2xlMEFMeWJlQ1JsRmNWUCI7czo5OiJfcHJldmlvdXMiO2E6MTp7czozOiJ1cmwiO3M6Mjc6Imh0dHBzOi8vaGVyaXRhZ2Vncm91cC5jby5rZSI7fXM6NjoiX2ZsYXNoIjthOjI6e3M6Mzoib2xkIjthOjA6e31zOjM6Im5ldyI7YTowOnt9fX0=',1754715093),('W0yk5OUzzKV3lCVC5YUonLKX4h9jeY8V3R400QWB',NULL,'123.145.22.25','Mozilla/5.0 (Windows NT 6.1) AppleWebKit/537.36 (KHTML, like Gecko) Chrome/49.0.2623.112 Safari/537.36','YTozOntzOjY6Il90b2tlbiI7czo0MDoiZllQbkRyTmc5VkxjTnpLNHRESXkwVEV6b1N3aXJNSGF3dDRWdFFteCI7czo5OiJfcHJldmlvdXMiO2E6MTp7czozOiJ1cmwiO3M6Mjc6Imh0dHBzOi8vaGVyaXRhZ2Vncm91cC5jby5rZSI7fXM6NjoiX2ZsYXNoIjthOjI6e3M6Mzoib2xkIjthOjA6e31zOjM6Im5ldyI7YTowOnt9fX0=',1754715050),('w3gqj2VLMdkrchwBymjOlKeRIxploAYzj9NszrVI',NULL,'59.52.103.196','Mozilla/5.0 (Windows NT 6.1) AppleWebKit/537.36 (KHTML, like Gecko) Chrome/49.0.2623.112 Safari/537.36','YTozOntzOjY6Il90b2tlbiI7czo0MDoialBkaXVBN1FBSmFPMjZDMW9QbjFiT24zTkxpcUdaT1FVZFN4U2hhTSI7czo5OiJfcHJldmlvdXMiO2E6MTp7czozOiJ1cmwiO3M6Mjc6Imh0dHBzOi8vaGVyaXRhZ2Vncm91cC5jby5rZSI7fXM6NjoiX2ZsYXNoIjthOjI6e3M6Mzoib2xkIjthOjA6e31zOjM6Im5ldyI7YTowOnt9fX0=',1754715031),('WaILAjPTrqwsrLuGhL3eOmHmsUmtk2y14sUAtnQm',NULL,'43.248.108.68','Mozilla/5.0 (Windows NT 6.1) AppleWebKit/537.36 (KHTML, like Gecko) Chrome/49.0.2623.112 Safari/537.36','YTozOntzOjY6Il90b2tlbiI7czo0MDoibE9DVW0yU0RDU3ljd2xDZG5QOWNwd0JsbzFBVVExYjI0V2VCaUthRiI7czo5OiJfcHJldmlvdXMiO2E6MTp7czozOiJ1cmwiO3M6MjY6Imh0dHA6Ly9oZXJpdGFnZWdyb3VwLmNvLmtlIjt9czo2OiJfZmxhc2giO2E6Mjp7czozOiJvbGQiO2E6MDp7fXM6MzoibmV3IjthOjA6e319fQ==',1754714973),('WB28M3WgWDs5oVgGoU30j2Gly0RnBnc7G6AMbU72',NULL,'43.248.108.205','Mozilla/5.0 (Windows NT 6.1) AppleWebKit/537.36 (KHTML, like Gecko) Chrome/49.0.2623.112 Safari/537.36','YTozOntzOjY6Il90b2tlbiI7czo0MDoiVnNqVVFwU3NubzFOb1ZtbnBVcjBsNExwWU1zZDFSTmFGMjRSSjZmVCI7czo5OiJfcHJldmlvdXMiO2E6MTp7czozOiJ1cmwiO3M6MzA6Imh0dHA6Ly93d3cuaGVyaXRhZ2Vncm91cC5jby5rZSI7fXM6NjoiX2ZsYXNoIjthOjI6e3M6Mzoib2xkIjthOjA6e31zOjM6Im5ldyI7YTowOnt9fX0=',1754714797),('WC8XONBHj71ZajxfYTtZzV0usGeskwtbCcPC0Ss6',NULL,'123.138.77.62','Mozilla/5.0 (Windows NT 6.1) AppleWebKit/537.36 (KHTML, like Gecko) Chrome/49.0.2623.112 Safari/537.36','YTozOntzOjY6Il90b2tlbiI7czo0MDoiZTNGRlV2TEtpVDRDNzBSV255a1J5ZmRrU3BROXB4WFJRRlNvU0ZHSSI7czo5OiJfcHJldmlvdXMiO2E6MTp7czozOiJ1cmwiO3M6MjY6Imh0dHA6Ly9oZXJpdGFnZWdyb3VwLmNvLmtlIjt9czo2OiJfZmxhc2giO2E6Mjp7czozOiJvbGQiO2E6MDp7fXM6MzoibmV3IjthOjA6e319fQ==',1754714968),('wdrQDL41WwNOmEX9NNA4kMUUNIFlbBCROW9Kj7Ca',NULL,'36.106.167.106','Mozilla/5.0 (Windows NT 6.1) AppleWebKit/537.36 (KHTML, like Gecko) Chrome/49.0.2623.112 Safari/537.36','YTozOntzOjY6Il90b2tlbiI7czo0MDoiQm54TWJjZU1oQk9YSmJyMzNwV2ZDbVY1M2pzd2I2UlREbWUyTEg3byI7czo5OiJfcHJldmlvdXMiO2E6MTp7czozOiJ1cmwiO3M6MzA6Imh0dHA6Ly93d3cuaGVyaXRhZ2Vncm91cC5jby5rZSI7fXM6NjoiX2ZsYXNoIjthOjI6e3M6Mzoib2xkIjthOjA6e31zOjM6Im5ldyI7YTowOnt9fX0=',1754714986),('wGjuANy8k7nIoWU5zwpxyjV6kxeWT0vPqDhccGUV',NULL,'124.31.107.113','Mozilla/5.0 (Windows NT 6.1) AppleWebKit/537.36 (KHTML, like Gecko) Chrome/49.0.2623.112 Safari/537.36','YTozOntzOjY6Il90b2tlbiI7czo0MDoidDBsOWl1eXdoN0V5aldHc3huUFVsTnNQU203U2FXdkRJTmM4NnlYZSI7czo5OiJfcHJldmlvdXMiO2E6MTp7czozOiJ1cmwiO3M6MjE6Imh0dHBzOi8vMTYxLjk3LjE3NC4yMCI7fXM6NjoiX2ZsYXNoIjthOjI6e3M6Mzoib2xkIjthOjA6e31zOjM6Im5ldyI7YTowOnt9fX0=',1754714966),('WnUwrz2wKhgQKgEPKvrQFGRaIZJjLF4PCpAJe7lt',NULL,'59.52.102.33','Mozilla/5.0 (Windows NT 6.1) AppleWebKit/537.36 (KHTML, like Gecko) Chrome/49.0.2623.112 Safari/537.36','YTozOntzOjY6Il90b2tlbiI7czo0MDoiSUE0dkV3MG4xdlBaN2RuSHY4eUJHTjBUSkFRcWUxYVhGeVlsVjR5MyI7czo5OiJfcHJldmlvdXMiO2E6MTp7czozOiJ1cmwiO3M6MjY6Imh0dHA6Ly9oZXJpdGFnZWdyb3VwLmNvLmtlIjt9czo2OiJfZmxhc2giO2E6Mjp7czozOiJvbGQiO2E6MDp7fXM6MzoibmV3IjthOjA6e319fQ==',1754714968),('WOoTfe6Jdmn0PosNzYSagMleJ2aHA0pylXxJLYNG',NULL,'218.104.149.194','Mozilla/5.0 (Windows NT 6.1) AppleWebKit/537.36 (KHTML, like Gecko) Chrome/49.0.2623.112 Safari/537.36','YTozOntzOjY6Il90b2tlbiI7czo0MDoiR1VrWXU1SHpia2tDdUlBdVRISUk4ZWNHNXJJeEJadVZoYUtPcUQweiI7czo5OiJfcHJldmlvdXMiO2E6MTp7czozOiJ1cmwiO3M6MzA6Imh0dHA6Ly93d3cuaGVyaXRhZ2Vncm91cC5jby5rZSI7fXM6NjoiX2ZsYXNoIjthOjI6e3M6Mzoib2xkIjthOjA6e31zOjM6Im5ldyI7YTowOnt9fX0=',1754715105),('wRegN1O6wTLDBYj1MdQnp2i52bgNjE5v4GVHlKtE',NULL,'111.113.88.119','Mozilla/5.0 (Windows NT 6.1) AppleWebKit/537.36 (KHTML, like Gecko) Chrome/49.0.2623.112 Safari/537.36','YTozOntzOjY6Il90b2tlbiI7czo0MDoiUUlsS0lTVXpnN3c2UHpQRUw5T0ZUa2VGeTlkVENoUGdra2N4TGFhQyI7czo5OiJfcHJldmlvdXMiO2E6MTp7czozOiJ1cmwiO3M6Mjc6Imh0dHBzOi8vaGVyaXRhZ2Vncm91cC5jby5rZSI7fXM6NjoiX2ZsYXNoIjthOjI6e3M6Mzoib2xkIjthOjA6e31zOjM6Im5ldyI7YTowOnt9fX0=',1754715092),('wsfbxNkH1Eyr6IQPv1oOFzL7Vd9h31bwyxshaIN8',NULL,'66.249.83.37','Mozilla/5.0 (Linux; Android 10; K) AppleWebKit/537.36 (KHTML, like Gecko) Chrome/138.0.0.0 Mobile Safari/537.36 (compatible; Google-Read-Aloud; +https://support.google.com/webmasters/answer/1061943)','YTozOntzOjY6Il90b2tlbiI7czo0MDoidnRkM1diREtkUWxubDdUT3VTNjZFWUM3T1Q1enpweW1zcTJzbEp3QiI7czo5OiJfcHJldmlvdXMiO2E6MTp7czozOiJ1cmwiO3M6Mjc6Imh0dHBzOi8vaGVyaXRhZ2Vncm91cC5jby5rZSI7fXM6NjoiX2ZsYXNoIjthOjI6e3M6Mzoib2xkIjthOjA6e31zOjM6Im5ldyI7YTowOnt9fX0=',1754722802),('wVlVQPelKuZPnNCezk6Ho1NQLXECySg9mUHtk3Cp',15,'197.250.99.96','Mozilla/5.0 (Linux; U; Android 13; en-us; Infinix X6528 Build/TP1A.220624.014) AppleWebKit/537.36 (KHTML, like Gecko) Chrome/124.0.6367.123 Mobile Safari/537.36 PHX/19.0','[encoded data, 21552 characters]',1754713645),('X3l1VYrRHFcaVsMe1Ti6ZSI2cQKMgP8YkaiqnAMN',NULL,'66.249.83.36','Mozilla/5.0 (Linux; Android 10; K) AppleWebKit/537.36 (KHTML, like Gecko) Chrome/138.0.0.0 Mobile Safari/537.36 (compatible; Google-Read-Aloud; +https://support.google.com/webmasters/answer/1061943)','YTozOntzOjY6Il90b2tlbiI7czo0MDoiTXR6dzM5QXF6bEpUcEw2cVAzMU9HWUt2TzQyczZsTXFuNFMya2w5ZyI7czo5OiJfcHJldmlvdXMiO2E6MTp7czozOiJ1cmwiO3M6Mjc6Imh0dHBzOi8vaGVyaXRhZ2Vncm91cC5jby5rZSI7fXM6NjoiX2ZsYXNoIjthOjI6e3M6Mzoib2xkIjthOjA6e31zOjM6Im5ldyI7YTowOnt9fX0=',1754722802),('X940u8ptZ59ZScwIfCXDKynE2HSHw5MCEYMP29Ox',NULL,'36.32.3.190','Mozilla/5.0 (Windows NT 6.1) AppleWebKit/537.36 (KHTML, like Gecko) Chrome/49.0.2623.112 Safari/537.36','YTozOntzOjY6Il90b2tlbiI7czo0MDoiSTdmRklDdGZQUHR4Y0ZWYUo2Q2dTS1ZzeVhrTm11OFlPN3pRQzZYayI7czo5OiJfcHJldmlvdXMiO2E6MTp7czozOiJ1cmwiO3M6Mjc6Imh0dHBzOi8vaGVyaXRhZ2Vncm91cC5jby5rZSI7fXM6NjoiX2ZsYXNoIjthOjI6e3M6Mzoib2xkIjthOjA6e31zOjM6Im5ldyI7YTowOnt9fX0=',1754715102),('Xe56oCt7vMrjqFTDXu0Ua5cGa5Ye9XDUvkzmRzkU',NULL,'112.102.227.101','Mozilla/5.0 (Windows NT 6.1) AppleWebKit/537.36 (KHTML, like Gecko) Chrome/49.0.2623.112 Safari/537.36','YTozOntzOjY6Il90b2tlbiI7czo0MDoiYmplTWhSZGw5cmo2WXVtSlEyVUtncDFWR1ZzdGdMMzhncURrbmFPTyI7czo5OiJfcHJldmlvdXMiO2E6MTp7czozOiJ1cmwiO3M6MzA6Imh0dHA6Ly93d3cuaGVyaXRhZ2Vncm91cC5jby5rZSI7fXM6NjoiX2ZsYXNoIjthOjI6e3M6Mzoib2xkIjthOjA6e31zOjM6Im5ldyI7YTowOnt9fX0=',1754714812),('Xp1fn3L2m8mLFtDNh2ubbuk6b1Ru5OVpnSs1EbtL',NULL,'1.24.16.167','Mozilla/5.0 (Windows NT 6.1) AppleWebKit/537.36 (KHTML, like Gecko) Chrome/49.0.2623.112 Safari/537.36','YTozOntzOjY6Il90b2tlbiI7czo0MDoiMzRjQjZNVW5xT1o4bVpBZmUxRThLQnJhQ3AxZnZZREpXY0NJd1liaSI7czo5OiJfcHJldmlvdXMiO2E6MTp7czozOiJ1cmwiO3M6Mjc6Imh0dHBzOi8vaGVyaXRhZ2Vncm91cC5jby5rZSI7fXM6NjoiX2ZsYXNoIjthOjI6e3M6Mzoib2xkIjthOjA6e31zOjM6Im5ldyI7YTowOnt9fX0=',1754714965),('xSCHAsrSrsXKkDq0ONaA1HX0OucuLEcSsKb4RT8w',NULL,'116.172.201.163','Mozilla/5.0 (Windows NT 6.1) AppleWebKit/537.36 (KHTML, like Gecko) Chrome/49.0.2623.112 Safari/537.36','YTozOntzOjY6Il90b2tlbiI7czo0MDoiUlRxUUpuUVRUUnpncVk3WXU0dkJsWEN2eDNzdm1BbFUxYU9GajJYcyI7czo5OiJfcHJldmlvdXMiO2E6MTp7czozOiJ1cmwiO3M6MzA6Imh0dHA6Ly93d3cuaGVyaXRhZ2Vncm91cC5jby5rZSI7fXM6NjoiX2ZsYXNoIjthOjI6e3M6Mzoib2xkIjthOjA6e31zOjM6Im5ldyI7YTowOnt9fX0=',1754714851),('xV0GhOsWrXSKSyKujIsgVnDi7zHH6TM51taQG2Kd',NULL,'123.245.84.20','Mozilla/5.0 (Windows NT 6.1) AppleWebKit/537.36 (KHTML, like Gecko) Chrome/49.0.2623.112 Safari/537.36','YTozOntzOjY6Il90b2tlbiI7czo0MDoiNWdmT3o5YWNDcXFjMVh4R2lQT3dkN2NBU1U5bG1TRFB4YXhQWFZUQiI7czo5OiJfcHJldmlvdXMiO2E6MTp7czozOiJ1cmwiO3M6MzA6Imh0dHA6Ly93d3cuaGVyaXRhZ2Vncm91cC5jby5rZSI7fXM6NjoiX2ZsYXNoIjthOjI6e3M6Mzoib2xkIjthOjA6e31zOjM6Im5ldyI7YTowOnt9fX0=',1754715033),('XwGKpAhYWQe5ioigVQEl16zaRIOlbvMAnfNHRLnD',NULL,'117.40.114.201','Mozilla/5.0 (Windows NT 6.1) AppleWebKit/537.36 (KHTML, like Gecko) Chrome/49.0.2623.112 Safari/537.36','YTozOntzOjY6Il90b2tlbiI7czo0MDoiNTMzZ2tIdzgxZ1NoaXlOeWlhYUFWMGhIVzdIaDNYMDZzSThrREJIUiI7czo5OiJfcHJldmlvdXMiO2E6MTp7czozOiJ1cmwiO3M6MjY6Imh0dHA6Ly9oZXJpdGFnZWdyb3VwLmNvLmtlIjt9czo2OiJfZmxhc2giO2E6Mjp7czozOiJvbGQiO2E6MDp7fXM6MzoibmV3IjthOjA6e319fQ==',1754714734),('Y4z2AdrKEM1FTa3teFPUKRSzXUrKXytC9Hgkgmbv',NULL,'58.59.233.169','Mozilla/5.0 (Windows NT 6.1) AppleWebKit/537.36 (KHTML, like Gecko) Chrome/49.0.2623.112 Safari/537.36','YTozOntzOjY6Il90b2tlbiI7czo0MDoib3hPdTBJNzJIOEVNbEtkQmtYYXk0d09Sbmlvdkp6WkRsakJOZFdzOSI7czo5OiJfcHJldmlvdXMiO2E6MTp7czozOiJ1cmwiO3M6MjY6Imh0dHA6Ly9oZXJpdGFnZWdyb3VwLmNvLmtlIjt9czo2OiJfZmxhc2giO2E6Mjp7czozOiJvbGQiO2E6MDp7fXM6MzoibmV3IjthOjA6e319fQ==',1754715031),('y9sqCgpE9gbi8GoiVrZ84JfdRR5OWax7xv3tmsfO',NULL,'221.13.92.67','Mozilla/5.0 (Windows NT 6.1) AppleWebKit/537.36 (KHTML, like Gecko) Chrome/49.0.2623.112 Safari/537.36','YTozOntzOjY6Il90b2tlbiI7czo0MDoiMnZXOElnQ3pYVXozZTIxdlk5SkdLZmJnbkNHckJQbHF6NTZxT1V3NSI7czo5OiJfcHJldmlvdXMiO2E6MTp7czozOiJ1cmwiO3M6Mjc6Imh0dHBzOi8vaGVyaXRhZ2Vncm91cC5jby5rZSI7fXM6NjoiX2ZsYXNoIjthOjI6e3M6Mzoib2xkIjthOjA6e31zOjM6Im5ldyI7YTowOnt9fX0=',1754714745),('YLw04YoksBjUPPRYAXyTU9PucMtclF5bbyoIYLAI',NULL,'221.13.92.40','Mozilla/5.0 (Windows NT 6.1) AppleWebKit/537.36 (KHTML, like Gecko) Chrome/49.0.2623.112 Safari/537.36','YTozOntzOjY6Il90b2tlbiI7czo0MDoibUdKTWZPeWRDTXNOMUZQbDNna3NBWk5pM2gwVWZVUGxMNkk5MnlFMiI7czo5OiJfcHJldmlvdXMiO2E6MTp7czozOiJ1cmwiO3M6MzA6Imh0dHA6Ly93d3cuaGVyaXRhZ2Vncm91cC5jby5rZSI7fXM6NjoiX2ZsYXNoIjthOjI6e3M6Mzoib2xkIjthOjA6e31zOjM6Im5ldyI7YTowOnt9fX0=',1754715034),('yNMPyZpbrbZ11yIhDsRsVjnzVQqYm9nTGnqZNSdu',NULL,'122.96.28.125','Mozilla/5.0 (Windows NT 6.1) AppleWebKit/537.36 (KHTML, like Gecko) Chrome/49.0.2623.112 Safari/537.36','YTozOntzOjY6Il90b2tlbiI7czo0MDoiWEVYWmFZdkh6OW1HMDRqMzJTZmcyMXZyRFlHSDFrU09rbHY1eWtsOCI7czo5OiJfcHJldmlvdXMiO2E6MTp7czozOiJ1cmwiO3M6MzA6Imh0dHA6Ly93d3cuaGVyaXRhZ2Vncm91cC5jby5rZSI7fXM6NjoiX2ZsYXNoIjthOjI6e3M6Mzoib2xkIjthOjA6e31zOjM6Im5ldyI7YTowOnt9fX0=',1754715093),('YRafnhzMoMJZiN00RhiSNNrC1oSMROhEK60Xfu9M',NULL,'121.225.148.251','Mozilla/5.0 (Windows NT 6.1) AppleWebKit/537.36 (KHTML, like Gecko) Chrome/49.0.2623.112 Safari/537.36','YTozOntzOjY6Il90b2tlbiI7czo0MDoiZ3B3YVpsZ2k3Y29DSDB6cGs0MTFLQnhMTkZmbjRDN3JJRWNzN1NKdCI7czo5OiJfcHJldmlvdXMiO2E6MTp7czozOiJ1cmwiO3M6MjY6Imh0dHA6Ly9oZXJpdGFnZWdyb3VwLmNvLmtlIjt9czo2OiJfZmxhc2giO2E6Mjp7czozOiJvbGQiO2E6MDp7fXM6MzoibmV3IjthOjA6e319fQ==',1754715100),('YyegthdNBtvqZQRln1WMf4bmzNBhVwr8KnngoEUe',NULL,'145.239.161.191','Mozilla/5.0 (X11; Ubuntu; Linux x86_64; rv:115.0) Gecko/20100101 Chrome/115.0.0.0 Safari/537.36','YToyOntzOjY6Il90b2tlbiI7czo0MDoiN2puUDhLcWZSbDc4SU55cEFCZlE0YzJKMUFqcEJhZGRid3BYZnh6bCI7czo2OiJfZmxhc2giO2E6Mjp7czozOiJvbGQiO2E6MDp7fXM6MzoibmV3IjthOjA6e319fQ==',1754728072),('z5qaK1kMBCOs1HlLunHlFgo7DZKEtgEyOKtpS3J5',NULL,'41.222.88.126','Mozilla/5.0 (Windows NT 10.0; Win64; x64; rv:141.0) Gecko/20100101 Firefox/141.0','YTozOntzOjY6Il90b2tlbiI7czo0MDoiYmJDNTVFRVQzeUQ1emNSbE04Ym8xNncweEFJTlZtckdxSUVRdm1FbCI7czo5OiJfcHJldmlvdXMiO2E6MTp7czozOiJ1cmwiO3M6NzE6Imh0dHBzOi8vaGVyaXRhZ2Vncm91cC5jby5rZS9tYXJrLW5vdGlmaWNhdGlvbi1hcy1yZWFkLzk/Xz0xNzU0NzI2MDA3Mjk3Ijt9czo2OiJfZmxhc2giO2E6Mjp7czozOiJvbGQiO2E6MDp7fXM6MzoibmV3IjthOjA6e319fQ==',1754726010),('Z9pjNyiNwOpspbibspqm60pQiGlrXu90bgsLA3JY',NULL,'125.82.242.30','Mozilla/5.0 (Windows NT 6.1) AppleWebKit/537.36 (KHTML, like Gecko) Chrome/49.0.2623.112 Safari/537.36','YTozOntzOjY6Il90b2tlbiI7czo0MDoidVU4N3BUdHlWemlaQXlteVhwOEt0R09GVWtkMEJ6aUdIcDhkcEh4RCI7czo5OiJfcHJldmlvdXMiO2E6MTp7czozOiJ1cmwiO3M6Mjc6Imh0dHBzOi8vaGVyaXRhZ2Vncm91cC5jby5rZSI7fXM6NjoiX2ZsYXNoIjthOjI6e3M6Mzoib2xkIjthOjA6e31zOjM6Im5ldyI7YTowOnt9fX0=',1754714857),('ZCaVdMdb3WJGyzAYcLWF5gkQgJjask2RlgOcM49I',NULL,'182.138.158.208','Mozilla/5.0 (Windows NT 6.1) AppleWebKit/537.36 (KHTML, like Gecko) Chrome/49.0.2623.112 Safari/537.36','YTozOntzOjY6Il90b2tlbiI7czo0MDoiMHBhclRRcVZENDhrbER2OGhpQllPcWE0cERtQUhwUkQ0SE9HcFVTNSI7czo5OiJfcHJldmlvdXMiO2E6MTp7czozOiJ1cmwiO3M6Mjc6Imh0dHBzOi8vaGVyaXRhZ2Vncm91cC5jby5rZSI7fXM6NjoiX2ZsYXNoIjthOjI6e3M6Mzoib2xkIjthOjA6e31zOjM6Im5ldyI7YTowOnt9fX0=',1754715045),('zDfj702f6K4m6qUTTUhLXg0DvGaV7Sck0oMW3dzP',NULL,'111.26.163.42','Mozilla/5.0 (Windows NT 6.1) AppleWebKit/537.36 (KHTML, like Gecko) Chrome/49.0.2623.112 Safari/537.36','YTozOntzOjY6Il90b2tlbiI7czo0MDoiZkNkNnYwRlExZ1NrdXQwd0VBb0piVU9jSmtxWGxjU3YxUDRRdzJ3ZiI7czo5OiJfcHJldmlvdXMiO2E6MTp7czozOiJ1cmwiO3M6MzA6Imh0dHA6Ly93d3cuaGVyaXRhZ2Vncm91cC5jby5rZSI7fXM6NjoiX2ZsYXNoIjthOjI6e3M6Mzoib2xkIjthOjA6e31zOjM6Im5ldyI7YTowOnt9fX0=',1754714967),('ZNAX5OYZ3BZZbdUNe0iow9w2cJW5e3Q0nNn1w4M6',NULL,'117.14.149.119','Mozilla/5.0 (Windows NT 6.1) AppleWebKit/537.36 (KHTML, like Gecko) Chrome/49.0.2623.112 Safari/537.36','YTozOntzOjY6Il90b2tlbiI7czo0MDoiY3ViMXl0Ym9JMlcweWl0ZVFlZ1BVTkR1a2NodGlVSzQwanRDUnp2QiI7czo5OiJfcHJldmlvdXMiO2E6MTp7czozOiJ1cmwiO3M6MjY6Imh0dHA6Ly9oZXJpdGFnZWdyb3VwLmNvLmtlIjt9czo2OiJfZmxhc2giO2E6Mjp7czozOiJvbGQiO2E6MDp7fXM6MzoibmV3IjthOjA6e319fQ==',1754714967),('zRpyrWtlsmGBgrPTiLwOes0xg9QsmrbtKOt0j5e1',NULL,'112.112.182.181','Mozilla/5.0 (Windows NT 6.1) AppleWebKit/537.36 (KHTML, like Gecko) Chrome/49.0.2623.112 Safari/537.36','YTozOntzOjY6Il90b2tlbiI7czo0MDoiR2U5dDJ0TlY4TG9NRE1BSEdDMUNHNHpCRGF4eEdJSnhETWt6N0pnQiI7czo5OiJfcHJldmlvdXMiO2E6MTp7czozOiJ1cmwiO3M6Mjc6Imh0dHBzOi8vaGVyaXRhZ2Vncm91cC5jby5rZSI7fXM6NjoiX2ZsYXNoIjthOjI6e3M6Mzoib2xkIjthOjA6e31zOjM6Im5ldyI7YTowOnt9fX0=',1754714610);

--
-- Table structure for table `sms_provider_requirements`
--

CREATE TABLE `sms_provider_requirements` (
  `id` bigint unsigned NOT NULL AUTO_INCREMENT,
  `sms_provider_id` bigint unsigned NOT NULL,
  `sms_requirement_id` bigint unsigned NOT NULL,
  `created_at` timestamp NULL DEFAULT NULL,
  `updated_at` timestamp NULL DEFAULT NULL,
  `deleted_at` timestamp NULL DEFAULT NULL,
  PRIMARY KEY (`id`),
  KEY `sms_provider_requirements_sms_provider_id_foreign` (`sms_provider_id`),
  KEY `sms_provider_requirements_sms_requirement_id_foreign` (`sms_requirement_id`),
  CONSTRAINT `sms_provider_requirements_sms_provider_id_foreign` FOREIGN KEY (`sms_provider_id`) REFERENCES `sms_providers` (`id`) ON DELETE CASCADE,
  CONSTRAINT `sms_provider_requirements_sms_requirement_id_foreign` FOREIGN KEY (`sms_requirement_id`) REFERENCES `sms_requirements` (`id`) ON DELETE CASCADE
) ENGINE=InnoDB AUTO_INCREMENT=9 DEFAULT CHARSET=utf8mb4 COLLATE=utf8mb4_unicode_ci;

--
-- Dumping data for table `sms_provider_requirements`
--

INSERT INTO `sms_provider_requirements` VALUES (1,1,1,'2025-08-03 19:10:04','2025-08-03 19:10:04',NULL),(2,1,3,'2025-08-03 19:10:04','2025-08-03 19:10:04',NULL),(3,1,4,'2025-08-03 19:10:04','2025-08-03 19:10:04',NULL),(4,2,1,'2025-08-03 19:10:04','2025-08-03 19:10:04',NULL),(5,2,5,'2025-08-03 19:10:04','2025-08-03 19:10:04',NULL),(6,2,2,'2025-08-03 19:10:04','2025-08-03 19:10:04',NULL),(7,4,1,'2025-08-03 19:10:04','2025-08-03 19:10:04',NULL),(8,4,2,'2025-08-03 19:10:04','2025-08-03 19:10:04',NULL);

--
-- Table structure for table `sms_providers`
--

CREATE TABLE `sms_providers` (
  `id` bigint unsigned NOT NULL AUTO_INCREMENT,
  `ref_no` varchar(191) COLLATE utf8mb4_unicode_ci NOT NULL,
  `name` varchar(191) COLLATE utf8mb4_unicode_ci NOT NULL,
  `status` int NOT NULL DEFAULT '1' COMMENT '0=inactive, 1=active',
  `created_at` timestamp NULL DEFAULT NULL,
  `updated_at` timestamp NULL DEFAULT NULL,
  `deleted_at` timestamp NULL DEFAULT NULL,
  PRIMARY KEY (`id`)
) ENGINE=InnoDB AUTO_INCREMENT=5 DEFAULT CHARSET=utf8mb4 COLLATE=utf8mb4_unicode_ci;

--
-- Dumping data for table `sms_providers`
--

INSERT INTO `sms_providers` VALUES (1,'1','Hostpinnacle',1,'2025-08-03 19:10:04','2025-08-03 19:10:04',NULL),(2,'2','Ujumbe SMS',1,'2025-08-03 19:10:04','2025-08-03 19:10:04',NULL),(3,'3','Africas Talking',1,'2025-08-03 19:10:04','2025-08-03 19:10:04',NULL),(4,'4','Talk Sasa',1,'2025-08-03 19:10:04','2025-08-03 19:10:04',NULL);

--
-- Table structure for table `sms_requirements`
--

CREATE TABLE `sms_requirements` (
  `id` bigint unsigned NOT NULL AUTO_INCREMENT,
  `name` varchar(191) COLLATE utf8mb4_unicode_ci NOT NULL,
  `input_field_name` varchar(191) COLLATE utf8mb4_unicode_ci NOT NULL,
  `created_at` timestamp NULL DEFAULT NULL,
  `updated_at` timestamp NULL DEFAULT NULL,
  `deleted_at` timestamp NULL DEFAULT NULL,
  PRIMARY KEY (`id`)
) ENGINE=InnoDB AUTO_INCREMENT=6 DEFAULT CHARSET=utf8mb4 COLLATE=utf8mb4_unicode_ci;

--
-- Dumping data for table `sms_requirements`
--

INSERT INTO `sms_requirements` VALUES (1,'Sender ID','sender_id','2025-08-03 19:10:04','2025-08-03 19:10:04',NULL),(2,'API Key','api_key','2025-08-03 19:10:04','2025-08-03 19:10:04',NULL),(3,'Sms User ID','sms_user_id','2025-08-03 19:10:04','2025-08-03 19:10:04',NULL),(4,'Password','password','2025-08-03 19:10:04','2025-08-03 19:10:04',NULL),(5,'Email','email','2025-08-03 19:10:04','2025-08-03 19:10:04',NULL);

--
-- Table structure for table `sms_template_types`
--

CREATE TABLE `sms_template_types` (
  `id` bigint unsigned NOT NULL AUTO_INCREMENT,
  `name` varchar(191) COLLATE utf8mb4_unicode_ci NOT NULL,
  `created_at` timestamp NULL DEFAULT NULL,
  `updated_at` timestamp NULL DEFAULT NULL,
  `deleted_at` timestamp NULL DEFAULT NULL,
  PRIMARY KEY (`id`)
) ENGINE=InnoDB AUTO_INCREMENT=13 DEFAULT CHARSET=utf8mb4 COLLATE=utf8mb4_unicode_ci;

--
-- Dumping data for table `sms_template_types`
--

INSERT INTO `sms_template_types` VALUES (1,'Upcoming plan/package expiry','2025-08-03 19:10:08','2025-08-03 19:10:08',NULL),(2,'Invoice notification','2025-08-03 19:10:08','2025-08-03 19:10:08',NULL),(3,'Payment confirmation','2025-08-03 19:10:08','2025-08-03 19:10:08',NULL),(4,'Payment reminder','2025-08-03 19:10:08','2025-08-03 19:10:08',NULL),(5,'Overdue payment warning','2025-08-03 19:10:08','2025-08-03 19:10:08',NULL),(6,'Service disconnection notice','2025-08-03 19:10:08','2025-08-03 19:10:08',NULL),(7,'Service restoration notification','2025-08-03 19:10:08','2025-08-03 19:10:08',NULL),(8,'New subscription confirmation','2025-08-03 19:10:08','2025-08-03 19:10:08',NULL),(9,'Plan upgrade or downgrade confirmation','2025-08-03 19:10:08','2025-08-03 19:10:08',NULL),(10,'Service maintenance notification','2025-08-03 19:10:08','2025-08-03 19:10:08',NULL),(11,'Service outage alert','2025-08-03 19:10:08','2025-08-03 19:10:08',NULL),(12,'Hotspot Plan Purchase','2025-08-03 19:10:08','2025-08-03 19:10:08',NULL);

--
-- Table structure for table `temporary_grouped_transactions`
--

CREATE TABLE `temporary_grouped_transactions` (
  `id` bigint unsigned NOT NULL AUTO_INCREMENT,
  `originator_conversation_id` varchar(191) COLLATE utf8mb4_unicode_ci NOT NULL,
  `grouped_transaction_id` int NOT NULL,
  `created_at` timestamp NULL DEFAULT NULL,
  `updated_at` timestamp NULL DEFAULT NULL,
  PRIMARY KEY (`id`)
) ENGINE=InnoDB DEFAULT CHARSET=utf8mb4 COLLATE=utf8mb4_unicode_ci;

--
-- Dumping data for table `temporary_grouped_transactions`
--


--
-- Table structure for table `temporary_transaction_checks`
--

CREATE TABLE `temporary_transaction_checks` (
  `id` bigint unsigned NOT NULL AUTO_INCREMENT,
  `company_service_plan_id` int DEFAULT NULL,
  `company_id` int DEFAULT NULL,
  `company_router_id` int DEFAULT NULL,
  `company_router_invoice_id` int DEFAULT NULL,
  `company_customer_id` int DEFAULT NULL,
  `mac_address` varchar(191) COLLATE utf8mb4_unicode_ci DEFAULT NULL,
  `checkout_id` varchar(191) COLLATE utf8mb4_unicode_ci NOT NULL,
  `amount` decimal(8,2) NOT NULL DEFAULT '0.00',
  `created_at` timestamp NULL DEFAULT NULL,
  `updated_at` timestamp NULL DEFAULT NULL,
  PRIMARY KEY (`id`)
) ENGINE=InnoDB AUTO_INCREMENT=12 DEFAULT CHARSET=utf8mb4 COLLATE=utf8mb4_unicode_ci;

--
-- Dumping data for table `temporary_transaction_checks`
--

INSERT INTO `temporary_transaction_checks` VALUES (1,6,NULL,NULL,NULL,NULL,'F6:2F:D5:3F:00:CE','046507',210.00,'2025-08-06 04:40:29','2025-08-06 04:40:29'),(2,6,NULL,NULL,NULL,NULL,'E8:B1:FC:9B:E3:7B','998553',210.00,'2025-08-06 18:32:33','2025-08-06 18:32:33'),(3,6,NULL,NULL,NULL,NULL,'16:54:CC:BC:13:7C','070146',210.00,'2025-08-06 19:59:25','2025-08-06 19:59:25'),(5,8,NULL,NULL,NULL,NULL,'C2:BC:EF:F6:65:29','918352',500.00,'2025-08-07 14:29:21','2025-08-07 14:29:21'),(6,9,NULL,NULL,NULL,NULL,'D4:67:D3:E3:17:BD','608888',1000.00,'2025-08-07 17:08:13','2025-08-07 17:08:13'),(7,9,NULL,NULL,NULL,NULL,'D4:67:D3:E3:17:BD','163593',1000.00,'2025-08-07 18:00:59','2025-08-07 18:00:59'),(9,8,NULL,NULL,NULL,NULL,'5E:32:CC:C1:11:35','995680',500.00,'2025-08-08 08:09:49','2025-08-08 08:09:49'),(11,9,NULL,NULL,NULL,NULL,'86:65:3C:6B:E1:84','586454',1000.00,'2025-08-08 21:53:41','2025-08-08 21:53:41');

--
-- Table structure for table `tickets`
--

CREATE TABLE `tickets` (
  `id` bigint unsigned NOT NULL AUTO_INCREMENT,
  `ref_no` varchar(191) COLLATE utf8mb4_unicode_ci NOT NULL,
  `company_id` bigint unsigned NOT NULL,
  `company_router_id` bigint unsigned NOT NULL,
  `user_id` bigint unsigned NOT NULL,
  `issue_title` varchar(191) COLLATE utf8mb4_unicode_ci NOT NULL,
  `description` text COLLATE utf8mb4_unicode_ci NOT NULL,
  `reminder` datetime NOT NULL,
  `stage` enum('Open','In Progress','Resolved','Closed') COLLATE utf8mb4_unicode_ci NOT NULL DEFAULT 'Open',
  `status` int NOT NULL DEFAULT '1' COMMENT '0=Inactive, 1=Active',
  `created_at` timestamp NULL DEFAULT NULL,
  `updated_at` timestamp NULL DEFAULT NULL,
  `deleted_at` timestamp NULL DEFAULT NULL,
  PRIMARY KEY (`id`),
  KEY `tickets_company_id_foreign` (`company_id`),
  KEY `tickets_company_router_id_foreign` (`company_router_id`),
  KEY `tickets_user_id_foreign` (`user_id`),
  CONSTRAINT `tickets_company_id_foreign` FOREIGN KEY (`company_id`) REFERENCES `companies` (`id`) ON DELETE CASCADE,
  CONSTRAINT `tickets_company_router_id_foreign` FOREIGN KEY (`company_router_id`) REFERENCES `company_routers` (`id`) ON DELETE CASCADE,
  CONSTRAINT `tickets_user_id_foreign` FOREIGN KEY (`user_id`) REFERENCES `users` (`id`) ON DELETE CASCADE
) ENGINE=InnoDB DEFAULT CHARSET=utf8mb4 COLLATE=utf8mb4_unicode_ci;

--
-- Dumping data for table `tickets`
--


--
-- Table structure for table `transaction_frequencies`
--

CREATE TABLE `transaction_frequencies` (
  `id` bigint unsigned NOT NULL AUTO_INCREMENT,
  `name` varchar(191) COLLATE utf8mb4_unicode_ci NOT NULL,
  `number_of_days` int NOT NULL,
  `created_at` timestamp NULL DEFAULT NULL,
  `updated_at` timestamp NULL DEFAULT NULL,
  `deleted_at` timestamp NULL DEFAULT NULL,
  PRIMARY KEY (`id`)
) ENGINE=InnoDB AUTO_INCREMENT=6 DEFAULT CHARSET=utf8mb4 COLLATE=utf8mb4_unicode_ci;

--
-- Dumping data for table `transaction_frequencies`
--

INSERT INTO `transaction_frequencies` VALUES (1,'Instantly',0,'2025-08-03 19:10:02','2025-08-03 19:10:02',NULL),(2,'Daily',1,'2025-08-03 19:10:02','2025-08-03 19:10:02',NULL),(3,'Three Days',3,'2025-08-03 19:10:02','2025-08-03 19:10:02',NULL),(4,'Weekly',7,'2025-08-03 19:10:02','2025-08-03 19:10:02',NULL),(5,'Monthly',30,'2025-08-03 19:10:02','2025-08-03 19:10:02',NULL);

--
-- Table structure for table `user_verification_codes`
--

CREATE TABLE `user_verification_codes` (
  `id` bigint unsigned NOT NULL AUTO_INCREMENT,
  `user_id` bigint unsigned DEFAULT NULL,
  `phone_code` varchar(191) COLLATE utf8mb4_unicode_ci NOT NULL,
  `email_code` varchar(191) COLLATE utf8mb4_unicode_ci NOT NULL,
  `created_at` timestamp NULL DEFAULT NULL,
  `updated_at` timestamp NULL DEFAULT NULL,
  `deleted_at` timestamp NULL DEFAULT NULL,
  PRIMARY KEY (`id`),
  KEY `user_verification_codes_user_id_foreign` (`user_id`),
  CONSTRAINT `user_verification_codes_user_id_foreign` FOREIGN KEY (`user_id`) REFERENCES `users` (`id`) ON DELETE CASCADE
) ENGINE=InnoDB DEFAULT CHARSET=utf8mb4 COLLATE=utf8mb4_unicode_ci;

--
-- Dumping data for table `user_verification_codes`
--


--
-- Table structure for table `users`
--

CREATE TABLE `users` (
  `id` bigint unsigned NOT NULL AUTO_INCREMENT,
  `ref_no` varchar(191) COLLATE utf8mb4_unicode_ci NOT NULL,
  `username` varchar(191) COLLATE utf8mb4_unicode_ci NOT NULL,
  `phone` varchar(191) COLLATE utf8mb4_unicode_ci NOT NULL,
  `referrer_phone` varchar(191) COLLATE utf8mb4_unicode_ci DEFAULT NULL,
  `email` varchar(191) COLLATE utf8mb4_unicode_ci DEFAULT NULL,
  `email_verified_at` timestamp NULL DEFAULT NULL,
  `phone_verified_at` timestamp NULL DEFAULT NULL,
  `password` varchar(191) COLLATE utf8mb4_unicode_ci NOT NULL,
  `status` int NOT NULL DEFAULT '1' COMMENT '0=inactive, 1=active',
  `remember_token` varchar(100) COLLATE utf8mb4_unicode_ci DEFAULT NULL,
  `created_at` timestamp NULL DEFAULT NULL,
  `updated_at` timestamp NULL DEFAULT NULL,
  `deleted_at` timestamp NULL DEFAULT NULL,
  PRIMARY KEY (`id`),
  UNIQUE KEY `users_phone_unique` (`phone`),
  UNIQUE KEY `users_email_unique` (`email`)
) ENGINE=InnoDB AUTO_INCREMENT=16 DEFAULT CHARSET=utf8mb4 COLLATE=utf8mb4_unicode_ci;

--
-- Dumping data for table `users`
--

INSERT INTO `users` VALUES (1,'HF4Y6D','Super Admin','0712345678',NULL,'superadmin@gmail.com','2025-07-30 21:26:20','2025-07-30 21:26:20','$2y$12$UNhiNckPZj8Hsonv26GLGuMQtJHDmDnlmTzVR6cjdsLxa3fLcC3gO',1,NULL,'2025-07-30 21:26:20','2025-08-03 20:44:28',NULL),(14,'H0ERF2','Ben','0745678',NULL,NULL,'2025-08-05 15:16:00','2025-08-05 15:16:00','$2y$12$mgPvt.LZISWEj4nKuYXv6urRN3LvIt1dML13T/snulGiRoOuGWkUq',1,NULL,'2025-08-05 15:16:00','2025-08-05 15:16:00',NULL),(15,'9E8FYP','Erick','0716583413',NULL,'sirnjovu86@gmail.com','2025-08-05 16:56:56','2025-08-05 16:56:56','$2y$12$t28h8a0Wo1XrJk0XZHrmS.zJKIvU002din28wiRKlPKVeRdv.Z10e',1,NULL,'2025-08-05 16:56:56','2025-08-07 19:30:52',NULL);


